000
CDUS45 KGJT 302324
CLIVEL


CLIMATE REPORT
NATIONAL WEATHER SERVICE GRAND JUNCTION CO
523 PM MDT THU MAR 30 2017


...................................

...THE VERNAL UT CLIMATE SUMMARY FOR MARCH 30 2017...
VALID TODAY AS OF 0500 PM LOCAL TIME.

CLIMATE NORMAL PERIOD 1981 TO 2010
CLIMATE RECORD PERIOD 9999 TO 9999


WEATHER ITEM   OBSERVED TIME   RECORD YEAR NORMAL DEPARTURE LAST
                VALUE   (LST)  VALUE       VALUE  FROM      YEAR
                                                  NORMAL
..................................................................
TEMPERATURE (F)
 TODAY
  MAXIMUM         61    155 PM  MM      MM  54      7       42
  MINIMUM         39   1206 AM  MM      MM  30      9       28
  AVERAGE         50                        42      8       35

PRECIPITATION (IN)
  TODAY            0.00         MM      MM   0.03  -0.03      T
  MONTH TO DATE    0.74                      0.66   0.08     1.59
  SINCE MAR 1      0.74                      0.66   0.08     1.59
  SINCE JAN 1      3.90                      1.68   2.22     2.15

SNOWFALL (IN)
  TODAY           MM            MM      MM   0.1   MM       MM
  MONTH TO DATE   MM                         1.4   MM       MM
  SINCE MAR 1     MM                         1.4   MM       MM
  SINCE JUL 1     MM                        17.3   MM       MM
  SNOW DEPTH      MM

DEGREE DAYS
 HEATING
  TODAY           15                        23     -8       30
  MONTH TO DATE  595                       818   -223      716
  SINCE MAR 1    595                       818   -223      716
  SINCE JUL 1   5652                      6309   -657     6066

 COOLING
  TODAY            0                         0      0        0
  MONTH TO DATE    0                         0      0        0
  SINCE MAR 1      0                         0      0        0
  SINCE JAN 1      0                         0      0        0
..................................................................


WIND (MPH)
  HIGHEST WIND SPEED    16   HIGHEST WIND DIRECTION     S (190)
  HIGHEST GUST SPEED    23   HIGHEST GUST DIRECTION     S (190)
  AVERAGE WIND SPEED     2.6


SKY COVER
  POSSIBLE SUNSHINE  MM
  AVERAGE SKY COVER 0.5


WEATHER CONDITIONS
 THE FOLLOWING WEATHER WAS RECORDED TODAY.
  NO SIGNIFICANT WEATHER WAS OBSERVED.


RELATIVE HUMIDITY (PERCENT)
 HIGHEST    73           400 AM
 LOWEST     32           200 PM
 AVERAGE    53

..........................................................


THE VERNAL UT CLIMATE NORMALS FOR TOMORROW
                         NORMAL    RECORD    YEAR
 MAXIMUM TEMPERATURE (F)   55        MM        MM
 MINIMUM TEMPERATURE (F)   30        MM        MM


SUNRISE AND SUNSET
MARCH 30 2017.........SUNRISE   705 AM MDT   SUNSET   741 PM MDT
MARCH 31 2017.........SUNRISE   703 AM MDT   SUNSET   742 PM MDT


-  INDICATES NEGATIVE NUMBERS.
R  INDICATES RECORD WAS SET OR TIED.
MM INDICATES DATA IS MISSING.
T  INDICATES TRACE AMOUNT.




$$
