000
CDUS43 KSGF 050627
CLIVIH


CLIMATE REPORT
NATIONAL WEATHER SERVICE SPRINGFIELD MO
1227 AM CST THU MAR 5 2015


...................................

...THE VICHY-ROLLA MO CLIMATE SUMMARY FOR MARCH 4 2015...

CLIMATE NORMAL PERIOD 1981 TO 2010
CLIMATE RECORD PERIOD 1888 TO 2015


WEATHER ITEM   OBSERVED TIME   RECORD YEAR NORMAL DEPARTURE LAST
                VALUE   (LST)  VALUE       VALUE  FROM      YEAR
                                                  NORMAL
..................................................................
TEMPERATURE (F)
 YESTERDAY
  MAXIMUM         35   1221 AM  77    1961  52    -17       43
  MINIMUM         17   1046 AM  -3    1978  31    -14       12
  AVERAGE         26                        41    -15       28

PRECIPITATION (IN)
  YESTERDAY        0.09          2.65 1963   0.09   0.00     0.00
  MONTH TO DATE    0.16                      0.33  -0.17      T
  SINCE MAR 1      0.16                      0.33  -0.17      T
  SINCE JAN 1      2.44                      4.43  -1.99     1.46

DEGREE DAYS
 HEATING
  YESTERDAY       39                        24     15       37
  MONTH TO DATE  152                        98     54      172
  SINCE MAR 1    152                        98     54      172
  SINCE JUL 1   4269                      3888    381     4478

 COOLING
  YESTERDAY        0                         0      0        0
  MONTH TO DATE    0                         0      0        0
  SINCE MAR 1      0                         0      0        0
  SINCE JAN 1      0                         0      0        0
..................................................................


WIND (MPH)
  HIGHEST WIND SPEED    22   HIGHEST WIND DIRECTION     N (360)
  HIGHEST GUST SPEED    27   HIGHEST GUST DIRECTION     N (10)
  AVERAGE WIND SPEED    11.7


SKY COVER
  AVERAGE SKY COVER 0.9


WEATHER CONDITIONS
 THE FOLLOWING WEATHER WAS RECORDED YESTERDAY.
  LIGHT RAIN
  SNOW
  LIGHT SNOW
  FOG


RELATIVE HUMIDITY (PERCENT)
 HIGHEST    92          1200 AM
 LOWEST     45           600 PM
 AVERAGE    69

..........................................................


THE VICHY-ROLLA MO CLIMATE NORMALS FOR TODAY
                         NORMAL    RECORD    YEAR
 MAXIMUM TEMPERATURE (F)   52        83      1956
 MINIMUM TEMPERATURE (F)   31        -7      1960


SUNRISE AND SUNSET
MARCH  5 2015.........SUNRISE   633 AM CST   SUNSET   604 PM CST
MARCH  6 2015.........SUNRISE   632 AM CST   SUNSET   605 PM CST


-  INDICATES NEGATIVE NUMBERS.
R  INDICATES RECORD WAS SET OR TIED.
MM INDICATES DATA IS MISSING.
T  INDICATES TRACE AMOUNT.




$$
