000
CDUS43 KSGF 280630
CLIVIH


CLIMATE REPORT
NATIONAL WEATHER SERVICE SPRINGFIELD MO
1229 AM CST SUN DEC 28 2014


...................................

...THE VICHY-ROLLA MO CLIMATE SUMMARY FOR DECEMBER 27 2014...

CLIMATE NORMAL PERIOD 1981 TO 2010
CLIMATE RECORD PERIOD 1888 TO 2014


WEATHER ITEM   OBSERVED TIME   RECORD YEAR NORMAL DEPARTURE LAST
                VALUE   (LST)  VALUE       VALUE  FROM      YEAR
                                                  NORMAL
..................................................................
TEMPERATURE (F)
 YESTERDAY
  MAXIMUM         49    631 AM  69    2008  41      8       54
  MINIMUM         29   1159 PM   0    1902  22      7       28
  AVERAGE         39                        31      8       41

PRECIPITATION (IN)
  YESTERDAY        0.10          2.45 1968   0.07   0.03     0.00
  MONTH TO DATE    2.37                      2.34   0.03     1.87
  SINCE DEC 1      2.37                      2.34   0.03     1.87
  SINCE JAN 1     29.65                     43.31 -13.66    41.62

DEGREE DAYS
 HEATING
  YESTERDAY       26                        34     -8       24
  MONTH TO DATE  716                       834   -118      903
  SINCE DEC 1    716                       834   -118      903
  SINCE JUL 1   1858                      1781     77     1953

 COOLING
  YESTERDAY        0                         0      0        0
  MONTH TO DATE    0                         0      0        0
  SINCE DEC 1      0                         0      0        0
  SINCE JAN 1   1186                      1246    -60     1125
..................................................................


WIND (MPH)
  HIGHEST WIND SPEED    20   HIGHEST WIND DIRECTION    NW (300)
  HIGHEST GUST SPEED    26   HIGHEST GUST DIRECTION    NW (320)
  AVERAGE WIND SPEED    10.0


SKY COVER
  AVERAGE SKY COVER 1.0


WEATHER CONDITIONS
 THE FOLLOWING WEATHER WAS RECORDED YESTERDAY.
  LIGHT RAIN
  FOG


RELATIVE HUMIDITY (PERCENT)
 HIGHEST    96           200 PM
 LOWEST     78          1000 PM
 AVERAGE    87

..........................................................


THE VICHY-ROLLA MO CLIMATE NORMALS FOR TODAY
                         NORMAL    RECORD    YEAR
 MAXIMUM TEMPERATURE (F)   41        60      1898
 MINIMUM TEMPERATURE (F)   22        -1      1904


SUNRISE AND SUNSET
DECEMBER 28 2014......SUNRISE   723 AM CST   SUNSET   455 PM CST
DECEMBER 29 2014......SUNRISE   723 AM CST   SUNSET   456 PM CST


-  INDICATES NEGATIVE NUMBERS.
R  INDICATES RECORD WAS SET OR TIED.
MM INDICATES DATA IS MISSING.
T  INDICATES TRACE AMOUNT.




$$
