000
CDUS42 KTAE 300632
CLIVLD


CLIMATE REPORT
NATIONAL WEATHER SERVICE TALLAHASSEE FL
231 AM EDT MON MAY 30 2016


...................................

...THE VALDOSTA CLIMATE SUMMARY FOR MAY 29 2016...

CLIMATE NORMAL PERIOD 1981 TO 2010
CLIMATE RECORD PERIOD 1948 TO 2016


WEATHER ITEM   OBSERVED TIME   NORMAL DEPARTURE LAST
                VALUE   (LST)  VALUE  FROM      YEAR
                                      NORMAL
......................................................
TEMPERATURE (F)
 YESTERDAY
  MAXIMUM         90    449 PM  88      2       89
  MINIMUM         64    548 AM  65     -1       61
  AVERAGE         77            77      0       75

PRECIPITATION (IN)
  YESTERDAY        T             0.15  -0.15     0.00
  MONTH TO DATE    3.45          2.20   1.25     2.01
  SINCE MAR 1     15.44          9.94   5.50     9.35
  SINCE JAN 1     24.30         18.67   5.63    18.51

DEGREE DAYS
 COOLING
  YESTERDAY       12            12      0       10
  MONTH TO DATE  255           254      1      318
  SINCE MAR 1    468           379     89      615
  SINCE JAN 1    478           389     89      619
......................................................


WIND (MPH)
  HIGHEST WIND SPEED    15   HIGHEST WIND DIRECTION     N (10)
  HIGHEST GUST SPEED    18   HIGHEST GUST DIRECTION     N (20)
  AVERAGE WIND SPEED     2.8




RELATIVE HUMIDITY (PERCENT)
 HIGHEST   100
 LOWEST     34
 AVERAGE    67

..........................................................




SUNRISE AND SUNSET
MAY 30 2016...........SUNRISE   631 AM EDT   SUNSET   831 PM EDT
MAY 31 2016...........SUNRISE   631 AM EDT   SUNSET   831 PM EDT


-  INDICATES NEGATIVE NUMBERS.
R  INDICATES RECORD WAS SET OR TIED.
MM INDICATES DATA IS MISSING.
T  INDICATES TRACE AMOUNT.




$$
