000
CDUS42 KTAE 190702
CLIVLD


CLIMATE REPORT
NATIONAL WEATHER SERVICE TALLAHASSEE FL
154 AM EST FRI DEC 19 2014


...................................

...THE VALDOSTA CLIMATE SUMMARY FOR DECEMBER 18 2014...

CLIMATE NORMAL PERIOD 1981 TO 2010
CLIMATE RECORD PERIOD 1948 TO 2014


WEATHER ITEM   OBSERVED TIME   NORMAL DEPARTURE LAST
                VALUE   (LST)  VALUE  FROM      YEAR
                                      NORMAL
......................................................
TEMPERATURE (F)
 YESTERDAY
  MAXIMUM         63    401 PM  64     -1       64
  MINIMUM         37    650 AM  41     -4       38
  AVERAGE         50            52     -2       51

PRECIPITATION (IN)
  YESTERDAY        0.00          0.11  -0.11     0.00
  MONTH TO DATE    0.06          2.05  -1.99     2.73
  SINCE DEC 1      0.06          2.05  -1.99     2.73
  SINCE JAN 1     48.19         49.48  -1.29    44.07

DEGREE DAYS
 HEATING
  YESTERDAY       15            13      2       14
  MONTH TO DATE  181           203    -22      102
  SINCE DEC 1    181           203    -22      102
  SINCE JUL 1    548           434    114      268
......................................................


WIND (MPH)
  HIGHEST WIND SPEED     7   HIGHEST WIND DIRECTION     N (360)
  HIGHEST GUST SPEED     9   HIGHEST GUST DIRECTION     N (350)
  AVERAGE WIND SPEED     0.6




RELATIVE HUMIDITY (PERCENT)
 HIGHEST   100
 LOWEST     36
 AVERAGE    68

..........................................................




SUNRISE AND SUNSET
DECEMBER 19 2014......SUNRISE   726 AM EST   SUNSET   535 PM EST
DECEMBER 20 2014......SUNRISE   726 AM EST   SUNSET   535 PM EST


-  INDICATES NEGATIVE NUMBERS.
R  INDICATES RECORD WAS SET OR TIED.
MM INDICATES DATA IS MISSING.
T  INDICATES TRACE AMOUNT.




$$
