000
CDUS42 KTAE 050631
CLIVLD


CLIMATE REPORT
NATIONAL WEATHER SERVICE TALLAHASSEE FL
131 AM EST THU MAR 5 2015


...................................

...THE VALDOSTA CLIMATE SUMMARY FOR MARCH 4 2015...

CLIMATE NORMAL PERIOD 1981 TO 2010
CLIMATE RECORD PERIOD 1948 TO 2015


WEATHER ITEM   OBSERVED TIME   NORMAL DEPARTURE LAST
                VALUE   (LST)  VALUE  FROM      YEAR
                                      NORMAL
......................................................
TEMPERATURE (F)
 YESTERDAY
  MAXIMUM         83    249 PM  71     12       52
  MINIMUM         57    729 AM  45     12       45
  AVERAGE         70            58     12       49

PRECIPITATION (IN)
  YESTERDAY        0.00          0.18  -0.18     0.00
  MONTH TO DATE    0.01          0.69  -0.68     0.01
  SINCE MAR 1      0.01          0.69  -0.68     0.01
  SINCE JAN 1      9.17          9.42  -0.25     6.15

DEGREE DAYS
 HEATING
  YESTERDAY        0             8     -8       16
  MONTH TO DATE   15            32    -17       23
  SINCE MAR 1     15            32    -17       23
  SINCE JUL 1   1499          1412     87     1074

 COOLING
  YESTERDAY        5             1      4        0
  MONTH TO DATE    8             4      4        1
  SINCE MAR 1      8             4      4        1
  SINCE JAN 1     12            14     -2       33
......................................................


WIND (MPH)
  HIGHEST WIND SPEED    17   HIGHEST WIND DIRECTION     S (190)
  HIGHEST GUST SPEED    26   HIGHEST GUST DIRECTION     S (180)
  AVERAGE WIND SPEED     6.4




RELATIVE HUMIDITY (PERCENT)
 HIGHEST   100
 LOWEST     46
 AVERAGE    73

..........................................................




SUNRISE AND SUNSET
MARCH  5 2015.........SUNRISE   655 AM EST   SUNSET   634 PM EST
MARCH  6 2015.........SUNRISE   654 AM EST   SUNSET   635 PM EST


-  INDICATES NEGATIVE NUMBERS.
R  INDICATES RECORD WAS SET OR TIED.
MM INDICATES DATA IS MISSING.
T  INDICATES TRACE AMOUNT.




$$
