000
CDUS42 KTAE 260636
CLIVLD


CLIMATE REPORT
NATIONAL WEATHER SERVICE TALLAHASSEE FL
236 AM EDT WED JUL 26 2017


...................................

...THE VALDOSTA CLIMATE SUMMARY FOR JULY 25 2017...

CLIMATE NORMAL PERIOD 1981 TO 2010
CLIMATE RECORD PERIOD 1948 TO 2017


WEATHER ITEM   OBSERVED TIME   NORMAL DEPARTURE LAST
                VALUE   (LST)  VALUE  FROM      YEAR
                                      NORMAL
......................................................
TEMPERATURE (F)
 YESTERDAY
  MAXIMUM         93    230 PM  92      1       94
  MINIMUM         72   1159 PM  71      1       73
  AVERAGE         83            82      1       84

PRECIPITATION (IN)
  YESTERDAY        0.05          0.21  -0.16     0.00
  MONTH TO DATE    1.98          5.33  -3.35     9.71
  SINCE JUN 1     10.87         11.39  -0.52    18.11
  SINCE JAN 1     26.66         30.39  -3.73    42.41

DEGREE DAYS
 COOLING
  YESTERDAY       18            17      1       19
  MONTH TO DATE  428           408     20      471
  SINCE JUN 1    835           840     -5      956
  SINCE JAN 1   1376          1252    124     1466
......................................................


WIND (MPH)
  HIGHEST WIND SPEED    15   HIGHEST WIND DIRECTION     N (360)
  HIGHEST GUST SPEED    23   HIGHEST GUST DIRECTION     N (360)
  AVERAGE WIND SPEED     1.9




RELATIVE HUMIDITY (PERCENT)
 HIGHEST   100
 LOWEST     56
 AVERAGE    78

..........................................................




SUNRISE AND SUNSET
JULY 26 2017..........SUNRISE   647 AM EDT   SUNSET   832 PM EDT
JULY 27 2017..........SUNRISE   648 AM EDT   SUNSET   831 PM EDT


-  INDICATES NEGATIVE NUMBERS.
R  INDICATES RECORD WAS SET OR TIED.
MM INDICATES DATA IS MISSING.
T  INDICATES TRACE AMOUNT.




$$
