000
CDUS42 KTAE 220632
CLIVLD


CLIMATE REPORT
NATIONAL WEATHER SERVICE TALLAHASSEE FL
132 AM EST WED NOV 22 2017


...................................

...THE VALDOSTA CLIMATE SUMMARY FOR NOVEMBER 21 2017...

CLIMATE NORMAL PERIOD 1981 TO 2010
CLIMATE RECORD PERIOD 1948 TO 2017


WEATHER ITEM   OBSERVED TIME   NORMAL DEPARTURE LAST
                VALUE   (LST)  VALUE  FROM      YEAR
                                      NORMAL
......................................................
TEMPERATURE (F)
 YESTERDAY
  MAXIMUM         66    258 PM  71     -5       68
  MINIMUM         52    643 AM  46      6       28
  AVERAGE         59            58      1       48

PRECIPITATION (IN)
  YESTERDAY        0.45          0.09   0.36     0.00
  MONTH TO DATE    0.52          1.67  -1.15      T
  SINCE SEP 1      6.65          9.51  -2.86     6.07
  SINCE JAN 1     38.43         46.54  -8.11    50.40

DEGREE DAYS
 HEATING
  YESTERDAY        6             7     -1       17
  MONTH TO DATE  109           111     -2      107
  SINCE SEP 1    175           154     21      120
  SINCE JUL 1    175           154     21      120
......................................................


WIND (MPH)
  HIGHEST WIND SPEED    10   HIGHEST WIND DIRECTION    SE (150)
  HIGHEST GUST SPEED    13   HIGHEST GUST DIRECTION    SE (150)
  AVERAGE WIND SPEED     2.2




RELATIVE HUMIDITY (PERCENT)
 HIGHEST   100
 LOWEST     73
 AVERAGE    87

..........................................................




SUNRISE AND SUNSET
NOVEMBER 22 2017......SUNRISE   706 AM EST   SUNSET   533 PM EST
NOVEMBER 23 2017......SUNRISE   707 AM EST   SUNSET   532 PM EST


-  INDICATES NEGATIVE NUMBERS.
R  INDICATES RECORD WAS SET OR TIED.
MM INDICATES DATA IS MISSING.
T  INDICATES TRACE AMOUNT.




$$
