000
CDUS42 KTAE 242138
CLIVLD


CLIMATE REPORT
NATIONAL WEATHER SERVICE TALLAHASSEE FL
537 PM EDT SUN SEP 24 2017


...................................

...THE VALDOSTA CLIMATE SUMMARY FOR SEPTEMBER 24 2017...
VALID TODAY AS OF 0500 PM LOCAL TIME.

CLIMATE NORMAL PERIOD 1981 TO 2010
CLIMATE RECORD PERIOD 1948 TO 2017


WEATHER ITEM   OBSERVED TIME   NORMAL DEPARTURE LAST
                VALUE   (LST)  VALUE  FROM      YEAR
                                      NORMAL
......................................................
TEMPERATURE (F)
 TODAY
  MAXIMUM         87    359 PM  86      1       93
  MINIMUM         71    628 AM  65      6       70
  AVERAGE         79            75      4       82

PRECIPITATION (IN)
  TODAY            0.00          0.13  -0.13      T
  MONTH TO DATE    2.34          3.93  -1.59     5.56
  SINCE SEP 1      2.34          3.93  -1.59     5.56
  SINCE JAN 1     34.12         40.96  -6.84    49.89

......................................................







THE VALDOSTA CLIMATE NORMALS FOR TOMORROW
                         NORMAL
 MAXIMUM TEMPERATURE (F)   86
 MINIMUM TEMPERATURE (F)   65



-  INDICATES NEGATIVE NUMBERS.
R  INDICATES RECORD WAS SET OR TIED.
MM INDICATES DATA IS MISSING.
T  INDICATES TRACE AMOUNT.




$$
