000
CDUS42 KTAE 280631
CLIVLD


CLIMATE REPORT
NATIONAL WEATHER SERVICE TALLAHASSEE FL
231 AM EDT THU JUL 28 2016


...................................

...THE VALDOSTA CLIMATE SUMMARY FOR JULY 27 2016...

CLIMATE NORMAL PERIOD 1981 TO 2010
CLIMATE RECORD PERIOD 1948 TO 2016


WEATHER ITEM   OBSERVED TIME   NORMAL DEPARTURE LAST
                VALUE   (LST)  VALUE  FROM      YEAR
                                      NORMAL
......................................................
TEMPERATURE (F)
 YESTERDAY
  MAXIMUM         95    417 PM  92      3       89
  MINIMUM         73    616 AM  71      2       73
  AVERAGE         84            82      2       81

PRECIPITATION (IN)
  YESTERDAY        0.00          0.21  -0.21     0.72
  MONTH TO DATE    9.71          5.76   3.95     9.07
  SINCE JUN 1     18.11         11.82   6.29    12.20
  SINCE JAN 1     42.41         30.82  11.59    30.76

DEGREE DAYS
 COOLING
  YESTERDAY       19            17      2       16
  MONTH TO DATE  508           442     66      492
  SINCE JUN 1    993           874    119      993
  SINCE JAN 1   1503          1286    217     1640
......................................................


WIND (MPH)
  HIGHEST WIND SPEED     7   HIGHEST WIND DIRECTION    SW (240)
  HIGHEST GUST SPEED    13   HIGHEST GUST DIRECTION     W (270)
  AVERAGE WIND SPEED     1.2




RELATIVE HUMIDITY (PERCENT)
 HIGHEST   100
 LOWEST     46
 AVERAGE    73

..........................................................




SUNRISE AND SUNSET
JULY 28 2016..........SUNRISE   649 AM EDT   SUNSET   830 PM EDT
JULY 29 2016..........SUNRISE   649 AM EDT   SUNSET   830 PM EDT


-  INDICATES NEGATIVE NUMBERS.
R  INDICATES RECORD WAS SET OR TIED.
MM INDICATES DATA IS MISSING.
T  INDICATES TRACE AMOUNT.




$$
