000
CDUS42 KTAE 250634
CLIVLD


CLIMATE REPORT
NATIONAL WEATHER SERVICE TALLAHASSEE FL
232 AM EDT THU AUG 25 2016

...................................

...THE VALDOSTA CLIMATE SUMMARY FOR AUGUST 24 2016...

CLIMATE NORMAL PERIOD 1981 TO 2010
CLIMATE RECORD PERIOD 1948 TO 2016


WEATHER ITEM   OBSERVED TIME   NORMAL DEPARTURE LAST
                VALUE   (LST)  VALUE  FROM      YEAR
                                      NORMAL
......................................................
TEMPERATURE (F)
 YESTERDAY
  MAXIMUM         93    355 PM  91      2       93
  MINIMUM         75   1159 PM  71      4       71
  AVERAGE         84            81      3       82

PRECIPITATION (IN)
  YESTERDAY        0.00          0.18  -0.18     0.00
  MONTH TO DATE    1.90          4.24  -2.34     4.47
  SINCE JUN 1     20.01         16.93   3.08    17.68
  SINCE JAN 1     44.31         35.93   8.38    36.24

DEGREE DAYS
 COOLING
  YESTERDAY       19            16      3       17
  MONTH TO DATE  422           391     31      438
  SINCE JUN 1   1497          1331    166     1508
  SINCE JAN 1   2007          1743    264     2155
......................................................


WIND (MPH)
  HIGHEST WIND SPEED    16   HIGHEST WIND DIRECTION    NE (40)
  HIGHEST GUST SPEED    20   HIGHEST GUST DIRECTION    NE (40)
  AVERAGE WIND SPEED     5.0




RELATIVE HUMIDITY (PERCENT)
 HIGHEST   100
 LOWEST     46
 AVERAGE    73

..........................................................




SUNRISE AND SUNSET
AUGUST 25 2016........SUNRISE   706 AM EDT   SUNSET   804 PM EDT
AUGUST 26 2016........SUNRISE   706 AM EDT   SUNSET   803 PM EDT


-  INDICATES NEGATIVE NUMBERS.
R  INDICATES RECORD WAS SET OR TIED.
MM INDICATES DATA IS MISSING.
T  INDICATES TRACE AMOUNT.


$$
