000
CDUS42 KTAE 290632
CLIVLD


CLIMATE REPORT
NATIONAL WEATHER SERVICE TALLAHASSEE FL
232 AM EDT WED JUL 29 2015


...................................

...THE VALDOSTA CLIMATE SUMMARY FOR JULY 28 2015...

CLIMATE NORMAL PERIOD 1981 TO 2010
CLIMATE RECORD PERIOD 1948 TO 2015


WEATHER ITEM   OBSERVED TIME   NORMAL DEPARTURE LAST
                VALUE   (LST)  VALUE  FROM      YEAR
                                      NORMAL
......................................................
TEMPERATURE (F)
 YESTERDAY
  MAXIMUM         94    508 PM  92      2      101
  MINIMUM         74    546 AM  71      3       78
  AVERAGE         84            82      2       90

PRECIPITATION (IN)
  YESTERDAY        0.00          0.22  -0.22     0.00
  MONTH TO DATE    9.07          5.98   3.09     3.84
  SINCE JUN 1     12.19         12.04   0.15     6.08
  SINCE JAN 1     30.75         31.04  -0.29    29.35

DEGREE DAYS
 COOLING
  YESTERDAY       19            17      2       25
  MONTH TO DATE  511           459     52      550
  SINCE JUN 1    990           891     99     1112
  SINCE JAN 1   1637          1303    334     1715
......................................................


WIND (MPH)
  HIGHEST WIND SPEED    13   HIGHEST WIND DIRECTION    NE (40)
  HIGHEST GUST SPEED    16   HIGHEST GUST DIRECTION     N (20)
  AVERAGE WIND SPEED     3.6




RELATIVE HUMIDITY (PERCENT)
 HIGHEST   100
 LOWEST     52
 AVERAGE    76

..........................................................




SUNRISE AND SUNSET
JULY 29 2015..........SUNRISE   649 AM EDT   SUNSET   830 PM EDT
JULY 30 2015..........SUNRISE   649 AM EDT   SUNSET   829 PM EDT


-  INDICATES NEGATIVE NUMBERS.
R  INDICATES RECORD WAS SET OR TIED.
MM INDICATES DATA IS MISSING.
T  INDICATES TRACE AMOUNT.




$$
