000
CDUS42 KFFC 200819
CLIVPC


CLIMATE REPORT
NATIONAL WEATHER SERVICE PEACHTREE CITY GA
418 AM EDT WED SEP 20 2017


...................................

...THE CARTERSVILLE CLIMATE SUMMARY FOR SEPTEMBER 19 2017...

CLIMATE NORMAL PERIOD 1981 TO 2010
CLIMATE RECORD PERIOD 9999 TO 9999


WEATHER ITEM   OBSERVED TIME   RECORD YEAR NORMAL DEPARTURE LAST
                VALUE   (LST)  VALUE       VALUE  FROM      YEAR
                                                  NORMAL
..................................................................
TEMPERATURE (F)
 YESTERDAY
  MAXIMUM         89    330 PM  MM      MM  82      7       88
  MINIMUM         60    651 AM  MM      MM  59      1       66
  AVERAGE         75                        70      5       77

PRECIPITATION (IN)
  YESTERDAY        0.00         MM      MM   0.13  -0.13     0.00
  MONTH TO DATE    4.79                      2.18   2.61     2.76
  SINCE SEP 1      4.79                      2.18   2.61     2.76
  SINCE JAN 1     45.96                     36.77   9.19    30.21

DEGREE DAYS
 HEATING
  YESTERDAY        0                         1     -1        0
  MONTH TO DATE   14                         1     13        0
  SINCE SEP 1     14                         1     13        0
  SINCE JUL 1     14                         1     13        0

 COOLING
  YESTERDAY       10                         6      4       12
  MONTH TO DATE   90                       163    -73      257
  SINCE SEP 1     90                       163    -73      257
  SINCE JAN 1   1466                      1428     38     1855
..................................................................


WIND (MPH)
  RESULTANT WIND SPEED   0   RESULTANT WIND DIRECTION   E (70)
  HIGHEST WIND SPEED     8   HIGHEST WIND DIRECTION     N (20)
  HIGHEST GUST SPEED    11   HIGHEST GUST DIRECTION     N (20)
  AVERAGE WIND SPEED     0.6


SKY COVER
  AVERAGE SKY COVER 0.0


WEATHER CONDITIONS
 THE FOLLOWING WEATHER WAS RECORDED YESTERDAY.
  FOG


RELATIVE HUMIDITY (PERCENT)
 HIGHEST   100          1200 AM
 LOWEST     43           400 PM
 AVERAGE    72

..........................................................


THE CARTERSVILLE CLIMATE NORMALS FOR TODAY
                         NORMAL    RECORD    YEAR
 MAXIMUM TEMPERATURE (F)   81        MM        MM
 MINIMUM TEMPERATURE (F)   58        MM        MM


SUNRISE AND SUNSET
SEPTEMBER 20 2017.....SUNRISE   726 AM EDT   SUNSET   739 PM EDT
SEPTEMBER 21 2017.....SUNRISE   727 AM EDT   SUNSET   737 PM EDT


-  INDICATES NEGATIVE NUMBERS.
R  INDICATES RECORD WAS SET OR TIED.
MM INDICATES DATA IS MISSING.
T  INDICATES TRACE AMOUNT.




$$
