000
CDUS43 KLOT 270637
CLIVPZ


CLIMATE REPORT
NATIONAL WEATHER SERVICE CHICAGO IL
136 AM CDT SAT MAY 27 2017


...................................

...THE VALPARAISO CLIMATE SUMMARY FOR MAY 26 2017...

CLIMATE NORMAL PERIOD 1981 TO 2010
CLIMATE RECORD PERIOD 1998 TO 2017


WEATHER ITEM   OBSERVED TIME   RECORD YEAR NORMAL DEPARTURE LAST
                VALUE   (LST)  VALUE       VALUE  FROM      YEAR
                                                  NORMAL
..................................................................
TEMPERATURE (F)
 YESTERDAY
  MAXIMUM         76    219 PM  91    2012  74      2       83
  MINIMUM         51    440 AM  37    2002  51      0       65
  AVERAGE         64                        62      2       74

PRECIPITATION (IN)
  YESTERDAY        0.26          0.65 2001   0.12   0.14      T
  MONTH TO DATE    3.49                      3.29   0.20     1.70
  SINCE MAR 1     11.94                      9.30   2.64     7.43
  SINCE JAN 1     15.38                     12.47   2.91     8.76

DEGREE DAYS
 HEATING
  YESTERDAY        1                         5     -4        0
  MONTH TO DATE  216                       200     16      237
  SINCE MAR 1   1321                      1527   -206     1380
  SINCE JUL 1   5035                      6259  -1224     5238

 COOLING
  YESTERDAY        0                         2     -2        9
  MONTH TO DATE   33                        30      3       24
  SINCE MAR 1     46                        35     11       30
  SINCE JAN 1     46                        35     11       30
..................................................................


WIND (MPH)
  RESULTANT WIND SPEED   3   RESULTANT WIND DIRECTION   E (110)
  HIGHEST WIND SPEED    20   HIGHEST WIND DIRECTION     E (110)
  HIGHEST GUST SPEED    26   HIGHEST GUST DIRECTION     N (350)
  AVERAGE WIND SPEED     5.7



WEATHER CONDITIONS
 THE FOLLOWING WEATHER WAS RECORDED YESTERDAY.
  THUNDERSTORM
  RAIN
  LIGHT RAIN
  FOG
  HAZE


..........................................................


THE VALPARAISO CLIMATE NORMALS FOR TODAY
                         NORMAL    RECORD    YEAR
 MAXIMUM TEMPERATURE (F)   74        97      2012
 MINIMUM TEMPERATURE (F)   52        42      2008


SUNRISE AND SUNSET
MAY 27 2017...........SUNRISE   519 AM CDT   SUNSET   812 PM CDT
MAY 28 2017...........SUNRISE   519 AM CDT   SUNSET   812 PM CDT


-  INDICATES NEGATIVE NUMBERS.
R  INDICATES RECORD WAS SET OR TIED.
MM INDICATES DATA IS MISSING.
T  INDICATES TRACE AMOUNT.




$$
