000
CDUS43 KLOT 310632
CLIVPZ


CLIMATE REPORT
NATIONAL WEATHER SERVICE CHICAGO IL
131 AM CDT SUN AUG 31 2014


...................................

...THE VALPARAISO CLIMATE SUMMARY FOR AUGUST 30 2014...

CLIMATE NORMAL PERIOD 1981 TO 2010
CLIMATE RECORD PERIOD 1998 TO 2014


WEATHER ITEM   OBSERVED TIME   RECORD YEAR NORMAL DEPARTURE LAST
                VALUE   (LST)  VALUE       VALUE  FROM      YEAR
                                                  NORMAL
..................................................................
TEMPERATURE (F)
 YESTERDAY
  MAXIMUM         82    227 PM  94    2013  79      3       94
  MINIMUM         68   1159 PM  47    2009  59      9       64
                                      1999
  AVERAGE         75                        69      6       79

PRECIPITATION (IN)
  YESTERDAY        0.21R         0.21 2009   0.14   0.07     0.04
  MONTH TO DATE   10.49                      4.18   6.31     3.74
  SINCE JUN 1     20.43                     12.43   8.00    11.74
  SINCE JAN 1     29.36                     25.41   3.95    25.37

DEGREE DAYS
 HEATING
  YESTERDAY        0                         1     -1        0
  MONTH TO DATE   15                         6      9       12
  SINCE JUN 1     60                        51      9       65
  SINCE JUL 1     40                        10     30       28

 COOLING
  YESTERDAY       10                         5      5       14
  MONTH TO DATE  193                       182     11      184
  SINCE JUN 1    464                       586   -122      558
  SINCE JAN 1    537                       633    -96      659
..................................................................


WIND (MPH)
  RESULTANT WIND SPEED  10   RESULTANT WIND DIRECTION   S (200)
  HIGHEST WIND SPEED    23   HIGHEST WIND DIRECTION    SW (210)
  HIGHEST GUST SPEED    30   HIGHEST GUST DIRECTION    SW (210)
  AVERAGE WIND SPEED    10.6



WEATHER CONDITIONS
 THE FOLLOWING WEATHER WAS RECORDED YESTERDAY.
  HEAVY RAIN
  LIGHT RAIN
  FOG


..........................................................


THE VALPARAISO CLIMATE NORMALS FOR TODAY
                         NORMAL    RECORD    YEAR
 MAXIMUM TEMPERATURE (F)   79        92      2010
 MINIMUM TEMPERATURE (F)   58        43      2009


SUNRISE AND SUNSET
AUGUST 31 2014........SUNRISE   613 AM CDT   SUNSET   723 PM CDT
SEPTEMBER  1 2014.....SUNRISE   614 AM CDT   SUNSET   721 PM CDT


-  INDICATES NEGATIVE NUMBERS.
R  INDICATES RECORD WAS SET OR TIED.
MM INDICATES DATA IS MISSING.
T  INDICATES TRACE AMOUNT.




$$
