000
CDUS43 KLOT 290634
CLIVPZ


CLIMATE REPORT
NATIONAL WEATHER SERVICE CHICAGO IL
133 AM CDT WED MAR 29 2017


...................................

...THE VALPARAISO CLIMATE SUMMARY FOR MARCH 28 2017...

CLIMATE NORMAL PERIOD 1981 TO 2010
CLIMATE RECORD PERIOD 1998 TO 2017


WEATHER ITEM   OBSERVED TIME   RECORD YEAR NORMAL DEPARTURE LAST
                VALUE   (LST)  VALUE       VALUE  FROM      YEAR
                                                  NORMAL
..................................................................
TEMPERATURE (F)
 YESTERDAY
  MAXIMUM         44    345 PM  77    1945  52     -8       49
                                      1905
  MINIMUM         38   1159 PM   2    1934  33      5       32
  AVERAGE         41                        42     -1       41

PRECIPITATION (IN)
  YESTERDAY        0.00          1.05 1985   0.09  -0.09     0.00
  MONTH TO DATE    1.86                      2.21  -0.35     2.17
  SINCE MAR 1      1.86                      2.21  -0.35     2.17
  SINCE JAN 1      5.30                      5.38  -0.08     3.50

DEGREE DAYS
 HEATING
  YESTERDAY       24                        23      1       24
  MONTH TO DATE  723                       779    -56      594
  SINCE MAR 1    723                       779    -56      594
  SINCE JUL 1   4437                      5511  -1074     4452

 COOLING
  YESTERDAY        0                         0      0        0
  MONTH TO DATE    0                         0      0        0
  SINCE MAR 1      0                         0      0        0
  SINCE JAN 1      0                         0      0        0
..................................................................


WIND (MPH)
  RESULTANT WIND SPEED   8   RESULTANT WIND DIRECTION   N (0)
  HIGHEST WIND SPEED    14   HIGHEST WIND DIRECTION     N (350)
  HIGHEST GUST SPEED    19   HIGHEST GUST DIRECTION     N (350)
  AVERAGE WIND SPEED     8.3



WEATHER CONDITIONS
 THE FOLLOWING WEATHER WAS RECORDED YESTERDAY.
  FOG


..........................................................


THE VALPARAISO CLIMATE NORMALS FOR TODAY
                         NORMAL    RECORD    YEAR
 MAXIMUM TEMPERATURE (F)   52        82      1986
 MINIMUM TEMPERATURE (F)   33        13      1915


SUNRISE AND SUNSET
MARCH 29 2017.........SUNRISE   636 AM CDT   SUNSET   710 PM CDT
MARCH 30 2017.........SUNRISE   634 AM CDT   SUNSET   711 PM CDT


-  INDICATES NEGATIVE NUMBERS.
R  INDICATES RECORD WAS SET OR TIED.
MM INDICATES DATA IS MISSING.
T  INDICATES TRACE AMOUNT.




$$
