000
CDUS43 KLOT 010634
CLIVPZ


CLIMATE REPORT
NATIONAL WEATHER SERVICE CHICAGO IL
133 AM CDT SAT AUG 1 2015


...................................

...THE VALPARAISO CLIMATE SUMMARY FOR JULY 31 2015...

CLIMATE NORMAL PERIOD 1981 TO 2010
CLIMATE RECORD PERIOD 1998 TO 2015


WEATHER ITEM   OBSERVED TIME   RECORD YEAR NORMAL DEPARTURE LAST
                VALUE   (LST)  VALUE       VALUE  FROM      YEAR
                                                  NORMAL
..................................................................
TEMPERATURE (F)
 YESTERDAY
  MAXIMUM         86    341 PM  93    2006  82      4       83
  MINIMUM         64   1159 PM  53    2014  62      2       53
  AVERAGE         75                        72      3       68

PRECIPITATION (IN)
  YESTERDAY        0.00          0.75 2010   0.14  -0.14     0.00
  MONTH TO DATE    4.92                      4.34   0.58     1.73
  SINCE JUN 1     10.53                      8.25   2.28     9.94
  SINCE JAN 1     19.32                     21.23  -1.91    18.87

DEGREE DAYS
 HEATING
  YESTERDAY        0                         0      0        0
  MONTH TO DATE    6                         0      6       25
  SINCE JUN 1     33                        45    -12       45
  SINCE JUL 1      6                         4      2       25

 COOLING
  YESTERDAY       10                         7      3        3
  MONTH TO DATE  202                       240    -38      112
  SINCE JUN 1    334                       404    -70      271
  SINCE JAN 1    410                       451    -41      344
..................................................................


WIND (MPH)
  RESULTANT WIND SPEED   7   RESULTANT WIND DIRECTION   W (280)
  HIGHEST WIND SPEED    21   HIGHEST WIND DIRECTION     W (270)
  HIGHEST GUST SPEED    29   HIGHEST GUST DIRECTION     W (290)
  AVERAGE WIND SPEED     7.5



WEATHER CONDITIONS
 THE FOLLOWING WEATHER WAS RECORDED YESTERDAY.
  NO SIGNIFICANT WEATHER WAS OBSERVED.


..........................................................


THE VALPARAISO CLIMATE NORMALS FOR TODAY
                         NORMAL    RECORD    YEAR
 MAXIMUM TEMPERATURE (F)   82        92      2006
                                             2002
 MINIMUM TEMPERATURE (F)   62        56      1998


SUNRISE AND SUNSET
AUGUST  1 2015........SUNRISE   543 AM CDT   SUNSET   805 PM CDT
AUGUST  2 2015........SUNRISE   544 AM CDT   SUNSET   804 PM CDT


-  INDICATES NEGATIVE NUMBERS.
R  INDICATES RECORD WAS SET OR TIED.
MM INDICATES DATA IS MISSING.
T  INDICATES TRACE AMOUNT.




$$
