000
CDUS43 KLOT 280635
CLIVPZ


CLIMATE REPORT
NATIONAL WEATHER SERVICE CHICAGO IL
134 AM CDT THU MAY 28 2015


...................................

...THE VALPARAISO CLIMATE SUMMARY FOR MAY 27 2015...

CLIMATE NORMAL PERIOD 1981 TO 2010
CLIMATE RECORD PERIOD 1998 TO 2015


WEATHER ITEM   OBSERVED TIME   RECORD YEAR NORMAL DEPARTURE LAST
                VALUE   (LST)  VALUE       VALUE  FROM      YEAR
                                                  NORMAL
..................................................................
TEMPERATURE (F)
 YESTERDAY
  MAXIMUM         79    149 PM  97    2012  74      5       83
  MINIMUM         57   1159 PM  42    2008  52      5       64
  AVERAGE         68                        63      5       74

PRECIPITATION (IN)
  YESTERDAY        0.00          0.50 2013   0.10  -0.10     0.04
  MONTH TO DATE    2.47                      3.39  -0.92     3.31
  SINCE MAR 1      5.24                      9.40  -4.16     6.30
  SINCE JAN 1      6.85                     12.57  -5.72     8.93

DEGREE DAYS
 HEATING
  YESTERDAY        0                         4     -4        0
  MONTH TO DATE  133                       204    -71      224
  SINCE MAR 1   1543                      1531     12     1742
  SINCE JUL 1   6801                      6263    538     7191

 COOLING
  YESTERDAY        3                         2      1        9
  MONTH TO DATE   65                        32     33       58
  SINCE MAR 1     65                        37     28       58
  SINCE JAN 1     65                        37     28       58
..................................................................


WIND (MPH)
  RESULTANT WIND SPEED   9   RESULTANT WIND DIRECTION   W (250)
  HIGHEST WIND SPEED    26   HIGHEST WIND DIRECTION     W (270)
  HIGHEST GUST SPEED    33   HIGHEST GUST DIRECTION     W (270)
  AVERAGE WIND SPEED    11.4



WEATHER CONDITIONS
 THE FOLLOWING WEATHER WAS RECORDED YESTERDAY.
  NO SIGNIFICANT WEATHER WAS OBSERVED.


..........................................................


THE VALPARAISO CLIMATE NORMALS FOR TODAY
                         NORMAL    RECORD    YEAR
 MAXIMUM TEMPERATURE (F)   74        93      2012
 MINIMUM TEMPERATURE (F)   52        40      2008


SUNRISE AND SUNSET
MAY 28 2015...........SUNRISE   519 AM CDT   SUNSET   812 PM CDT
MAY 29 2015...........SUNRISE   518 AM CDT   SUNSET   813 PM CDT


-  INDICATES NEGATIVE NUMBERS.
R  INDICATES RECORD WAS SET OR TIED.
MM INDICATES DATA IS MISSING.
T  INDICATES TRACE AMOUNT.




$$
