000
CDUS43 KLOT 200635
CLIVPZ


CLIMATE REPORT
NATIONAL WEATHER SERVICE CHICAGO IL
135 AM CDT WED SEP 20 2017


...................................

...THE VALPARAISO CLIMATE SUMMARY FOR SEPTEMBER 19 2017...

CLIMATE NORMAL PERIOD 1981 TO 2010
CLIMATE RECORD PERIOD 1998 TO 2017


WEATHER ITEM   OBSERVED TIME   RECORD YEAR NORMAL DEPARTURE LAST
                VALUE   (LST)  VALUE       VALUE  FROM      YEAR
                                                  NORMAL
..................................................................
TEMPERATURE (F)
 YESTERDAY
  MAXIMUM         79    354 PM  91    2000  73      6       86
  MINIMUM         62   1159 PM  39    2012  51     11       53
  AVERAGE         71                        62      9       70

PRECIPITATION (IN)
  YESTERDAY        0.58          0.71 2001   0.08   0.50     0.00
  MONTH TO DATE    1.39                      2.06  -0.67     0.72
  SINCE SEP 1      1.39                      2.06  -0.67     0.72
  SINCE JAN 1     25.44                     27.60  -2.16    23.56

DEGREE DAYS
 HEATING
  YESTERDAY        0                         4     -4        0
  MONTH TO DATE   46                        43      3        0
  SINCE SEP 1     46                        43      3        0
  SINCE JUL 1     52                        60     -8        8

 COOLING
  YESTERDAY        6                         1      5        5
  MONTH TO DATE   58                        54      4       94
  SINCE SEP 1     58                        54      4       94
  SINCE JAN 1    822                       690    132      943
..................................................................


WIND (MPH)
  RESULTANT WIND SPEED   4   RESULTANT WIND DIRECTION  NE (50)
  HIGHEST WIND SPEED    10   HIGHEST WIND DIRECTION     E (100)
  HIGHEST GUST SPEED    17   HIGHEST GUST DIRECTION     E (90)
  AVERAGE WIND SPEED     3.6



WEATHER CONDITIONS
 THE FOLLOWING WEATHER WAS RECORDED YESTERDAY.
  RAIN
  LIGHT RAIN
  FOG
  FOG W/VISIBILITY <= 1/4 MILE


..........................................................


THE VALPARAISO CLIMATE NORMALS FOR TODAY
                         NORMAL    RECORD    YEAR
 MAXIMUM TEMPERATURE (F)   73        89      1998
 MINIMUM TEMPERATURE (F)   51        42      2006


SUNRISE AND SUNSET
SEPTEMBER 20 2017.....SUNRISE   634 AM CDT   SUNSET   648 PM CDT
SEPTEMBER 21 2017.....SUNRISE   635 AM CDT   SUNSET   646 PM CDT


-  INDICATES NEGATIVE NUMBERS.
R  INDICATES RECORD WAS SET OR TIED.
MM INDICATES DATA IS MISSING.
T  INDICATES TRACE AMOUNT.




$$
