000
CDUS42 KMLB 160645
CLIVRB


CLIMATE REPORT
NATIONAL WEATHER SERVICE MELBOURNE FL
135 AM EST SAT DEC 16 2017


...................................

...THE VERO BEACH CLIMATE SUMMARY FOR DECEMBER 15 2017...

CLIMATE NORMAL PERIOD 1981 TO 2010
CLIMATE RECORD PERIOD 1942 TO 2017


WEATHER ITEM   OBSERVED TIME   RECORD YEAR NORMAL DEPARTURE LAST
                VALUE   (LST)  VALUE       VALUE  FROM      YEAR
                                                  NORMAL
..................................................................
TEMPERATURE (F)
 YESTERDAY
  MAXIMUM         77    403 PM  86    2015  74      3       78
  MINIMUM         51    723 AM  29    2010  55     -4       63
  AVERAGE         64                        65     -1       71

PRECIPITATION (IN)
  YESTERDAY        0.00          1.51 1976   0.07  -0.07     0.00
  MONTH TO DATE    2.23                      1.06   1.17     1.21
  SINCE DEC 1      2.23                      1.06   1.17     1.21
  SINCE JAN 1     58.42                     50.74   7.68    64.37

SNOWFALL (IN)
  YESTERDAY        0.0
  MONTH TO DATE    0.0
  SINCE JUL 1      0.0

DEGREE DAYS
 HEATING
  YESTERDAY        1                         3     -2        0
  MONTH TO DATE   62                        38     24        1
  SINCE DEC 1     62                        38     24        1
  SINCE JUL 1     82                        68     14       20

 COOLING
  YESTERDAY        0                         3     -3        6
  MONTH TO DATE   53                        52      1       97
  SINCE DEC 1     53                        52      1       97
  SINCE JAN 1   3865                      3363    502     3777
..................................................................


WIND (MPH)
  HIGHEST WIND SPEED    15   HIGHEST WIND DIRECTION    SW (230)
  HIGHEST GUST SPEED    20   HIGHEST GUST DIRECTION    SW (240)
  AVERAGE WIND SPEED     5.9


SKY COVER
  AVERAGE SKY COVER 0.1


WEATHER CONDITIONS
 THE FOLLOWING WEATHER WAS RECORDED YESTERDAY.
  NO SIGNIFICANT WEATHER WAS OBSERVED.


RELATIVE HUMIDITY (PERCENT)
 HIGHEST    93          1100 PM
 LOWEST     43          1200 PM
 AVERAGE    68

..........................................................


THE VERO BEACH CLIMATE NORMALS FOR TODAY
                         NORMAL    RECORD    YEAR
 MAXIMUM TEMPERATURE (F)   74        84      2015
                                             1967
 MINIMUM TEMPERATURE (F)   55        27      1968


SUNRISE AND SUNSET
DECEMBER 16 2017......SUNRISE   705 AM EST   SUNSET   529 PM EST
DECEMBER 17 2017......SUNRISE   706 AM EST   SUNSET   530 PM EST


-  INDICATES NEGATIVE NUMBERS.
R  INDICATES RECORD WAS SET OR TIED.
MM INDICATES DATA IS MISSING.
T  INDICATES TRACE AMOUNT.




$$
