000
CDUS42 KMLB 180646
CLIVRB


CLIMATE REPORT
NATIONAL WEATHER SERVICE MELBOURNE FL
134 AM EST WED JAN 18 2017


...................................

...THE VERO BEACH CLIMATE SUMMARY FOR JANUARY 17 2017...

CLIMATE NORMAL PERIOD 1981 TO 2010
CLIMATE RECORD PERIOD 1942 TO 2017


WEATHER ITEM   OBSERVED TIME   RECORD YEAR NORMAL DEPARTURE LAST
                VALUE   (LST)  VALUE       VALUE  FROM      YEAR
                                                  NORMAL
..................................................................
TEMPERATURE (F)
 YESTERDAY
  MAXIMUM         80    210 PM  85    1987  72      8       77
  MINIMUM         67   1159 PM  31    1965  51     16       50
  AVERAGE         74                        62     12       64

PRECIPITATION (IN)
  YESTERDAY        0.00          0.35 2016   0.08  -0.08     0.35
  MONTH TO DATE    0.46                      1.37  -0.91     4.88
  SINCE DEC 1      2.60                      3.56  -0.96     9.45
  SINCE JAN 1      0.46                      1.37  -0.91     4.88

SNOWFALL (IN)
  YESTERDAY        0.0
  MONTH TO DATE    0.0
  SINCE JUL 1      0.0

DEGREE DAYS
 HEATING
  YESTERDAY        0                         5     -5        1
  MONTH TO DATE   30                        85    -55       37
  SINCE DEC 1     45                       190   -145       39
  SINCE JUL 1     64                       220   -156       40

 COOLING
  YESTERDAY        9                         2      7        0
  MONTH TO DATE   63                        34     29       30
  SINCE DEC 1    268                       127    141      322
  SINCE JAN 1     63                        34     29       30
..................................................................


WIND (MPH)
  HIGHEST WIND SPEED    17   HIGHEST WIND DIRECTION    SE (140)
  HIGHEST GUST SPEED    22   HIGHEST GUST DIRECTION     E (110)
  AVERAGE WIND SPEED     9.2


SKY COVER
  AVERAGE SKY COVER 0.4


WEATHER CONDITIONS
 THE FOLLOWING WEATHER WAS RECORDED YESTERDAY.
  NO SIGNIFICANT WEATHER WAS OBSERVED.


RELATIVE HUMIDITY (PERCENT)
 HIGHEST    78           100 AM
 LOWEST     58          1100 AM
 AVERAGE    68

..........................................................


THE VERO BEACH CLIMATE NORMALS FOR TODAY
                         NORMAL    RECORD    YEAR
 MAXIMUM TEMPERATURE (F)   72        85      1987
 MINIMUM TEMPERATURE (F)   51        28      1977


SUNRISE AND SUNSET
JANUARY 18 2017.......SUNRISE   713 AM EST   SUNSET   552 PM EST
JANUARY 19 2017.......SUNRISE   713 AM EST   SUNSET   552 PM EST


-  INDICATES NEGATIVE NUMBERS.
R  INDICATES RECORD WAS SET OR TIED.
MM INDICATES DATA IS MISSING.
T  INDICATES TRACE AMOUNT.




$$
