000
CDUS42 KMLB 162021
CLIVRB


CLIMATE REPORT
NATIONAL WEATHER SERVICE MELBOURNE FL
421 PM EDT WED AUG 16 2017


...................................

...THE VERO BEACH CLIMATE SUMMARY FOR AUGUST 16 2017...
VALID TODAY AS OF 0400 PM LOCAL TIME.

CLIMATE NORMAL PERIOD 1981 TO 2010
CLIMATE RECORD PERIOD 1942 TO 2017


WEATHER ITEM   OBSERVED TIME   RECORD YEAR NORMAL DEPARTURE LAST
                VALUE   (LST)  VALUE       VALUE  FROM      YEAR
                                                  NORMAL
..................................................................
TEMPERATURE (F)
 TODAY
  MAXIMUM         91   1209 PM  96    1945  90      1       91
  MINIMUM         77    546 AM  68    1947  74      3       80
  AVERAGE         84                        82      2       86

PRECIPITATION (IN)
  TODAY            0.00          3.78 2011   0.23  -0.23     0.00
  MONTH TO DATE    6.01                      3.52   2.49     9.09
  SINCE JUN 1     17.76                     15.82   1.94    14.55
  SINCE JAN 1     28.80                     31.19  -2.39    50.34

SNOWFALL (IN)
  TODAY            0.0
  MONTH TO DATE    0.0
  SINCE JUL 1      0.0

DEGREE DAYS
 HEATING
  TODAY            0                         0      0        0
  MONTH TO DATE    0                         0      0        0
  SINCE JUN 1      0                         0      0        0
  SINCE JUL 1      0                         0      0        0

 COOLING
  TODAY           19                        17      2       21
  MONTH TO DATE  304                       272     32      290
  SINCE JUN 1   1369                      1246    123     1383
  SINCE JAN 1   2434                      2052    382     2312
..................................................................


WIND (MPH)
  HIGHEST WIND SPEED    18   HIGHEST WIND DIRECTION     S (200)
  HIGHEST GUST SPEED    24   HIGHEST GUST DIRECTION     S (190)
  AVERAGE WIND SPEED     5.7


SKY COVER
  AVERAGE SKY COVER 0.2


WEATHER CONDITIONS
 THE FOLLOWING WEATHER WAS RECORDED TODAY.
  THUNDERSTORM


RELATIVE HUMIDITY (PERCENT)
 HIGHEST    94           400 AM
 LOWEST     59           300 PM
 AVERAGE    77

..........................................................


THE VERO BEACH CLIMATE NORMALS FOR TOMORROW
                         NORMAL    RECORD    YEAR
 MAXIMUM TEMPERATURE (F)   90        95      1987
                                             1955
 MINIMUM TEMPERATURE (F)   74        67      2000


SUNRISE AND SUNSET
AUGUST 16 2017........SUNRISE   653 AM EDT   SUNSET   758 PM EDT
AUGUST 17 2017........SUNRISE   653 AM EDT   SUNSET   757 PM EDT


-  INDICATES NEGATIVE NUMBERS.
R  INDICATES RECORD WAS SET OR TIED.
MM INDICATES DATA IS MISSING.
T  INDICATES TRACE AMOUNT.




$$
