000
CDUS42 KMLB 010626
CLIVRB


CLIMATE REPORT
NATIONAL WEATHER SERVICE MELBOURNE FL
126 AM EST SUN FEB 1 2015


...................................

...THE VERO BEACH CLIMATE SUMMARY FOR JANUARY 31 2015...

CLIMATE NORMAL PERIOD 1981 TO 2010
CLIMATE RECORD PERIOD 1942 TO 2015


WEATHER ITEM   OBSERVED TIME   RECORD YEAR NORMAL DEPARTURE LAST
                VALUE   (LST)  VALUE       VALUE  FROM      YEAR
                                                  NORMAL
..................................................................
TEMPERATURE (F)
 YESTERDAY
  MAXIMUM         71    228 PM  88    1991  73     -2       76
  MINIMUM         48    735 AM  26    1966  52     -4       60
  AVERAGE         60                        63     -3       68

PRECIPITATION (IN)
  YESTERDAY        0.00          1.23 2004   0.07  -0.07     0.07
  MONTH TO DATE    1.15                      2.50  -1.35     4.49
  SINCE DEC 1      4.36                      4.69  -0.33     7.08
  SINCE JAN 1      1.15                      2.50  -1.35     4.49

SNOWFALL (IN)
  YESTERDAY        0.0
  MONTH TO DATE    0.0
  SINCE JUL 1      0.0

DEGREE DAYS
 HEATING
  YESTERDAY        5                         4      1        0
  MONTH TO DATE   96                       153    -57      172
  SINCE DEC 1    171                       257    -86      190
  SINCE JUL 1    250                       287    -37      201

 COOLING
  YESTERDAY        0                         2     -2        3
  MONTH TO DATE   83                        61     22       68
  SINCE DEC 1    204                       154     50      236
  SINCE JAN 1     83                        61     22       68
..................................................................


WIND (MPH)
  HIGHEST WIND SPEED    18   HIGHEST WIND DIRECTION    NE (50)
  HIGHEST GUST SPEED    23   HIGHEST GUST DIRECTION    NE (60)
  AVERAGE WIND SPEED     9.5


SKY COVER
  AVERAGE SKY COVER 0.1


WEATHER CONDITIONS
 THE FOLLOWING WEATHER WAS RECORDED YESTERDAY.
  NO SIGNIFICANT WEATHER WAS OBSERVED.


RELATIVE HUMIDITY (PERCENT)
 HIGHEST    86           500 AM
 LOWEST     47          1100 AM
 AVERAGE    67

..........................................................


THE VERO BEACH CLIMATE NORMALS FOR TODAY
                         NORMAL    RECORD    YEAR
 MAXIMUM TEMPERATURE (F)   73        84      2014
 MINIMUM TEMPERATURE (F)   53        29      1966


SUNRISE AND SUNSET
FEBRUARY  1 2015......SUNRISE   708 AM EST   SUNSET   602 PM EST
FEBRUARY  2 2015......SUNRISE   708 AM EST   SUNSET   603 PM EST


-  INDICATES NEGATIVE NUMBERS.
R  INDICATES RECORD WAS SET OR TIED.
MM INDICATES DATA IS MISSING.
T  INDICATES TRACE AMOUNT.




$$
