000
CDUS42 KMLB 050628
CLIVRB


CLIMATE REPORT
NATIONAL WEATHER SERVICE MELBOURNE FL
127 AM EST MON DEC 5 2016


...................................

...THE VERO BEACH CLIMATE SUMMARY FOR DECEMBER 4 2016...

CLIMATE NORMAL PERIOD 1981 TO 2010
CLIMATE RECORD PERIOD 1942 TO 2016


WEATHER ITEM   OBSERVED TIME   RECORD YEAR NORMAL DEPARTURE LAST
                VALUE   (LST)  VALUE       VALUE  FROM      YEAR
                                                  NORMAL
..................................................................
TEMPERATURE (F)
 YESTERDAY
  MAXIMUM         80    201 PM  84    1994  76      4       75
  MINIMUM         69    716 AM  37    1989  58     11       68
  AVERAGE         75                        67      8       72

PRECIPITATION (IN)
  YESTERDAY        0.00          1.58 1964   0.08  -0.08     1.21
  MONTH TO DATE    0.00                      0.31  -0.31     2.74
  SINCE DEC 1      0.00                      0.31  -0.31     2.74
  SINCE JAN 1     63.16                     49.99  13.17    47.86

SNOWFALL (IN)
  YESTERDAY        0.0
  MONTH TO DATE    0.0
  SINCE JUL 1      0.0

DEGREE DAYS
 HEATING
  YESTERDAY        0                         2     -2        0
  MONTH TO DATE    0                         8     -8        0
  SINCE DEC 1      0                         8     -8        0
  SINCE JUL 1     19                        38    -19        1

 COOLING
  YESTERDAY       10                         4      6        7
  MONTH TO DATE   25                        16      9       34
  SINCE DEC 1     25                        16      9       34
  SINCE JAN 1   3705                      3327    378     4161
..................................................................


WIND (MPH)
  HIGHEST WIND SPEED    18   HIGHEST WIND DIRECTION    SE (120)
  HIGHEST GUST SPEED    23   HIGHEST GUST DIRECTION    SE (130)
  AVERAGE WIND SPEED     9.7


SKY COVER
  AVERAGE SKY COVER 0.2


WEATHER CONDITIONS
 THE FOLLOWING WEATHER WAS RECORDED YESTERDAY.
  NO SIGNIFICANT WEATHER WAS OBSERVED.


RELATIVE HUMIDITY (PERCENT)
 HIGHEST    87           900 PM
 LOWEST     54          1200 PM
 AVERAGE    71

..........................................................


THE VERO BEACH CLIMATE NORMALS FOR TODAY
                         NORMAL    RECORD    YEAR
 MAXIMUM TEMPERATURE (F)   76        87      2002
 MINIMUM TEMPERATURE (F)   57        37      1968


SUNRISE AND SUNSET
DECEMBER  5 2016......SUNRISE   658 AM EST   SUNSET   527 PM EST
DECEMBER  6 2016......SUNRISE   659 AM EST   SUNSET   527 PM EST


-  INDICATES NEGATIVE NUMBERS.
R  INDICATES RECORD WAS SET OR TIED.
MM INDICATES DATA IS MISSING.
T  INDICATES TRACE AMOUNT.




$$
