000
CDUS42 KMLB 010632
CLIVRB


CLIMATE REPORT
NATIONAL WEATHER SERVICE MELBOURNE FL
232 AM EDT MON MAY 1 2017


...................................

...THE VERO BEACH CLIMATE SUMMARY FOR APRIL 30 2017...

CLIMATE NORMAL PERIOD 1981 TO 2010
CLIMATE RECORD PERIOD 1942 TO 2017


WEATHER ITEM   OBSERVED TIME   RECORD YEAR NORMAL DEPARTURE LAST
                VALUE   (LST)  VALUE       VALUE  FROM      YEAR
                                                  NORMAL
..................................................................
TEMPERATURE (F)
 YESTERDAY
  MAXIMUM         87    108 PM  91    1975  82      5       84
  MINIMUM         76    613 AM  49    1992  64     12       65
                                      1967
  AVERAGE         82                        73      9       75

PRECIPITATION (IN)
  YESTERDAY        0.00          3.72 1998   0.08  -0.08     0.00
  MONTH TO DATE    2.89                      2.72   0.17     1.60
  SINCE MAR 1      4.51                      6.84  -2.33     4.46
  SINCE JAN 1      6.47                     12.01  -5.54    17.81

SNOWFALL (IN)
  YESTERDAY        0.0
  MONTH TO DATE    0.0
  SINCE JUL 1      0.0

DEGREE DAYS
 HEATING
  YESTERDAY        0                         0      0        0
  MONTH TO DATE    3                        13    -10        5
  SINCE MAR 1     42                        70    -28       16
  SINCE JUL 1    185                       455   -270      284

 COOLING
  YESTERDAY       17                         8      9       10
  MONTH TO DATE  300                       190    110      222
  SINCE MAR 1    457                       319    138      458
  SINCE JAN 1    658                       458    200      556
..................................................................


WIND (MPH)
  HIGHEST WIND SPEED    26   HIGHEST WIND DIRECTION    SE (130)
  HIGHEST GUST SPEED    35   HIGHEST GUST DIRECTION    SE (140)
  AVERAGE WIND SPEED    17.8


SKY COVER
  AVERAGE SKY COVER 0.2


WEATHER CONDITIONS
 THE FOLLOWING WEATHER WAS RECORDED YESTERDAY.
  NO SIGNIFICANT WEATHER WAS OBSERVED.


RELATIVE HUMIDITY (PERCENT)
 HIGHEST    94          1200 AM
 LOWEST     61          1200 PM
 AVERAGE    78

..........................................................


THE VERO BEACH CLIMATE NORMALS FOR TODAY
                         NORMAL    RECORD    YEAR
 MAXIMUM TEMPERATURE (F)   83        96      1971
 MINIMUM TEMPERATURE (F)   64        47      1999


SUNRISE AND SUNSET
MAY  1 2017...........SUNRISE   642 AM EDT   SUNSET   756 PM EDT
MAY  2 2017...........SUNRISE   641 AM EDT   SUNSET   756 PM EDT


-  INDICATES NEGATIVE NUMBERS.
R  INDICATES RECORD WAS SET OR TIED.
MM INDICATES DATA IS MISSING.
T  INDICATES TRACE AMOUNT.




$$
