000
CDUS42 KMLB 192029
CLIVRB


CLIMATE REPORT
NATIONAL WEATHER SERVICE MELBOURNE FL
428 PM EDT TUE AUG 19 2014


...................................

...THE VERO BEACH CLIMATE SUMMARY FOR AUGUST 19 2014...
VALID TODAY AS OF 400 PM LOCAL TIME.

CLIMATE NORMAL PERIOD 1981 TO 2010
CLIMATE RECORD PERIOD 1942 TO 2014


WEATHER ITEM   OBSERVED TIME   RECORD YEAR NORMAL DEPARTURE LAST
                VALUE   (LST)  VALUE       VALUE  FROM      YEAR
                                                  NORMAL
..................................................................
TEMPERATURE (F)
 TODAY
  MAXIMUM         93    136 PM  96    1993  90      3       91
  MINIMUM         75    616 AM  68    1960  74      1       76
  AVERAGE         84                        82      2       84

PRECIPITATION (IN)
  TODAY            0.00          6.33 2008   0.22  -0.22     0.00
  MONTH TO DATE    4.88                      4.18   0.70     0.25
  SINCE JUN 1     18.72                     16.48   2.24    11.24
  SINCE JAN 1     31.90                     31.85   0.05    26.46

SNOWFALL (IN)
  TODAY            0.0
  MONTH TO DATE    0.0
  SINCE JUL 1      0.0

DEGREE DAYS
 HEATING
  TODAY            0                         0      0        0
  MONTH TO DATE    0                         0      0        0
  SINCE JUN 1      0                         0      0        0
  SINCE JUL 1      0                         0      0        0

 COOLING
  TODAY           19                        17      2       19
  MONTH TO DATE  319                       323     -4      323
  SINCE JUN 1   1241                      1297    -56     1304
  SINCE JAN 1   2167                      2103     64     2211
..................................................................


WIND (MPH)
  HIGHEST WIND SPEED    14   HIGHEST WIND DIRECTION    NE (50)
  HIGHEST GUST SPEED    19   HIGHEST GUST DIRECTION    NE (40)
  AVERAGE WIND SPEED     5.2


SKY COVER
  AVERAGE SKY COVER 0.2


WEATHER CONDITIONS
 THE FOLLOWING WEATHER WAS RECORDED TODAY.
  NO SIGNIFICANT WEATHER WAS OBSERVED.


RELATIVE HUMIDITY (PERCENT)
 HIGHEST   100           500 AM
 LOWEST     47           100 PM
 AVERAGE    74

..........................................................


THE VERO BEACH CLIMATE NORMALS FOR TOMORROW
                         NORMAL    RECORD    YEAR
 MAXIMUM TEMPERATURE (F)   90        95      2005
                                             1997
 MINIMUM TEMPERATURE (F)   74        69      2006
                                             1976
                                             1969


SUNRISE AND SUNSET
AUGUST 19 2014........SUNRISE   654 AM EDT   SUNSET   756 PM EDT
AUGUST 20 2014........SUNRISE   655 AM EDT   SUNSET   755 PM EDT


-  INDICATES NEGATIVE NUMBERS.
R  INDICATES RECORD WAS SET OR TIED.
MM INDICATES DATA IS MISSING.
T  INDICATES TRACE AMOUNT.




$$
