000
CDUS42 KMLB 230635
CLIVRB


CLIMATE REPORT
NATIONAL WEATHER SERVICE MELBOURNE FL
135 AM EST SUN NOV 23 2014


...................................

...THE VERO BEACH CLIMATE SUMMARY FOR NOVEMBER 22 2014...

CLIMATE NORMAL PERIOD 1981 TO 2010
CLIMATE RECORD PERIOD 1942 TO 2014


WEATHER ITEM   OBSERVED TIME   RECORD YEAR NORMAL DEPARTURE LAST
                VALUE   (LST)  VALUE       VALUE  FROM      YEAR
                                                  NORMAL
..................................................................
TEMPERATURE (F)
 YESTERDAY
  MAXIMUM         73   1159 PM  87    1948  78     -5       82
  MINIMUM         70    128 PM  37    2006  60     10       72
                                      1981
  AVERAGE         72                        69      3       77

PRECIPITATION (IN)
  YESTERDAY        0.23          1.77 1984   0.10   0.13      T
  MONTH TO DATE    1.10                      2.50  -1.40     6.98
  SINCE SEP 1     15.87                     14.20   1.67    14.13
  SINCE JAN 1     49.18                     48.90   0.28    41.81

SNOWFALL (IN)
  YESTERDAY        0.0
  MONTH TO DATE    0.0
  SINCE JUL 1      0.0

DEGREE DAYS
 HEATING
  YESTERDAY        0                         1     -1        0
  MONTH TO DATE   51                        14     37        0
  SINCE SEP 1     51                        17     34        0
  SINCE JUL 1     51                        17     34        0

 COOLING
  YESTERDAY        7                         5      2       12
  MONTH TO DATE   54                       144    -90      230
  SINCE SEP 1    747                       974   -227     1028
  SINCE JAN 1   3114                      3272   -158     3434
..................................................................


WIND (MPH)
  HIGHEST WIND SPEED    23   HIGHEST WIND DIRECTION     E (110)
  HIGHEST GUST SPEED    28   HIGHEST GUST DIRECTION     E (100)
  AVERAGE WIND SPEED    15.3


SKY COVER
  AVERAGE SKY COVER 1.0


WEATHER CONDITIONS
 THE FOLLOWING WEATHER WAS RECORDED YESTERDAY.
  HEAVY RAIN
  LIGHT RAIN
  FOG
  HAZE


RELATIVE HUMIDITY (PERCENT)
 HIGHEST    90           700 AM
 LOWEST     68          1200 AM
 AVERAGE    79

..........................................................


THE VERO BEACH CLIMATE NORMALS FOR TODAY
                         NORMAL    RECORD    YEAR
 MAXIMUM TEMPERATURE (F)   78        90      1977
 MINIMUM TEMPERATURE (F)   60        39      1981


SUNRISE AND SUNSET
NOVEMBER 23 2014......SUNRISE   649 AM EST   SUNSET   527 PM EST
NOVEMBER 24 2014......SUNRISE   650 AM EST   SUNSET   527 PM EST


-  INDICATES NEGATIVE NUMBERS.
R  INDICATES RECORD WAS SET OR TIED.
MM INDICATES DATA IS MISSING.
T  INDICATES TRACE AMOUNT.




$$
