000
CDUS41 KBTV 300530
CLIVSF


CLIMATE REPORT
NATIONAL WEATHER SERVICE BURLINGTON VT
128 AM EDT FRI SEP 30 2016


...................................

...THE SPRINGFIELD VT CLIMATE SUMMARY FOR SEPTEMBER 29 2016...

CLIMATE NORMAL PERIOD 1981 TO 2010
CLIMATE RECORD PERIOD 9999 TO 9999


WEATHER ITEM   OBSERVED TIME   NORMAL DEPARTURE LAST
                VALUE   (LST)  VALUE  FROM      YEAR
                                      NORMAL
......................................................
TEMPERATURE (F)
 YESTERDAY
  MAXIMUM         65    349 PM  65      0       74
  MINIMUM         43   1156 PM  42      1       58
  AVERAGE         54            53      1       66

PRECIPITATION (IN)
  YESTERDAY        0.00          0.16  -0.16     0.31
  MONTH TO DATE    1.06          3.60  -2.54     3.98
  SINCE SEP 1      1.06          3.60  -2.54     3.98
  SINCE JAN 1     19.94         31.97 -12.03    22.48

DEGREE DAYS
 HEATING
  YESTERDAY       11            12     -1        0
  MONTH TO DATE  128           185    -57      100
  SINCE SEP 1    128           185    -57      100
  SINCE JUL 1    150           240    -90      123

 COOLING
  YESTERDAY        0             0      0        1
  MONTH TO DATE   44            21     23       71
  SINCE SEP 1     44            21     23       71
  SINCE JAN 1    481           342    139      460
......................................................


WIND (MPH)
  HIGHEST WIND SPEED    14   HIGHEST WIND DIRECTION     E (100)
  HIGHEST GUST SPEED    19   HIGHEST GUST DIRECTION     E (100)
  AVERAGE WIND SPEED     3.1


SKY COVER
  AVERAGE SKY COVER 0.2


WEATHER CONDITIONS
 THE FOLLOWING WEATHER WAS RECORDED YESTERDAY.
  FOG


RELATIVE HUMIDITY (PERCENT)
 HIGHEST    93          1200 AM
 LOWEST     43          1200 PM
 AVERAGE    68

..........................................................


THE SPRINGFIELD VT CLIMATE NORMALS FOR TODAY
                         NORMAL    RECORD    YEAR
 MAXIMUM TEMPERATURE (F)   65        74      2010
 MINIMUM TEMPERATURE (F)   41        28      2000


SUNRISE AND SUNSET
SEPTEMBER 30 2016.....SUNRISE   647 AM EDT   SUNSET   632 PM EDT
OCTOBER  1 2016.......SUNRISE   648 AM EDT   SUNSET   630 PM EDT


-  INDICATES NEGATIVE NUMBERS.
R  INDICATES RECORD WAS SET OR TIED.
MM INDICATES DATA IS MISSING.
T  INDICATES TRACE AMOUNT.




$$
