000
CDUS41 KBTV 050524
CLIVSF


CLIMATE REPORT
NATIONAL WEATHER SERVICE BURLINGTON VT
123 AM EDT SAT SEP 5 2015


...................................

...THE SPRINGFIELD VT CLIMATE SUMMARY FOR SEPTEMBER 4 2015...

CLIMATE NORMAL PERIOD 1981 TO 2010
CLIMATE RECORD PERIOD 9999 TO 9999


WEATHER ITEM   OBSERVED TIME   NORMAL DEPARTURE LAST
                VALUE   (LST)  VALUE  FROM      YEAR
                                      NORMAL
......................................................
TEMPERATURE (F)
 YESTERDAY
  MAXIMUM         77    431 PM  76      1       82
  MINIMUM         54   1157 PM  52      2       51
  AVERAGE         66            64      2       67

PRECIPITATION (IN)
  YESTERDAY        0.00          0.10  -0.10     0.00
  MONTH TO DATE    0.26          0.36  -0.10     0.45
  SINCE SEP 1      0.26          0.36  -0.10     0.45
  SINCE JAN 1     18.76         28.73  -9.97    28.14

DEGREE DAYS
 HEATING
  YESTERDAY        0             3     -3        0
  MONTH TO DATE    0            11    -11        0
  SINCE SEP 1      0            11    -11        0
  SINCE JUL 1     23            66    -43       49

 COOLING
  YESTERDAY        1             2     -1        2
  MONTH TO DATE   21             8     13       22
  SINCE SEP 1     21             8     13       22
  SINCE JAN 1    410           329     81      259
......................................................


WIND (MPH)
  HIGHEST WIND SPEED     9   HIGHEST WIND DIRECTION    NE (60)
  HIGHEST GUST SPEED    12   HIGHEST GUST DIRECTION    NE (60)
  AVERAGE WIND SPEED     1.5


SKY COVER
  AVERAGE SKY COVER 0.4


WEATHER CONDITIONS
 THE FOLLOWING WEATHER WAS RECORDED YESTERDAY.
  FOG


RELATIVE HUMIDITY (PERCENT)
 HIGHEST   100           100 AM
 LOWEST     43           300 PM
 AVERAGE    72

..........................................................


THE SPRINGFIELD VT CLIMATE NORMALS FOR TODAY
                         NORMAL    RECORD    YEAR
 MAXIMUM TEMPERATURE (F)   75        88      2014
 MINIMUM TEMPERATURE (F)   52        36      2000


SUNRISE AND SUNSET
SEPTEMBER  5 2015.....SUNRISE   618 AM EDT   SUNSET   719 PM EDT
SEPTEMBER  6 2015.....SUNRISE   619 AM EDT   SUNSET   717 PM EDT


-  INDICATES NEGATIVE NUMBERS.
R  INDICATES RECORD WAS SET OR TIED.
MM INDICATES DATA IS MISSING.
T  INDICATES TRACE AMOUNT.




$$
