000
CDUS41 KBTV 260611
CLIVSF


CLIMATE REPORT
NATIONAL WEATHER SERVICE BURLINGTON VT
111 AM EST FRI DEC 26 2014


...................................

...THE SPRINGFIELD VT CLIMATE SUMMARY FOR DECEMBER 25 2014...

CLIMATE NORMAL PERIOD 1981 TO 2010
CLIMATE RECORD PERIOD 9999 TO 9999


WEATHER ITEM   OBSERVED TIME   NORMAL DEPARTURE LAST
                VALUE   (LST)  VALUE  FROM      YEAR
                                      NORMAL
......................................................
TEMPERATURE (F)
 YESTERDAY
  MAXIMUM         46    117 PM  32     14       19
  MINIMUM         33    531 AM  13     20        7
  AVERAGE         40            22     18       13

PRECIPITATION (IN)
  YESTERDAY        0.12          0.11   0.01      T
  MONTH TO DATE    4.47          2.71   1.76     0.48
  SINCE DEC 1      4.47          2.71   1.76     0.48
  SINCE JAN 1     40.80         43.29  -2.49    35.89

DEGREE DAYS
 HEATING
  YESTERDAY       25            42    -17       52
  MONTH TO DATE  848           960   -112      996
  SINCE DEC 1    848           960   -112      996
  SINCE JUL 1   2251          2603   -352     2696

 COOLING
  YESTERDAY        0             0      0        0
  MONTH TO DATE    0             0      0        0
  SINCE DEC 1      0             0      0        0
  SINCE JAN 1    282           345    -63      495
......................................................


WIND (MPH)
  HIGHEST WIND SPEED    29   HIGHEST WIND DIRECTION     W (270)
  HIGHEST GUST SPEED    42   HIGHEST GUST DIRECTION     W (250)
  AVERAGE WIND SPEED    10.2


SKY COVER
  AVERAGE SKY COVER 0.8


WEATHER CONDITIONS
 THE FOLLOWING WEATHER WAS RECORDED YESTERDAY.
  LIGHT RAIN
  FOG
  FOG W/VISIBILITY <= 1/4 MILE


RELATIVE HUMIDITY (PERCENT)
 HIGHEST   100          1200 AM
 LOWEST     53           100 PM
 AVERAGE    77

..........................................................


THE SPRINGFIELD VT CLIMATE NORMALS FOR TODAY
                         NORMAL    RECORD    YEAR
 MAXIMUM TEMPERATURE (F)   31        MM        MM
 MINIMUM TEMPERATURE (F)   13        MM        MM


SUNRISE AND SUNSET
DECEMBER 26 2014......SUNRISE   721 AM EST   SUNSET   420 PM EST
DECEMBER 27 2014......SUNRISE   722 AM EST   SUNSET   421 PM EST


-  INDICATES NEGATIVE NUMBERS.
R  INDICATES RECORD WAS SET OR TIED.
MM INDICATES DATA IS MISSING.
T  INDICATES TRACE AMOUNT.




$$
