394
CDUS41 KBTV 040525
CLIVSF


CLIMATE REPORT
NATIONAL WEATHER SERVICE BURLINGTON VT
123 AM EDT WED MAY 4 2016


...................................

...THE SPRINGFIELD VT CLIMATE SUMMARY FOR MAY 3 2016...

CLIMATE NORMAL PERIOD 1981 TO 2010
CLIMATE RECORD PERIOD 9999 TO 9999


WEATHER ITEM   OBSERVED TIME   NORMAL DEPARTURE LAST
                VALUE   (LST)  VALUE  FROM      YEAR
                                      NORMAL
......................................................
TEMPERATURE (F)
 YESTERDAY
  MAXIMUM         54    438 PM  64    -10       76
  MINIMUM         43    532 AM  39      4       39
  AVERAGE         49            51     -2       58

PRECIPITATION (IN)
  YESTERDAY        T             0.10  -0.10     0.00
  MONTH TO DATE    0.46          0.30   0.16      T
  SINCE MAR 1      3.57          7.22  -3.65     3.09
  SINCE JAN 1      8.79         12.83  -4.04     7.24

DEGREE DAYS
 HEATING
  YESTERDAY       16            14      2        7
  MONTH TO DATE   57            42     15       33
  SINCE MAR 1   1556          1703   -147     1892
  SINCE JUL 1   6212          7148   -936     7444

 COOLING
  YESTERDAY        0             0      0        0
  MONTH TO DATE    0             0      0        0
  SINCE MAR 1      0             2     -2        0
  SINCE JAN 1      0             2     -2        0
......................................................


WIND (MPH)
  HIGHEST WIND SPEED    10   HIGHEST WIND DIRECTION    NE (60)
  HIGHEST GUST SPEED    13   HIGHEST GUST DIRECTION    NE (50)
  AVERAGE WIND SPEED     3.0


SKY COVER
  AVERAGE SKY COVER 0.9


WEATHER CONDITIONS
 THE FOLLOWING WEATHER WAS RECORDED YESTERDAY.
  FOG


RELATIVE HUMIDITY (PERCENT)
 HIGHEST   100           400 AM
 LOWEST     59           300 PM
 AVERAGE    80

..........................................................


THE SPRINGFIELD VT CLIMATE NORMALS FOR TODAY
                         NORMAL    RECORD    YEAR
 MAXIMUM TEMPERATURE (F)   64        87      2001
 MINIMUM TEMPERATURE (F)   39        28      2003


SUNRISE AND SUNSET
MAY  4 2016...........SUNRISE   538 AM EDT   SUNSET   756 PM EDT
MAY  5 2016...........SUNRISE   537 AM EDT   SUNSET   757 PM EDT


-  INDICATES NEGATIVE NUMBERS.
R  INDICATES RECORD WAS SET OR TIED.
MM INDICATES DATA IS MISSING.
T  INDICATES TRACE AMOUNT.




$$
