000
CDUS41 KBTV 070553
CLIVSF


CLIMATE REPORT
NATIONAL WEATHER SERVICE BURLINGTON VT
1250 AM EST WED DEC 7 2016


...................................

...THE SPRINGFIELD VT CLIMATE SUMMARY FOR DECEMBER 6 2016...

CLIMATE NORMAL PERIOD 1981 TO 2010
CLIMATE RECORD PERIOD 9999 TO 9999


WEATHER ITEM   OBSERVED TIME   NORMAL DEPARTURE LAST
                VALUE   (LST)  VALUE  FROM      YEAR
                                      NORMAL
......................................................
TEMPERATURE (F)
 YESTERDAY
  MAXIMUM         39   1239 PM  37      2       42
  MINIMUM         19   1257 AM  21     -2       24
  AVERAGE         29            29      0       33

PRECIPITATION (IN)
  YESTERDAY        0.00          0.11  -0.11     0.00
  MONTH TO DATE    0.65          0.70  -0.05     0.35
  SINCE DEC 1      0.65          0.70  -0.05     0.35
  SINCE JAN 1     25.61         41.28 -15.67    28.90

DEGREE DAYS
 HEATING
  YESTERDAY       36            36      0       32
  MONTH TO DATE  188           209    -21      185
  SINCE DEC 1    188           209    -21      185
  SINCE JUL 1   1644          1852   -208     1598

 COOLING
  YESTERDAY        0             0      0        0
  MONTH TO DATE    0             0      0        0
  SINCE DEC 1      0             0      0        0
  SINCE JAN 1    481           345    136      460
......................................................


WIND (MPH)
  HIGHEST WIND SPEED     8   HIGHEST WIND DIRECTION     S (170)
  HIGHEST GUST SPEED    10   HIGHEST GUST DIRECTION     S (160)
  AVERAGE WIND SPEED     1.4


SKY COVER
  AVERAGE SKY COVER 0.5


WEATHER CONDITIONS
 THE FOLLOWING WEATHER WAS RECORDED YESTERDAY.
  FOG


RELATIVE HUMIDITY (PERCENT)
 HIGHEST   100           900 AM
 LOWEST     70           100 PM
 AVERAGE    85

..........................................................


THE SPRINGFIELD VT CLIMATE NORMALS FOR TODAY
                         NORMAL    RECORD    YEAR
 MAXIMUM TEMPERATURE (F)   37        72      1998
 MINIMUM TEMPERATURE (F)   21         3      2007


SUNRISE AND SUNSET
DECEMBER  7 2016......SUNRISE   709 AM EST   SUNSET   414 PM EST
DECEMBER  8 2016......SUNRISE   710 AM EST   SUNSET   414 PM EST


-  INDICATES NEGATIVE NUMBERS.
R  INDICATES RECORD WAS SET OR TIED.
MM INDICATES DATA IS MISSING.
T  INDICATES TRACE AMOUNT.




$$
