000
CDUS41 KBTV 230603
CLIVSF


CLIMATE REPORT
NATIONAL WEATHER SERVICE BURLINGTON VT
103 AM EST MON JAN 23 2017


...................................

...THE SPRINGFIELD VT CLIMATE SUMMARY FOR JANUARY 22 2017...

CLIMATE NORMAL PERIOD 1981 TO 2010
CLIMATE RECORD PERIOD 9999 TO 9999


WEATHER ITEM   OBSERVED TIME   NORMAL DEPARTURE LAST
                VALUE   (LST)  VALUE  FROM      YEAR
                                      NORMAL
......................................................
TEMPERATURE (F)
 YESTERDAY
  MAXIMUM         40    141 PM  29     11       27
  MINIMUM         32    238 AM   9     23       12
  AVERAGE         36            19     17       20

PRECIPITATION (IN)
  YESTERDAY        0.02          0.07  -0.05     0.00
  MONTH TO DATE    0.94          2.20  -1.26     1.49
  SINCE DEC 1      3.34          5.47  -2.13     4.81
  SINCE JAN 1      0.94          2.20  -1.26     1.49

DEGREE DAYS
 HEATING
  YESTERDAY       29            46    -17       45
  MONTH TO DATE  867          1001   -134      916
  SINCE DEC 1   2082          2221   -139     1786
  SINCE JUL 1   3538          3864   -326     3199

 COOLING
  YESTERDAY        0             0      0        0
  MONTH TO DATE    0             0      0        0
  SINCE DEC 1      0             0      0        0
  SINCE JAN 1      0             0      0        0
......................................................


WIND (MPH)
  HIGHEST WIND SPEED    10   HIGHEST WIND DIRECTION    NE (60)
  HIGHEST GUST SPEED    14   HIGHEST GUST DIRECTION    NE (50)
  AVERAGE WIND SPEED     1.4


SKY COVER
  AVERAGE SKY COVER 1.0


WEATHER CONDITIONS
 THE FOLLOWING WEATHER WAS RECORDED YESTERDAY.
  LIGHT RAIN
  LIGHT SNOW
  FOG


RELATIVE HUMIDITY (PERCENT)
 HIGHEST    96           900 AM
 LOWEST     82           700 PM
 AVERAGE    89

..........................................................


THE SPRINGFIELD VT CLIMATE NORMALS FOR TODAY
                         NORMAL    RECORD    YEAR
 MAXIMUM TEMPERATURE (F)   29        51      2002
 MINIMUM TEMPERATURE (F)    9       -11      2000


SUNRISE AND SUNSET
JANUARY 23 2017.......SUNRISE   714 AM EST   SUNSET   450 PM EST
JANUARY 24 2017.......SUNRISE   713 AM EST   SUNSET   452 PM EST


-  INDICATES NEGATIVE NUMBERS.
R  INDICATES RECORD WAS SET OR TIED.
MM INDICATES DATA IS MISSING.
T  INDICATES TRACE AMOUNT.




$$
