000
CDUS41 KBTV 270536
CLIVSF


CLIMATE REPORT
NATIONAL WEATHER SERVICE BURLINGTON VT
135 AM EDT WED AUG 27 2014


...................................

...THE SPRINGFIELD VT CLIMATE SUMMARY FOR AUGUST 26 2014...

CLIMATE NORMAL PERIOD 1981 TO 2010
CLIMATE RECORD PERIOD 9999 TO 9999


WEATHER ITEM   OBSERVED TIME   NORMAL DEPARTURE LAST
                VALUE   (LST)  VALUE  FROM      YEAR
                                      NORMAL
......................................................
TEMPERATURE (F)
 YESTERDAY
  MAXIMUM         85    235 PM  78      7       76
  MINIMUM         54    502 AM  54      0       60
  AVERAGE         70            66      4       68

PRECIPITATION (IN)
  YESTERDAY        0.00          0.13  -0.13     0.11
  MONTH TO DATE    3.38          3.25   0.13     1.68
  SINCE JUN 1     13.94         11.57   2.37    13.18
  SINCE JAN 1     27.47         27.84  -0.37    24.89

DEGREE DAYS
 HEATING
  YESTERDAY        0             2     -2        0
  MONTH TO DATE   36            28      8       39
  SINCE JUN 1    101           141    -40      146
  SINCE JUL 1     43            45     -2       45

 COOLING
  YESTERDAY        5             3      2        3
  MONTH TO DATE   49            94    -45       50
  SINCE JUN 1    221           297    -76      392
  SINCE JAN 1    226           309    -83      416
......................................................


WIND (MPH)
  HIGHEST WIND SPEED    15   HIGHEST WIND DIRECTION     W (270)
  HIGHEST GUST SPEED    19   HIGHEST GUST DIRECTION     W (280)
  AVERAGE WIND SPEED     2.2


SKY COVER
  AVERAGE SKY COVER 0.3


WEATHER CONDITIONS
 THE FOLLOWING WEATHER WAS RECORDED YESTERDAY.
  FOG
  FOG W/VISIBILITY <= 1/4 MILE


RELATIVE HUMIDITY (PERCENT)
 HIGHEST   100           100 AM
 LOWEST     37           200 PM
 AVERAGE    69

..........................................................


THE SPRINGFIELD VT CLIMATE NORMALS FOR TODAY
                         NORMAL    RECORD    YEAR
 MAXIMUM TEMPERATURE (F)   78        MM        MM
 MINIMUM TEMPERATURE (F)   54        MM        MM


SUNRISE AND SUNSET
AUGUST 27 2014........SUNRISE   608 AM EDT   SUNSET   734 PM EDT
AUGUST 28 2014........SUNRISE   610 AM EDT   SUNSET   732 PM EDT


-  INDICATES NEGATIVE NUMBERS.
R  INDICATES RECORD WAS SET OR TIED.
MM INDICATES DATA IS MISSING.
T  INDICATES TRACE AMOUNT.




$$
