000
CDUS43 KLBF 071041
CLIVTN


CLIMATE REPORT
NATIONAL WEATHER SERVICE NORTH PLATTE
439 AM CST WED DEC 7 2016


...................................

...THE VALENTINE NE CLIMATE SUMMARY FOR DECEMBER 6 2016...

CLIMATE NORMAL PERIOD 1981 TO 2010
CLIMATE RECORD PERIOD 1885 TO 2016


WEATHER ITEM   OBSERVED TIME   RECORD YEAR NORMAL DEPARTURE LAST
                VALUE   (LST)  VALUE       VALUE  FROM      YEAR
                                                  NORMAL
..................................................................
TEMPERATURE (F)
 YESTERDAY
  MAXIMUM         24    311 PM  73    1939  38    -14       49
  MINIMUM          7   1159 PM -26    2013  13     -6       18
  AVERAGE         16                        25     -9       34

PRECIPITATION (IN)
  YESTERDAY        0.00          0.64 1951   0.02  -0.02     0.00
  MONTH TO DATE    T                         0.08  -0.08     0.10
  SINCE DEC 1      T                         0.08  -0.08     0.10
  SINCE JAN 1     25.64                     19.73   5.91    26.13

SNOWFALL (IN)
  YESTERDAY        0.0           7.5  1951   0.1   -0.1      0.0
  MONTH TO DATE    T                         0.9   -0.9      2.3
  SINCE DEC 1      T                         0.9   -0.9      2.3
  SINCE JUL 1      6.3                       8.5   -2.2     12.4
  SNOW DEPTH       0

DEGREE DAYS
 HEATING
  YESTERDAY       49                        40      9       31
  MONTH TO DATE  215                       234    -19      217
  SINCE DEC 1    215                       234    -19      217
  SINCE JUL 1   1321                      1852   -531     1510

 COOLING
  YESTERDAY        0                         0      0        0
  MONTH TO DATE    0                         0      0        0
  SINCE DEC 1      0                         0      0        0
  SINCE JAN 1    880                       821     59      800
..................................................................


WIND (MPH)
  HIGHEST WIND SPEED    24   HIGHEST WIND DIRECTION     W (290)
  HIGHEST GUST SPEED    31   HIGHEST GUST DIRECTION    NW (300)
  AVERAGE WIND SPEED    13.1


SKY COVER
  POSSIBLE SUNSHINE  MM
  AVERAGE SKY COVER 0.0


WEATHER CONDITIONS
 THE FOLLOWING WEATHER WAS RECORDED YESTERDAY.
  NO SIGNIFICANT WEATHER WAS OBSERVED.


RELATIVE HUMIDITY (PERCENT)
 HIGHEST    73           700 AM
 LOWEST     44           200 PM
 AVERAGE    59

..........................................................


THE VALENTINE NE CLIMATE NORMALS FOR TODAY
                         NORMAL    RECORD    YEAR
 MAXIMUM TEMPERATURE (F)   38        66      2003
                                             1889
 MINIMUM TEMPERATURE (F)   12       -25      2013


SUNRISE AND SUNSET
DECEMBER  7 2016......SUNRISE   800 AM CST   SUNSET   508 PM CST
DECEMBER  8 2016......SUNRISE   801 AM CST   SUNSET   508 PM CST


-  INDICATES NEGATIVE NUMBERS.
R  INDICATES RECORD WAS SET OR TIED.
MM INDICATES DATA IS MISSING.
T  INDICATES TRACE AMOUNT.




$$
