000
CDUS43 KLBF 040944
CLIVTN


CLIMATE REPORT
NATIONAL WEATHER SERVICE NORTH PLATTE
440 AM CDT WED MAY 4 2016


...................................

...THE VALENTINE NE CLIMATE SUMMARY FOR MAY 3 2016...

CLIMATE NORMAL PERIOD 1981 TO 2010
CLIMATE RECORD PERIOD 1885 TO 2016


WEATHER ITEM   OBSERVED TIME   RECORD YEAR NORMAL DEPARTURE LAST
                VALUE   (LST)  VALUE       VALUE  FROM      YEAR
                                                  NORMAL
..................................................................
TEMPERATURE (F)
 YESTERDAY
  MAXIMUM         72    502 PM  89    1982  67      5       74
  MINIMUM         32    551 AM  18    2005  40     -8       42
  AVERAGE         52                        53     -1       58

PRECIPITATION (IN)
  YESTERDAY        0.00          1.27 1905   0.10  -0.10      T
  MONTH TO DATE    0.21                      0.28  -0.07     0.08
  SINCE MAR 1      5.76                      3.57   2.19     1.73
  SINCE JAN 1      6.44                      4.31   2.13     2.35

SNOWFALL (IN)
  YESTERDAY        0.0           2.3  1917   0.0    0.0      0.0
  MONTH TO DATE    0.0                       0.0    0.0      0.0
  SINCE MAR 1      7.0                      11.1   -4.1      0.8
  SINCE JUL 1     38.2                      33.2    5.0     22.5
  SNOW DEPTH       0

DEGREE DAYS
 HEATING
  YESTERDAY       13                        12      1        7
  MONTH TO DATE   52                        38     14       12
  SINCE MAR 1   1264                      1485   -221     1147
  SINCE JUL 1   5950                      6721   -771     6273

 COOLING
  YESTERDAY        0                         0      0        0
  MONTH TO DATE    0                         0      0        1
  SINCE MAR 1      3                         4     -1        3
  SINCE JAN 1      3                         4     -1        3
..................................................................


WIND (MPH)
  HIGHEST WIND SPEED    21   HIGHEST WIND DIRECTION     N (350)
  HIGHEST GUST SPEED    27   HIGHEST GUST DIRECTION     N (350)
  AVERAGE WIND SPEED     9.4


SKY COVER
  POSSIBLE SUNSHINE  MM
  AVERAGE SKY COVER 0.0


WEATHER CONDITIONS
 THE FOLLOWING WEATHER WAS RECORDED YESTERDAY.
  NO SIGNIFICANT WEATHER WAS OBSERVED.


RELATIVE HUMIDITY (PERCENT)
 HIGHEST   100           400 AM
 LOWEST     25           300 PM
 AVERAGE    63

..........................................................


THE VALENTINE NE CLIMATE NORMALS FOR TODAY
                         NORMAL    RECORD    YEAR
 MAXIMUM TEMPERATURE (F)   67        93      2000
                                             1986
                                             1966
 MINIMUM TEMPERATURE (F)   40        24      2013
                                             1945


SUNRISE AND SUNSET
MAY  4 2016...........SUNRISE   632 AM CDT   SUNSET   847 PM CDT
MAY  5 2016...........SUNRISE   630 AM CDT   SUNSET   848 PM CDT


-  INDICATES NEGATIVE NUMBERS.
R  INDICATES RECORD WAS SET OR TIED.
MM INDICATES DATA IS MISSING.
T  INDICATES TRACE AMOUNT.




$$
