000
CDUS43 KLBF 250934
CLIVTN


CLIMATE REPORT
NATIONAL WEATHER SERVICE NORTH PLATTE
433 AM CDT THU AUG 25 2016


...................................

...THE VALENTINE NE CLIMATE SUMMARY FOR AUGUST 24 2016...

CLIMATE NORMAL PERIOD 1981 TO 2010
CLIMATE RECORD PERIOD 1885 TO 2016


WEATHER ITEM   OBSERVED TIME   RECORD YEAR NORMAL DEPARTURE LAST
                VALUE   (LST)  VALUE       VALUE  FROM      YEAR
                                                  NORMAL
..................................................................
TEMPERATURE (F)
 YESTERDAY
  MAXIMUM         71    240 PM 107    1936  86    -15       81
  MINIMUM         47    442 AM  38    2015  57    -10       38
  AVERAGE         59                        72    -13       60

PRECIPITATION (IN)
  YESTERDAY        0.00          1.15 1943   0.05  -0.05     0.00
  MONTH TO DATE    0.72                      1.82  -1.10     1.89
  SINCE JUN 1      7.99                      8.59  -0.60     8.56
  SINCE JAN 1     21.31                     15.75   5.56    17.95

SNOWFALL (IN)
  YESTERDAY        0.0           0.0    MM   0.0    0.0      0.0
  MONTH TO DATE    0.0                       0.0    0.0      0.0
  SINCE JUN 1      0.0                       0.0    0.0      0.0
  SINCE JUL 1      0.0                       0.0    0.0      0.0
  SNOW DEPTH       0

DEGREE DAYS
 HEATING
  YESTERDAY        6                         1      5        5
  MONTH TO DATE   12                         5      7       29
  SINCE JUN 1     28                        74    -46       39
  SINCE JUL 1     17                        13      4       31

 COOLING
  YESTERDAY        0                         7     -7        0
  MONTH TO DATE  204                       214    -10      180
  SINCE JUN 1    735                       655     80      592
  SINCE JAN 1    753                       689     64      598
..................................................................


WIND (MPH)
  HIGHEST WIND SPEED    20   HIGHEST WIND DIRECTION     N (350)
  HIGHEST GUST SPEED    25   HIGHEST GUST DIRECTION     N (340)
  AVERAGE WIND SPEED     7.1


SKY COVER
  POSSIBLE SUNSHINE  MM
  AVERAGE SKY COVER 0.3


WEATHER CONDITIONS
 THE FOLLOWING WEATHER WAS RECORDED YESTERDAY.
  NO SIGNIFICANT WEATHER WAS OBSERVED.


RELATIVE HUMIDITY (PERCENT)
 HIGHEST    80          1000 PM
 LOWEST     44           300 PM
 AVERAGE    62

..........................................................


THE VALENTINE NE CLIMATE NORMALS FOR TODAY
                         NORMAL    RECORD    YEAR
 MAXIMUM TEMPERATURE (F)   86       104      1955
                                             1926
 MINIMUM TEMPERATURE (F)   57        38      1910


SUNRISE AND SUNSET
AUGUST 25 2016........SUNRISE   700 AM CDT   SUNSET   828 PM CDT
AUGUST 26 2016........SUNRISE   701 AM CDT   SUNSET   826 PM CDT


-  INDICATES NEGATIVE NUMBERS.
R  INDICATES RECORD WAS SET OR TIED.
MM INDICATES DATA IS MISSING.
T  INDICATES TRACE AMOUNT.




$$
