000
CDUS43 KLBF 111028
CLIVTN


CLIMATE REPORT
NATIONAL WEATHER SERVICE NORTH PLATTE
426 AM CST THU FEB 11 2016


...................................

...THE VALENTINE NE CLIMATE SUMMARY FOR FEBRUARY 10 2016...

CLIMATE NORMAL PERIOD 1981 TO 2010
CLIMATE RECORD PERIOD 1885 TO 2016


WEATHER ITEM   OBSERVED TIME   RECORD YEAR NORMAL DEPARTURE LAST
                VALUE   (LST)  VALUE       VALUE  FROM      YEAR
                                                  NORMAL
..................................................................
TEMPERATURE (F)
 YESTERDAY
  MAXIMUM         56    319 PM  73    1962  39     17       61
  MINIMUM         28   1159 PM -25    1981  13     15       29
  AVERAGE         42                        26     16       45

PRECIPITATION (IN)
  YESTERDAY        0.00          0.49 2013   0.01  -0.01     0.00
  MONTH TO DATE    0.05                      0.13  -0.08     0.16
  SINCE DEC 1      1.61                      0.76   0.85     1.37
  SINCE JAN 1      0.57                      0.39   0.18     0.47

SNOWFALL (IN)
  YESTERDAY        0.0           5.4  1993   0.2   -0.2      0.0
  MONTH TO DATE    1.0                       1.7   -0.7      1.5
  SINCE DEC 1     21.1                      10.6   10.5     13.7
  SINCE JUL 1     31.2                      18.2   13.0     20.1
  SNOW DEPTH       T

DEGREE DAYS
 HEATING
  YESTERDAY       23                        39    -16       20
  MONTH TO DATE  353                       397    -44      333
  SINCE DEC 1   2890                      2957    -67     2766
  SINCE JUL 1   4183                      4575   -392     4370

 COOLING
  YESTERDAY        0                         0      0        0
  MONTH TO DATE    0                         0      0        0
  SINCE DEC 1      0                         0      0        0
  SINCE JAN 1      0                         0      0        0
..................................................................


WIND (MPH)
  HIGHEST WIND SPEED    22   HIGHEST WIND DIRECTION    NW (310)
  HIGHEST GUST SPEED    30   HIGHEST GUST DIRECTION    NW (310)
  AVERAGE WIND SPEED    11.4


SKY COVER
  POSSIBLE SUNSHINE  MM
  AVERAGE SKY COVER 0.1


WEATHER CONDITIONS
 THE FOLLOWING WEATHER WAS RECORDED YESTERDAY.
  NO SIGNIFICANT WEATHER WAS OBSERVED.


RELATIVE HUMIDITY (PERCENT)
 HIGHEST    92           300 AM
 LOWEST     35           200 PM
 AVERAGE    64

..........................................................


THE VALENTINE NE CLIMATE NORMALS FOR TODAY
                         NORMAL    RECORD    YEAR
 MAXIMUM TEMPERATURE (F)   39        69      1938
 MINIMUM TEMPERATURE (F)   13       -37      1899


SUNRISE AND SUNSET
FEBRUARY 11 2016......SUNRISE   745 AM CST   SUNSET   608 PM CST
FEBRUARY 12 2016......SUNRISE   744 AM CST   SUNSET   609 PM CST


-  INDICATES NEGATIVE NUMBERS.
R  INDICATES RECORD WAS SET OR TIED.
MM INDICATES DATA IS MISSING.
T  INDICATES TRACE AMOUNT.

$$
