000
CDUS43 KLBF 120937
CLIVTN

CLIMATE REPORT
NATIONAL WEATHER SERVICE NORTH PLATTE
436 AM CDT SAT JUL 12 2014


...................................

...THE VALENTINE NE CLIMATE SUMMARY FOR JULY 11 2014...

CLIMATE NORMAL PERIOD 1981 TO 2010
CLIMATE RECORD PERIOD 1885 TO 2014


WEATHER ITEM   OBSERVED TIME   RECORD YEAR NORMAL DEPARTURE LAST
                VALUE   (LST)  VALUE       VALUE  FROM      YEAR
                                                  NORMAL
..................................................................
TEMPERATURE (F)
 YESTERDAY
  MAXIMUM         88   1125 AM 108    1939  89     -1       97
  MINIMUM         65    534 AM  45    1975  60      5       65
  AVERAGE         77                        74      3       81

PRECIPITATION (IN)
  YESTERDAY        0.05          1.41 2005   0.11  -0.06     0.00
  MONTH TO DATE    0.44                      1.18  -0.74     0.13
  SINCE JUN 1      9.07                      4.74   4.33     2.58
  SINCE JAN 1     16.28                     11.90   4.38    11.98

SNOWFALL (IN)
  YESTERDAY        0.0           0.0    MM   0.0    0.0      0.0
  MONTH TO DATE    0.0                       0.0    0.0      0.0
  SINCE JUN 1      0.0                       0.0    0.0      0.0
  SINCE JUL 1      0.0                       0.0    0.0      0.0
  SNOW DEPTH       0

DEGREE DAYS
 HEATING
  YESTERDAY        0                         0      0        0
  MONTH TO DATE    7                         2      5        0
  SINCE JUN 1     61                        63     -2       54
  SINCE JUL 1      7                         2      5        0

 COOLING
  YESTERDAY       12                        10      2       16
  MONTH TO DATE   78                        98    -20      103
  SINCE JUN 1    189                       235    -46      249
  SINCE JAN 1    250                       269    -19      288
..................................................................


WIND (MPH)
  HIGHEST WIND SPEED    21   HIGHEST WIND DIRECTION     W (280)
  HIGHEST GUST SPEED    27   HIGHEST GUST DIRECTION     W (280)
  AVERAGE WIND SPEED     6.1


SKY COVER
  POSSIBLE SUNSHINE  MM
  AVERAGE SKY COVER 0.1


WEATHER CONDITIONS
 THE FOLLOWING WEATHER WAS RECORDED YESTERDAY.
  THUNDERSTORM
  LIGHT RAIN


RELATIVE HUMIDITY (PERCENT)
 HIGHEST    93           100 AM
 LOWEST     45          1100 AM
 AVERAGE    69

..........................................................


THE VALENTINE NE CLIMATE NORMALS FOR TODAY
                         NORMAL    RECORD    YEAR
 MAXIMUM TEMPERATURE (F)   89       109      1995
 MINIMUM TEMPERATURE (F)   60        42      1922


SUNRISE AND SUNSET
JULY 12 2014..........SUNRISE   615 AM CDT   SUNSET   921 PM CDT
JULY 13 2014..........SUNRISE   615 AM CDT   SUNSET   920 PM CDT


-  INDICATES NEGATIVE NUMBERS.
R  INDICATES RECORD WAS SET OR TIED.
MM INDICATES DATA IS MISSING.
T  INDICATES TRACE AMOUNT.

$$
