000
CDUS46 KPQR 021141
CLIVUO


CLIMATE REPORT
NATIONAL WEATHER SERVICE PORTLAND OREGON
340 AM PST MON MAR 2 2015


...................................

...THE VANCOUVER WA CLIMATE SUMMARY FOR MARCH 1 2015...

CLIMATE NORMAL PERIOD 1981 TO 2010
CLIMATE RECORD PERIOD 1891 TO 2015


WEATHER ITEM   OBSERVED TIME   RECORD YEAR NORMAL DEPARTURE LAST
                VALUE   (LST)  VALUE       VALUE  FROM      YEAR
                                                  NORMAL
..................................................................
TEMPERATURE (F)
 YESTERDAY
  MAXIMUM         57    254 PM  70    1926  54      3       44
  MINIMUM         26    707 AM  19    1971  36    -10       34
  AVERAGE         42                        45     -3       39

PRECIPITATION (IN)
  YESTERDAY        0.00                      0.12  -0.12     0.04
  MONTH TO DATE    0.00                      0.12  -0.12     0.04
  SINCE OCT 1     22.31                     25.40  -3.09    12.40
  SINCE JAN 1      7.42                      9.65  -2.23     6.93

DEGREE DAYS
 HEATING
  YESTERDAY       23                                        26
  MONTH TO DATE   23                                        26
  SINCE JUL 1   2675                                      3489

 COOLING
  YESTERDAY        0                                         0
  MONTH TO DATE    0                                         0
  SINCE JAN 1      0                                         0
..................................................................


WIND (MPH)
  HIGHEST WIND SPEED     8   HIGHEST WIND DIRECTION     W (250)
  HIGHEST GUST SPEED    11   HIGHEST GUST DIRECTION     W (260)
  AVERAGE WIND SPEED     1.7


SKY COVER
  POSSIBLE SUNSHINE  MM
  AVERAGE SKY COVER 0.1


WEATHER CONDITIONS
 THE FOLLOWING WEATHER WAS RECORDED YESTERDAY.
  NO SIGNIFICANT WEATHER WAS OBSERVED.


RELATIVE HUMIDITY (PERCENT)
 HIGHEST    85           500 AM
 LOWEST     18           400 PM
 AVERAGE    52

..........................................................




SUNRISE AND SUNSET
MARCH  2 2015.........SUNRISE   647 AM PST   SUNSET   559 PM PST
MARCH  3 2015.........SUNRISE   646 AM PST   SUNSET   600 PM PST


-  INDICATES NEGATIVE NUMBERS.
R  INDICATES RECORD WAS SET OR TIED.
MM INDICATES DATA IS MISSING.
T  INDICATES TRACE AMOUNT.




$$
