000
CDUS46 KPQR 201141
CLIVUO


CLIMATE REPORT
NATIONAL WEATHER SERVICE PORTLAND OREGON
340 AM PST SAT DEC 20 2014


...................................

...THE VANCOUVER WA CLIMATE SUMMARY FOR DECEMBER 19 2014...

CLIMATE NORMAL PERIOD 1981 TO 2010
CLIMATE RECORD PERIOD 1891 TO 2014


WEATHER ITEM   OBSERVED TIME   RECORD YEAR NORMAL DEPARTURE LAST
                VALUE   (LST)  VALUE       VALUE  FROM      YEAR
                                                  NORMAL
..................................................................
TEMPERATURE (F)
 YESTERDAY
  MAXIMUM         53    214 PM  60    1950  46      7       38
  MINIMUM         43    249 AM   3    1924  34      9       24
  AVERAGE         48                        40      8       31

PRECIPITATION (IN)
  YESTERDAY        0.07                      0.24  -0.17     0.00
  MONTH TO DATE    3.47                      4.03  -0.56     1.07
  SINCE OCT 1     12.42                     13.01  -0.59     5.02
  SINCE JAN 1     35.86                     36.40  -0.54    26.09

DEGREE DAYS
 HEATING
  YESTERDAY       17                                        34
  MONTH TO DATE  403                                       603
  SINCE JUL 1   1211                                      1704

 COOLING
  YESTERDAY        0                                         0
  MONTH TO DATE    0                                         0
  SINCE JAN 1    531                                       450
..................................................................


WIND (MPH)
  HIGHEST WIND SPEED    14   HIGHEST WIND DIRECTION    SE (120)
  HIGHEST GUST SPEED    19   HIGHEST GUST DIRECTION     E (110)
  AVERAGE WIND SPEED     6.5


SKY COVER
  POSSIBLE SUNSHINE  MM
  AVERAGE SKY COVER 0.9


WEATHER CONDITIONS
 THE FOLLOWING WEATHER WAS RECORDED YESTERDAY.
  LIGHT RAIN


RELATIVE HUMIDITY (PERCENT)
 HIGHEST    92           200 AM
 LOWEST     71           100 PM
 AVERAGE    82

..........................................................




SUNRISE AND SUNSET
DECEMBER 20 2014......SUNRISE   748 AM PST   SUNSET   429 PM PST
DECEMBER 21 2014......SUNRISE   748 AM PST   SUNSET   429 PM PST


-  INDICATES NEGATIVE NUMBERS.
R  INDICATES RECORD WAS SET OR TIED.
MM INDICATES DATA IS MISSING.
T  INDICATES TRACE AMOUNT.




$$
