000
CDUS46 KPQR 230221
CLIVUO


CLIMATE REPORT
NATIONAL WEATHER SERVICE PORTLAND OREGON
720 PM PDT MON SEP 22 2014


...................................

...THE VANCOUVER WA CLIMATE SUMMARY FOR SEPTEMBER 22 2014...
VALID TODAY AS OF 0700 PM LOCAL TIME.

CLIMATE NORMAL PERIOD 1981 TO 2010
CLIMATE RECORD PERIOD 1891 TO 2014


WEATHER ITEM   OBSERVED TIME   RECORD YEAR NORMAL DEPARTURE LAST
                VALUE   (LST)  VALUE       VALUE  FROM      YEAR
                                                  NORMAL
..................................................................
TEMPERATURE (F)
 TODAY
  MAXIMUM         71    405 PM  94    1952  74     -3       62
  MINIMUM         58   1221 AM  38    1961  50      8       57
  AVERAGE         65                        62      3       60

PRECIPITATION (IN)
  TODAY            0.00                      0.07  -0.07     0.21
  MONTH TO DATE    0.05                      0.91  -0.86     1.93
  SINCE OCT 1     27.81                     38.49 -10.68    37.02
  SINCE JAN 1     22.34                     22.74  -0.40    17.76

DEGREE DAYS
 HEATING
  TODAY            0                                         5
  MONTH TO DATE    2                                        20
  SINCE SEP 1      2                                        20
  SINCE JUL 1      5                                        33

 COOLING
  TODAY            0                                         0
  MONTH TO DATE   68                                        74
  SINCE SEP 1     68                                        74
  SINCE JAN 1    520                                       450
..................................................................


WIND (MPH)
  HIGHEST WIND SPEED     8   HIGHEST WIND DIRECTION    SE (140)
  HIGHEST GUST SPEED    12   HIGHEST GUST DIRECTION    SE (140)
  AVERAGE WIND SPEED     4.0


SKY COVER
  POSSIBLE SUNSHINE  MM
  AVERAGE SKY COVER 0.6


WEATHER CONDITIONS
 THE FOLLOWING WEATHER WAS RECORDED TODAY.
  NO SIGNIFICANT WEATHER WAS OBSERVED.


RELATIVE HUMIDITY (PERCENT)
 HIGHEST    87          1200 AM
 LOWEST     55          1200 PM
 AVERAGE    71

..........................................................


THE VANCOUVER WA CLIMATE NORMALS FOR TOMORROW
                         NORMAL    RECORD    YEAR
 MAXIMUM TEMPERATURE (F)   73        94      1943
 MINIMUM TEMPERATURE (F)   50        33      1908


SUNRISE AND SUNSET
SEPTEMBER 22 2014.....SUNRISE   658 AM PDT   SUNSET   708 PM PDT
SEPTEMBER 23 2014.....SUNRISE   659 AM PDT   SUNSET   706 PM PDT


-  INDICATES NEGATIVE NUMBERS.
R  INDICATES RECORD WAS SET OR TIED.
MM INDICATES DATA IS MISSING.
T  INDICATES TRACE AMOUNT.




$$
