000
CDUS46 KPQR 271143
CLIVUO


CLIMATE REPORT
NATIONAL WEATHER SERVICE PORTLAND OREGON
442 AM PDT THU APR 27 2017


...................................

...THE VANCOUVER WA CLIMATE SUMMARY FOR APRIL 26 2017...

CLIMATE NORMAL PERIOD 1981 TO 2010
CLIMATE RECORD PERIOD 1891 TO 2017


WEATHER ITEM   OBSERVED TIME   RECORD YEAR NORMAL DEPARTURE LAST
                VALUE   (LST)  VALUE       VALUE  FROM      YEAR
                                                  NORMAL
..................................................................
TEMPERATURE (F)
 YESTERDAY
  MAXIMUM         59    340 PM  86    2004  64     -5       59
  MINIMUM         45   1159 PM  28    1984  44      1       37
  AVERAGE         52                        54     -2       48

PRECIPITATION (IN)
  YESTERDAY        0.15                      0.10   0.05     0.00
  MONTH TO DATE    4.05                      2.68   1.37     1.56
  SINCE OCT 1     45.65                     31.53  14.12    41.51
  SINCE JAN 1     25.79                     15.78  10.01    17.66

DEGREE DAYS
 HEATING
  YESTERDAY       13                                        17
  MONTH TO DATE  351                                       227
  SINCE JUL 1   4174                                      3545

 COOLING
  YESTERDAY        0                                         0
  MONTH TO DATE    0                                         6
  SINCE JAN 1      0                                         6
..................................................................


WIND (MPH)
  HIGHEST WIND SPEED    20   HIGHEST WIND DIRECTION     W (270)
  HIGHEST GUST SPEED    24   HIGHEST GUST DIRECTION     W (270)
  AVERAGE WIND SPEED     5.8


SKY COVER
  POSSIBLE SUNSHINE  MM
  AVERAGE SKY COVER 0.9


WEATHER CONDITIONS
 THE FOLLOWING WEATHER WAS RECORDED YESTERDAY.
  LIGHT RAIN
  FOG


RELATIVE HUMIDITY (PERCENT)
 HIGHEST    96           300 AM
 LOWEST     57           400 PM
 AVERAGE    77

..........................................................




SUNRISE AND SUNSET
APRIL 27 2017.........SUNRISE   604 AM PDT   SUNSET   813 PM PDT
APRIL 28 2017.........SUNRISE   602 AM PDT   SUNSET   814 PM PDT


-  INDICATES NEGATIVE NUMBERS.
R  INDICATES RECORD WAS SET OR TIED.
MM INDICATES DATA IS MISSING.
T  INDICATES TRACE AMOUNT.




$$
