000
CDUS46 KPQR 281151
CLIVUO


CLIMATE REPORT
NATIONAL WEATHER SERVICE PORTLAND OREGON
350 AM PST TUE FEB 28 2017


...................................

...THE VANCOUVER WA CLIMATE SUMMARY FOR FEBRUARY 27 2017...

CLIMATE NORMAL PERIOD 1981 TO 2010
CLIMATE RECORD PERIOD 1891 TO 2017


WEATHER ITEM   OBSERVED TIME   RECORD YEAR NORMAL DEPARTURE LAST
                VALUE   (LST)  VALUE       VALUE  FROM      YEAR
                                                  NORMAL
..................................................................
TEMPERATURE (F)
 YESTERDAY
  MAXIMUM         44    518 PM  69    1986  54    -10       58
  MINIMUM         37    804 AM  18    1993  36      1       46
  AVERAGE         41                        45     -4       52

PRECIPITATION (IN)
  YESTERDAY        0.07                      0.16  -0.09     0.08
  MONTH TO DATE   10.37                      3.87   6.50     3.41
  SINCE OCT 1     34.54                     25.12   9.42    34.36
  SINCE JAN 1     14.68                      9.37   5.31    10.51

DEGREE DAYS
 HEATING
  YESTERDAY       24                                        13
  MONTH TO DATE  644                                       466
  SINCE JUL 1   3277                                      2799

 COOLING
  YESTERDAY        0                                         0
  MONTH TO DATE    0                                         0
  SINCE JAN 1      0                                         0
..................................................................


WIND (MPH)
  HIGHEST WIND SPEED    13   HIGHEST WIND DIRECTION     W (250)
  HIGHEST GUST SPEED    17   HIGHEST GUST DIRECTION     W (260)
  AVERAGE WIND SPEED     4.0


SKY COVER
  POSSIBLE SUNSHINE  MM
  AVERAGE SKY COVER 1.0


WEATHER CONDITIONS
 THE FOLLOWING WEATHER WAS RECORDED YESTERDAY.
  LIGHT RAIN
  FOG


RELATIVE HUMIDITY (PERCENT)
 HIGHEST   100          1200 AM
 LOWEST     70           500 PM
 AVERAGE    85

..........................................................




SUNRISE AND SUNSET
FEBRUARY 28 2017......SUNRISE   650 AM PST   SUNSET   557 PM PST
MARCH  1 2017.........SUNRISE   648 AM PST   SUNSET   558 PM PST


-  INDICATES NEGATIVE NUMBERS.
R  INDICATES RECORD WAS SET OR TIED.
MM INDICATES DATA IS MISSING.
T  INDICATES TRACE AMOUNT.




$$
