000
CDUS46 KPQR 280220
CLIVUO


CLIMATE REPORT
NATIONAL WEATHER SERVICE PORTLAND OREGON
620 PM PST TUE JAN 27 2015


...................................

...THE VANCOUVER WA CLIMATE SUMMARY FOR JANUARY 27 2015...
VALID TODAY AS OF 0600 PM LOCAL TIME.

CLIMATE NORMAL PERIOD 1981 TO 2010
CLIMATE RECORD PERIOD 1891 TO 2015


WEATHER ITEM   OBSERVED TIME   RECORD YEAR NORMAL DEPARTURE LAST
                VALUE   (LST)  VALUE       VALUE  FROM      YEAR
                                                  NORMAL
..................................................................
TEMPERATURE (F)
 TODAY
  MAXIMUM         50    518 PM  62    1931  49      1       41
  MINIMUM         42   1000 AM   5    1902  36      6       28
  AVERAGE         46                        42      4       35

PRECIPITATION (IN)
  TODAY            0.00                      0.16  -0.16      T
  MONTH TO DATE    3.31                      4.89  -1.58     1.87
  SINCE OCT 1     18.20                     20.64  -2.44     7.34
  SINCE JAN 1      3.31                      4.89  -1.58     1.87

DEGREE DAYS
 HEATING
  TODAY           19                                        30
  MONTH TO DATE  617                                       670
  SINCE DEC 1   1282                                      1567
  SINCE JUL 1   2090                                      2668

 COOLING
  TODAY            0                                         0
  MONTH TO DATE    0                                         0
  SINCE DEC 1      0                                         0
  SINCE JAN 1      0                                         0
..................................................................


WIND (MPH)
  HIGHEST WIND SPEED     8   HIGHEST WIND DIRECTION    SE (120)
  HIGHEST GUST SPEED    11   HIGHEST GUST DIRECTION    SE (120)
  AVERAGE WIND SPEED     3.6


SKY COVER
  POSSIBLE SUNSHINE  MM
  AVERAGE SKY COVER 1.0


WEATHER CONDITIONS
 THE FOLLOWING WEATHER WAS RECORDED TODAY.
  FOG
  HAZE


RELATIVE HUMIDITY (PERCENT)
 HIGHEST   100           400 AM
 LOWEST     86          1200 PM
 AVERAGE    93

..........................................................


THE VANCOUVER WA CLIMATE NORMALS FOR TOMORROW
                         NORMAL    RECORD    YEAR
 MAXIMUM TEMPERATURE (F)   49        65      1931
 MINIMUM TEMPERATURE (F)   36         1      1902


SUNRISE AND SUNSET
JANUARY 27 2015.......SUNRISE   738 AM PST   SUNSET   510 PM PST
JANUARY 28 2015.......SUNRISE   737 AM PST   SUNSET   511 PM PST


-  INDICATES NEGATIVE NUMBERS.
R  INDICATES RECORD WAS SET OR TIED.
MM INDICATES DATA IS MISSING.
T  INDICATES TRACE AMOUNT.




$$
