000
CDUS46 KPQR 241146
CLIVUO


CLIMATE REPORT
NATIONAL WEATHER SERVICE PORTLAND OREGON
446 AM PDT FRI OCT 24 2014


...................................

...THE VANCOUVER WA CLIMATE SUMMARY FOR OCTOBER 23 2014...

CLIMATE NORMAL PERIOD 1981 TO 2010
CLIMATE RECORD PERIOD 1891 TO 2014


WEATHER ITEM   OBSERVED TIME   RECORD YEAR NORMAL DEPARTURE LAST
                VALUE   (LST)  VALUE       VALUE  FROM      YEAR
                                                  NORMAL
..................................................................
TEMPERATURE (F)
 YESTERDAY
  MAXIMUM         59   1054 AM  82    1929  61     -2       69
  MINIMUM         53   1159 PM  30    1916  43     10       45
  AVERAGE         56                        52      4       57

PRECIPITATION (IN)
  YESTERDAY        0.36                      0.11   0.25     0.00
  MONTH TO DATE    3.43                      2.17   1.26     0.79
  SINCE OCT 1      3.43                      2.17   1.26     0.79
  SINCE JAN 1     26.87                     25.56   1.31    21.86

DEGREE DAYS
 HEATING
  YESTERDAY        9                                         8
  MONTH TO DATE  105                                       273
  SINCE JUL 1    134                                       376

 COOLING
  YESTERDAY        0                                         0
  MONTH TO DATE   10                                         0
  SINCE JAN 1    531                                       450
..................................................................


WIND (MPH)
  HIGHEST WIND SPEED    12   HIGHEST WIND DIRECTION     E (110)
  HIGHEST GUST SPEED    15   HIGHEST GUST DIRECTION    SE (140)
  AVERAGE WIND SPEED     6.0


SKY COVER
  POSSIBLE SUNSHINE  MM
  AVERAGE SKY COVER 0.8


WEATHER CONDITIONS
 THE FOLLOWING WEATHER WAS RECORDED YESTERDAY.
  THUNDERSTORM
  RAIN
  LIGHT RAIN
  FOG


RELATIVE HUMIDITY (PERCENT)
 HIGHEST    93           400 AM
 LOWEST     80          1100 AM
 AVERAGE    87

..........................................................




SUNRISE AND SUNSET
OCTOBER 24 2014.......SUNRISE   739 AM PDT   SUNSET   610 PM PDT
OCTOBER 25 2014.......SUNRISE   741 AM PDT   SUNSET   608 PM PDT


-  INDICATES NEGATIVE NUMBERS.
R  INDICATES RECORD WAS SET OR TIED.
MM INDICATES DATA IS MISSING.
T  INDICATES TRACE AMOUNT.




$$
