263
CDUS46 KPQR 061143
CLIVUO


CLIMATE REPORT
NATIONAL WEATHER SERVICE PORTLAND OREGON
342 AM PST SAT FEB 6 2016


...................................

...THE VANCOUVER WA CLIMATE SUMMARY FOR FEBRUARY 5 2016...

CLIMATE NORMAL PERIOD 1981 TO 2010
CLIMATE RECORD PERIOD 1891 TO 2016


WEATHER ITEM   OBSERVED TIME   RECORD YEAR NORMAL DEPARTURE LAST
                VALUE   (LST)  VALUE       VALUE  FROM      YEAR
                                                  NORMAL
..................................................................
TEMPERATURE (F)
 YESTERDAY
  MAXIMUM         58    507 PM  61    1941  50      8       49
  MINIMUM         38    345 AM   6    1989  35      3       42
  AVERAGE         48                        43      5       46

PRECIPITATION (IN)
  YESTERDAY        0.11                      0.18  -0.07     0.66
  MONTH TO DATE    0.81                      0.89  -0.08     1.59
  SINCE OCT 1     31.76                     22.14   9.62    19.83
  SINCE JAN 1      7.91                      6.39   1.52     4.94

DEGREE DAYS
 HEATING
  YESTERDAY       17                                        19
  MONTH TO DATE  100                                        97
  SINCE JUL 1   2433                                      2276

 COOLING
  YESTERDAY        0                                         0
  MONTH TO DATE    0                                         0
  SINCE JAN 1      0                                         0
..................................................................


WIND (MPH)
  HIGHEST WIND SPEED    17   HIGHEST WIND DIRECTION     S (200)
  HIGHEST GUST SPEED    25   HIGHEST GUST DIRECTION    SW (210)
  AVERAGE WIND SPEED     5.3


SKY COVER
  POSSIBLE SUNSHINE  MM
  AVERAGE SKY COVER 0.3


WEATHER CONDITIONS
 THE FOLLOWING WEATHER WAS RECORDED YESTERDAY.
  LIGHT RAIN
  FOG


RELATIVE HUMIDITY (PERCENT)
 HIGHEST    93          1000 PM
 LOWEST     59           400 PM
 AVERAGE    76

..........................................................




SUNRISE AND SUNSET
FEBRUARY  6 2016......SUNRISE   726 AM PST   SUNSET   524 PM PST
FEBRUARY  7 2016......SUNRISE   725 AM PST   SUNSET   525 PM PST


-  INDICATES NEGATIVE NUMBERS.
R  INDICATES RECORD WAS SET OR TIED.
MM INDICATES DATA IS MISSING.
T  INDICATES TRACE AMOUNT.




$$
