320
CDUS46 KPQR 251146
CLIVUO


CLIMATE REPORT
NATIONAL WEATHER SERVICE PORTLAND OREGON
446 AM PDT SUN SEP 25 2016


...................................

...THE VANCOUVER WA CLIMATE SUMMARY FOR SEPTEMBER 24 2016...

CLIMATE NORMAL PERIOD 1981 TO 2010
CLIMATE RECORD PERIOD 1891 TO 2016


WEATHER ITEM   OBSERVED TIME   RECORD YEAR NORMAL DEPARTURE LAST
                VALUE   (LST)  VALUE       VALUE  FROM      YEAR
                                                  NORMAL
..................................................................
TEMPERATURE (F)
 YESTERDAY
  MAXIMUM         70    432 PM  94    1943  73     -3       77
  MINIMUM         48   1215 AM  31    1970  49     -1       49
  AVERAGE         59                        61     -2       63

PRECIPITATION (IN)
  YESTERDAY        0.00                      0.07  -0.07     0.00
  MONTH TO DATE    1.15                      1.05   0.10     0.97
  SINCE OCT 1     46.58                     38.63   7.95    31.74
  SINCE JAN 1     22.73                     22.88  -0.15    16.85

DEGREE DAYS
 HEATING
  YESTERDAY        6                                         2
  MONTH TO DATE   86                                        79
  SINCE JUL 1    108                                        83

 COOLING
  YESTERDAY        0                                         0
  MONTH TO DATE    9                                        33
  SINCE JAN 1    398                                       660
..................................................................


WIND (MPH)
  HIGHEST WIND SPEED     8   HIGHEST WIND DIRECTION     W (270)
  HIGHEST GUST SPEED    11   HIGHEST GUST DIRECTION     W (260)
  AVERAGE WIND SPEED     2.3


SKY COVER
  POSSIBLE SUNSHINE  MM
  AVERAGE SKY COVER 0.5


WEATHER CONDITIONS
 THE FOLLOWING WEATHER WAS RECORDED YESTERDAY.
  FOG
  FOG W/VISIBILITY <= 1/4 MILE


RELATIVE HUMIDITY (PERCENT)
 HIGHEST   100           100 AM
 LOWEST     36           500 PM
 AVERAGE    68

..........................................................




SUNRISE AND SUNSET
SEPTEMBER 25 2016.....SUNRISE   702 AM PDT   SUNSET   701 PM PDT
SEPTEMBER 26 2016.....SUNRISE   703 AM PDT   SUNSET   659 PM PDT


-  INDICATES NEGATIVE NUMBERS.
R  INDICATES RECORD WAS SET OR TIED.
MM INDICATES DATA IS MISSING.
T  INDICATES TRACE AMOUNT.




$$
