000
CDUS41 KAKQ 240645
CLIWAL


CLIMATE REPORT
NATIONAL WEATHER SERVICE WAKEFIELD, VA
145 AM EST FRI FEB 24 2017


...................................

...THE WALLOPS ISLAND VA CLIMATE SUMMARY FOR FEBRUARY 23 2017...

CLIMATE NORMAL PERIOD 1981 TO 2010
CLIMATE RECORD PERIOD 1963 TO 2017


WEATHER ITEM   OBSERVED TIME   RECORD YEAR NORMAL DEPARTURE
                VALUE   (LST)  VALUE       VALUE  FROM
                                                  NORMAL
...............................................................
TEMPERATURE (F)
 YESTERDAY
  MAXIMUM         69R  1110 AM  67    2012  48     21
  MINIMUM         50    626 AM  18    1999  32     18
  AVERAGE         60                        40     20

PRECIPITATION (IN)
  YESTERDAY        T             1.66        0.11  -0.11
  MONTH TO DATE    1.21                      2.23  -1.02
  SINCE DEC 1      9.97                      8.70   1.27
  SINCE JAN 1      6.00                      5.27   0.73

SNOWFALL (IN)
  YESTERDAY        0.0           0.2  1987   0.1   -0.1
                                      1989
  MONTH TO DATE    T                         2.9   -2.9
  SINCE NOV 1     10.1                       6.9    3.2
  SINCE JUL 1     10.1                       6.9    3.2

DEGREE DAYS
 HEATING
  YESTERDAY        5                              -20
  MONTH TO DATE  478                             -137
  SINCE DEC 1   1921                             -334
  SINCE JUL 1   2507                             -452

 COOLING
  YESTERDAY        0                                0
  MONTH TO DATE    0                                0
  SINCE DEC 1      0                                0
  SINCE JAN 1      0                                0
...............................................................


WIND (MPH)
  HIGHEST WIND SPEED    22   HIGHEST WIND DIRECTION     S (190)
  HIGHEST GUST SPEED    27   HIGHEST GUST DIRECTION     S (190)
  AVERAGE WIND SPEED    11.0




RELATIVE HUMIDITY (PERCENT)
 HIGHEST   100
 LOWEST     59
 AVERAGE    80

..........................................................


THE WALLOPS ISLAND VA CLIMATE NORMALS FOR TODAY
                         NORMAL    RECORD    YEAR
 MAXIMUM TEMPERATURE (F)   49        75      1985
 MINIMUM TEMPERATURE (F)   32        13      2015


SUNRISE AND SUNSET
FEBRUARY 24 2017......SUNRISE   640 AM EST   SUNSET   551 PM EST
FEBRUARY 25 2017......SUNRISE   639 AM EST   SUNSET   552 PM EST


-  INDICATES NEGATIVE NUMBERS.
R  INDICATES RECORD WAS SET OR TIED.
MM INDICATES DATA IS MISSING.
T  INDICATES TRACE AMOUNT.




$$
