000
CDUS41 KAKQ 170645
CLIWAL


CLIMATE REPORT
NATIONAL WEATHER SERVICE WAKEFIELD, VA
145 AM EST FRI NOV 17 2017


...................................

...THE WALLOPS ISLAND VA CLIMATE SUMMARY FOR NOVEMBER 16 2017...

CLIMATE NORMAL PERIOD 1981 TO 2010
CLIMATE RECORD PERIOD 1963 TO 2017


WEATHER ITEM   OBSERVED TIME   RECORD YEAR NORMAL DEPARTURE
                VALUE   (LST)  VALUE       VALUE  FROM
                                                  NORMAL
...............................................................
TEMPERATURE (F)
 YESTERDAY
  MAXIMUM         61    307 PM  74    2001  59      2
  MINIMUM         45   1159 PM  21    1967  41      4
  AVERAGE         53                        50      3

PRECIPITATION (IN)
  YESTERDAY        T             0.61        0.09  -0.09
  MONTH TO DATE    1.09                      1.51  -0.42
  SINCE SEP 1     10.97                      8.66   2.31
  SINCE JAN 1     46.49                     36.05  10.44

SNOWFALL (IN)
  YESTERDAY       MM             0.0    MM   0.0   MM
  MONTH TO DATE    0.0                       0.0    0.0
  SINCE NOV 1      0.0                       0.0    0.0
  SINCE JUL 1      0.0                       0.0    0.0

DEGREE DAYS
 HEATING
  YESTERDAY       12                               -3
  MONTH TO DATE  198                              -13
  SINCE SEP 1    337                             -116
  SINCE JUL 1    337                             -117

 COOLING
  YESTERDAY        0                                0
  MONTH TO DATE    6                                6
  SINCE SEP 1    278                               83
  SINCE JAN 1   1429                              234
...............................................................


WIND (MPH)
  HIGHEST WIND SPEED    16   HIGHEST WIND DIRECTION    NW (320)
  HIGHEST GUST SPEED    22   HIGHEST GUST DIRECTION    NW (330)
  AVERAGE WIND SPEED     8.5




RELATIVE HUMIDITY (PERCENT)
 HIGHEST   100
 LOWEST     47
 AVERAGE    74

..........................................................


THE WALLOPS ISLAND VA CLIMATE NORMALS FOR TODAY
                         NORMAL    RECORD    YEAR
 MAXIMUM TEMPERATURE (F)   58        68      2013
                                             1998
                                             1993
 MINIMUM TEMPERATURE (F)   40        27      1996
                                             1992


SUNRISE AND SUNSET
NOVEMBER 17 2017......SUNRISE   645 AM EST   SUNSET   449 PM EST
NOVEMBER 18 2017......SUNRISE   646 AM EST   SUNSET   448 PM EST


-  INDICATES NEGATIVE NUMBERS.
R  INDICATES RECORD WAS SET OR TIED.
MM INDICATES DATA IS MISSING.
T  INDICATES TRACE AMOUNT.




$$
