000
CDUS41 KAKQ 030626
CLIWAL


CLIMATE REPORT
NATIONAL WEATHER SERVICE WAKEFIELD, VA
126 AM EST SAT DEC 3 2016


...................................

...THE WALLOPS ISLAND VA CLIMATE SUMMARY FOR DECEMBER 2 2016...

CLIMATE NORMAL PERIOD 1981 TO 2010
CLIMATE RECORD PERIOD 1963 TO 2016


WEATHER ITEM   OBSERVED TIME   RECORD YEAR NORMAL DEPARTURE
                VALUE   (LST)  VALUE       VALUE  FROM
                                                  NORMAL
...............................................................
TEMPERATURE (F)
 YESTERDAY
  MAXIMUM         52   1213 PM  66    1991  53     -1
  MINIMUM         34    343 AM  23    1999  36     -2
  AVERAGE         43                        44     -1

PRECIPITATION (IN)
  YESTERDAY        0.00          0.87        0.11  -0.11
  MONTH TO DATE    0.06                      0.22  -0.16
  SINCE DEC 1      0.06                      0.22  -0.16
  SINCE JAN 1     52.51                     37.63  14.88

SNOWFALL (IN)
  YESTERDAY        0.0           0.0    MM   0.1   -0.1
  MONTH TO DATE    0.0                       0.1   -0.1
  SINCE NOV 1      0.0                       0.2   -0.2
  SINCE JUL 1      0.0                       0.2   -0.2

DEGREE DAYS
 HEATING
  YESTERDAY       22                                1
  MONTH TO DATE   32                               -9
  SINCE DEC 1     32                               -9
  SINCE JUL 1    618                             -127

 COOLING
  YESTERDAY        0                                0
  MONTH TO DATE    0                                0
  SINCE DEC 1      0                                0
  SINCE JAN 1   1644                              447
...............................................................


WIND (MPH)
  HIGHEST WIND SPEED    20   HIGHEST WIND DIRECTION     W (290)
  HIGHEST GUST SPEED    27   HIGHEST GUST DIRECTION    NW (300)
  AVERAGE WIND SPEED     7.6




RELATIVE HUMIDITY (PERCENT)
 HIGHEST    89
 LOWEST     44
 AVERAGE    67

..........................................................


THE WALLOPS ISLAND VA CLIMATE NORMALS FOR TODAY
                         NORMAL    RECORD    YEAR
 MAXIMUM TEMPERATURE (F)   53        72      2012
 MINIMUM TEMPERATURE (F)   36        20      1976


SUNRISE AND SUNSET
DECEMBER  3 2016......SUNRISE   701 AM EST   SUNSET   442 PM EST
DECEMBER  4 2016......SUNRISE   702 AM EST   SUNSET   442 PM EST


-  INDICATES NEGATIVE NUMBERS.
R  INDICATES RECORD WAS SET OR TIED.
MM INDICATES DATA IS MISSING.
T  INDICATES TRACE AMOUNT.




$$
