000
CDUS46 KLOX 040127
CLIWJF


CLIMATE REPORT
NATIONAL WEATHER SERVICE LOS ANGELES/OXNARD CA
627 PM PDT MON AUG 3 2015


...................................

...THE LANCASTER CLIMATE SUMMARY FOR AUGUST 3 2015...
VALID TODAY AS OF 0600 PM LOCAL TIME.

CLIMATE NORMAL PERIOD 1981 TO 2010
CLIMATE RECORD PERIOD 1948 TO 2015


WEATHER ITEM   OBSERVED TIME   RECORD YEAR NORMAL DEPARTURE LAST
                VALUE   (LST)  VALUE       VALUE  FROM      YEAR
                                                  NORMAL
..................................................................
TEMPERATURE (F)
 TODAY
  MAXIMUM         99    131 PM 107    1969  99      0       80
  MINIMUM         66    511 AM  55    2004  66      0       69
  AVERAGE         83                        83      0       75

PRECIPITATION (IN)
  TODAY            0.00          0.02 2012   0.01  -0.01     0.02
                                      2012
                                      2014
  MONTH TO DATE    0.00                      0.01  -0.01     0.03
  SINCE OCT 1      6.99                      7.14  -0.15     3.94
  SINCE JAN 1      4.07                      5.01  -0.94     2.35

SNOWFALL (IN)
  TODAY            0.0           0.0    MM   0.0             0.0
  MONTH TO DATE    0.0                       0.0             0.0
  SINCE JUN 1      0.0                       0.0             0.0
  SINCE JUL 1      0.0                       0.0             0.0
  SNOW DEPTH       0

DEGREE DAYS
 HEATING
  TODAY            0                         0      0        0
  MONTH TO DATE    0                         0      0        0
  SINCE JUN 1      2                         8     -6        0
  SINCE JUL 1      0                         0      0        0

 COOLING
  TODAY           18                        18      0       10
  MONTH TO DATE   55                        54      1       53
  SINCE JUN 1    981                       931     50     1040
  SINCE JAN 1   1079                      1120    -41     1240
..................................................................


WIND (MPH)
  HIGHEST WIND SPEED    25   HIGHEST WIND DIRECTION    SW (230)
  HIGHEST GUST SPEED    32   HIGHEST GUST DIRECTION    SW (230)
  AVERAGE WIND SPEED    11.1


SKY COVER
  POSSIBLE SUNSHINE  MM
  AVERAGE SKY COVER 0.0


WEATHER CONDITIONS
 THE FOLLOWING WEATHER WAS RECORDED TODAY.
  NO SIGNIFICANT WEATHER WAS OBSERVED.


RELATIVE HUMIDITY (PERCENT)
 HIGHEST    51           400 AM
 LOWEST     13           100 PM
 AVERAGE    32

..........................................................


THE LANCASTER CLIMATE NORMALS FOR TOMORROW
                         NORMAL    RECORD    YEAR
 MAXIMUM TEMPERATURE (F)   99       108      1966
 MINIMUM TEMPERATURE (F)   66        50      1953


SUNRISE AND SUNSET
AUGUST  3 2015........SUNRISE   604 AM PDT   SUNSET   753 PM PDT
AUGUST  4 2015........SUNRISE   605 AM PDT   SUNSET   752 PM PDT


-  INDICATES NEGATIVE NUMBERS.
R  INDICATES RECORD WAS SET OR TIED.
MM INDICATES DATA IS MISSING.
T  INDICATES TRACE AMOUNT.




$$
