000
CDUS46 KLOX 250126
CLIWJF


CLIMATE REPORT
NATIONAL WEATHER SERVICE LOS ANGELES/OXNARD CA
626 PM PDT FRI MAR 24 2017


...................................

...THE LANCASTER CLIMATE SUMMARY FOR MARCH 24 2017...
VALID TODAY AS OF 0600 PM LOCAL TIME.

CLIMATE NORMAL PERIOD 1981 TO 2010
CLIMATE RECORD PERIOD 1948 TO 2017


WEATHER ITEM   OBSERVED TIME   RECORD YEAR NORMAL DEPARTURE LAST
                VALUE   (LST)  VALUE       VALUE  FROM      YEAR
                                                  NORMAL
..................................................................
TEMPERATURE (F)
 TODAY
  MAXIMUM         75   1200 PM  86    1956  69      6       76
  MINIMUM         34    454 AM  27    2009  40     -6       33
  AVERAGE         55                        54      1       55

PRECIPITATION (IN)
  TODAY            0.00          0.35 1994   0.03  -0.03     0.00
  MONTH TO DATE    0.17                      0.96  -0.79     0.62
  SINCE OCT 1      6.51                      6.37   0.14     3.67
  SINCE JAN 1      4.52                      4.24   0.28     2.38

SNOWFALL (IN)
  TODAY            0.0           T    1983   0.0             0.0
  MONTH TO DATE    0.0                       0.0             0.0
  SINCE MAR 1      0.0                       0.0             0.0
  SINCE JUL 1      0.0                       2.3             0.0
  SNOW DEPTH       0

DEGREE DAYS
 HEATING
  TODAY           10                        11     -1       10
  MONTH TO DATE  219                       296    -77      195
  SINCE MAR 1    219                       296    -77      195
  SINCE JUL 1   2218                      2589   -371     2446

 COOLING
  TODAY            0                         0      0        0
  MONTH TO DATE    4                         0      4        3
  SINCE MAR 1      4                         0      4        3
  SINCE JAN 1      4                         0      4        6
..................................................................


WIND (MPH)
  HIGHEST WIND SPEED    25   HIGHEST WIND DIRECTION     W (250)
  HIGHEST GUST SPEED    30   HIGHEST GUST DIRECTION     W (260)
  AVERAGE WIND SPEED     7.9


SKY COVER
  POSSIBLE SUNSHINE  MM
  AVERAGE SKY COVER 0.0


WEATHER CONDITIONS
 THE FOLLOWING WEATHER WAS RECORDED TODAY.
  HAZE


RELATIVE HUMIDITY (PERCENT)
 HIGHEST    70           500 AM
 LOWEST     22          1100 AM
 AVERAGE    46

..........................................................


THE LANCASTER CLIMATE NORMALS FOR TOMORROW
                         NORMAL    RECORD    YEAR
 MAXIMUM TEMPERATURE (F)   69        84      1988
 MINIMUM TEMPERATURE (F)   40        28      1987


SUNRISE AND SUNSET
MARCH 24 2017.........SUNRISE   650 AM PDT   SUNSET   708 PM PDT
MARCH 25 2017.........SUNRISE   649 AM PDT   SUNSET   709 PM PDT


-  INDICATES NEGATIVE NUMBERS.
R  INDICATES RECORD WAS SET OR TIED.
MM INDICATES DATA IS MISSING.
T  INDICATES TRACE AMOUNT.




$$
