000
CDUS46 KLOX 310112
CLIWJF


CLIMATE REPORT
NATIONAL WEATHER SERVICE LOS ANGELES/OXNARD CA
612 PM PDT SAT JUL 30 2016


...................................

...THE LANCASTER CLIMATE SUMMARY FOR JULY 30 2016...
VALID TODAY AS OF 0600 PM LOCAL TIME.

CLIMATE NORMAL PERIOD 1981 TO 2010
CLIMATE RECORD PERIOD 1948 TO 2016


WEATHER ITEM   OBSERVED TIME   RECORD YEAR NORMAL DEPARTURE LAST
                VALUE   (LST)  VALUE       VALUE  FROM      YEAR
                                                  NORMAL
..................................................................
TEMPERATURE (F)
 TODAY
  MAXIMUM        102   1149 AM 106    2000  99      3       97
  MINIMUM         78    456 AM  50    1956  67     11       71
  AVERAGE         90                        83      7       84

PRECIPITATION (IN)
  TODAY            0.00          0.38 1984   0.00   0.00     0.00
  MONTH TO DATE    0.00                      0.09  -0.09     2.34
  SINCE OCT 1      3.82                      7.13  -3.31     6.99
  SINCE JAN 1      2.53                      5.00  -2.47     4.07

SNOWFALL (IN)
  TODAY            0.0           0.0    MM   0.0             0.0
  MONTH TO DATE    0.0                       0.0             0.0
  SINCE JUN 1      0.0                       0.0             0.0
  SINCE JUL 1      0.0                       0.0             0.0
  SNOW DEPTH       0

DEGREE DAYS
 HEATING
  TODAY            0                         0      0        0
  MONTH TO DATE    0                         0      0        0
  SINCE JUN 1      0                         8     -8        2
  SINCE JUL 1      0                         0      0        0

 COOLING
  TODAY           25                        18      7       19
  MONTH TO DATE  589                       520     69      431
  SINCE JUN 1   1123                       861    262      906
  SINCE JAN 1   1291                      1050    241     1004
..................................................................


WIND (MPH)
  HIGHEST WIND SPEED    30   HIGHEST WIND DIRECTION    SW (220)
  HIGHEST GUST SPEED    36   HIGHEST GUST DIRECTION    SW (210)
  AVERAGE WIND SPEED    16.4


SKY COVER
  POSSIBLE SUNSHINE  MM
  AVERAGE SKY COVER 0.0


WEATHER CONDITIONS
 THE FOLLOWING WEATHER WAS RECORDED TODAY.
  HAZE


RELATIVE HUMIDITY (PERCENT)
 HIGHEST    31           600 AM
 LOWEST     19          1200 PM
 AVERAGE    25

..........................................................


THE LANCASTER CLIMATE NORMALS FOR TOMORROW
                         NORMAL    RECORD    YEAR
 MAXIMUM TEMPERATURE (F)   99       107      1951
 MINIMUM TEMPERATURE (F)   67        52      1956


SUNRISE AND SUNSET
JULY 30 2016..........SUNRISE   602 AM PDT   SUNSET   756 PM PDT
JULY 31 2016..........SUNRISE   603 AM PDT   SUNSET   755 PM PDT


-  INDICATES NEGATIVE NUMBERS.
R  INDICATES RECORD WAS SET OR TIED.
MM INDICATES DATA IS MISSING.
T  INDICATES TRACE AMOUNT.




$$
