000
CDUS46 KLOX 280908
CLIWJF


CLIMATE REPORT
NATIONAL WEATHER SERVICE LOS ANGELES/OXNARD CA
208 AM PDT THU MAY 28 2015


...................................

...THE LANCASTER FOX FIELD CA CLIMATE SUMMARY FOR MAY 27 2015...

CLIMATE NORMAL PERIOD 1981 TO 2010
CLIMATE RECORD PERIOD 1948 TO 2015


WEATHER ITEM   OBSERVED TIME   RECORD YEAR NORMAL DEPARTURE
                VALUE   (LST)  VALUE       VALUE  FROM
                                                  NORMAL
...............................................................
TEMPERATURE (F)
 YESTERDAY
  MAXIMUM         88    214 PM 101    1984  86      2
  MINIMUM         57    459 AM  43    1998  57      0
  AVERAGE         73                        71      2

PRECIPITATION (IN)
  YESTERDAY        0.00          0.03 1981   0.00   0.00
  MONTH TO DATE    0.28                      0.08   0.20
  SINCE OCT 1      4.61                      6.98  -2.37
  SINCE JAN 1      1.69                      4.85  -3.16

SNOWFALL (IN)
  YESTERDAY        0.0           0.0    MM
  MONTH TO DATE    0.0
  SINCE MAR 1      0.0
  SINCE JUL 1      0.0
  SNOW DEPTH       0

DEGREE DAYS
 HEATING
  YESTERDAY        0                               -1
  MONTH TO DATE  105                               49
  SINCE MAR 1    507                             -124
  SINCE JUL 1   2376                             -548

 COOLING
  YESTERDAY        8                                1
  MONTH TO DATE   30                              -98
  SINCE MAR 1     58                             -100
  SINCE JAN 1     58                             -100
...............................................................


WIND (MPH)
  HIGHEST WIND SPEED    28   HIGHEST WIND DIRECTION    SW (240)
  HIGHEST GUST SPEED    32   HIGHEST GUST DIRECTION    SW (240)
  AVERAGE WIND SPEED    10.1




RELATIVE HUMIDITY (PERCENT)
 HIGHEST    62
 LOWEST     16
 AVERAGE    39

..........................................................


THE LANCASTER FOX FIELD CA CLIMATE NORMALS FOR TODAY
                         NORMAL    RECORD    YEAR
 MAXIMUM TEMPERATURE (F)   86       106      2003
 MINIMUM TEMPERATURE (F)   57        42      1953


SUNRISE AND SUNSET
MAY 28 2015...........SUNRISE   542 AM PDT   SUNSET   758 PM PDT
MAY 29 2015...........SUNRISE   542 AM PDT   SUNSET   759 PM PDT


-  INDICATES NEGATIVE NUMBERS.
R  INDICATES RECORD WAS SET OR TIED.
MM INDICATES DATA IS MISSING.
T  INDICATES TRACE AMOUNT.




$$
