507
CDUS46 KLOX 180125
CLIWJF


CLIMATE REPORT
NATIONAL WEATHER SERVICE LOS ANGELES/OXNARD CA
525 PM PST WED JAN 17 2018


...................................

...THE LANCASTER CLIMATE SUMMARY FOR JANUARY 17 2018...
VALID TODAY AS OF 0500 PM LOCAL TIME.

CLIMATE NORMAL PERIOD 1981 TO 2010
CLIMATE RECORD PERIOD 1948 TO 2018


WEATHER ITEM   OBSERVED TIME   RECORD YEAR NORMAL DEPARTURE LAST
                VALUE   (LST)  VALUE       VALUE  FROM      YEAR
                                                  NORMAL
..................................................................
TEMPERATURE (F)
 TODAY
  MAXIMUM         69    229 PM  76    2011  59     10       58
  MINIMUM         36    610 AM   8    2007  31      5       28
  AVERAGE         53                        45      8       43

PRECIPITATION (IN)
  TODAY            0.00          1.41 1988   0.05  -0.05     0.00
  MONTH TO DATE    0.95                      0.83   0.12     0.94
  SINCE OCT 1      0.97                      2.96  -1.99     2.93
  SINCE JAN 1      0.95                      0.83   0.12     0.94

SNOWFALL (IN)
  TODAY            0.0           T    1990   0.0             0.0
  MONTH TO DATE    0.0                       0.2             0.0
  SINCE DEC 1      0.0                       1.5             0.0
  SINCE JUL 1      0.0                       1.5             0.0
  SNOW DEPTH       0

DEGREE DAYS
 HEATING
  TODAY           12                        20     -8       22
  MONTH TO DATE  225                       351   -126      316
  SINCE DEC 1    866                      1008   -142      894
  SINCE JUL 1   1228                      1553   -325     1320

 COOLING
  TODAY            0                         0      0        0
  MONTH TO DATE    0                         0      0        0
  SINCE DEC 1      0                         0      0        0
  SINCE JAN 1      0                         0      0        0
..................................................................


WIND (MPH)
  HIGHEST WIND SPEED     9   HIGHEST WIND DIRECTION    NW (310)
  HIGHEST GUST SPEED    10   HIGHEST GUST DIRECTION     E (90)
  AVERAGE WIND SPEED     1.9


SKY COVER
  POSSIBLE SUNSHINE  MM
  AVERAGE SKY COVER 0.0


WEATHER CONDITIONS
 THE FOLLOWING WEATHER WAS RECORDED TODAY.
  NO SIGNIFICANT WEATHER WAS OBSERVED.


RELATIVE HUMIDITY (PERCENT)
 HIGHEST    85           600 AM
 LOWEST     29           400 PM
 AVERAGE    57

..........................................................


THE LANCASTER CLIMATE NORMALS FOR TOMORROW
                         NORMAL    RECORD    YEAR
 MAXIMUM TEMPERATURE (F)   59        75      1959
 MINIMUM TEMPERATURE (F)   31        13      2007


SUNRISE AND SUNSET
JANUARY 17 2018.......SUNRISE   659 AM PST   SUNSET   507 PM PST
JANUARY 18 2018.......SUNRISE   659 AM PST   SUNSET   508 PM PST


-  INDICATES NEGATIVE NUMBERS.
R  INDICATES RECORD WAS SET OR TIED.
MM INDICATES DATA IS MISSING.
T  INDICATES TRACE AMOUNT.




$$
