000
CDUS46 KLOX 240901
CLIWJF


CLIMATE REPORT
NATIONAL WEATHER SERVICE LOS ANGELES/OXNARD CA
201 AM PDT MON APR 24 2017


...................................

...THE LANCASTER FOX FIELD CA CLIMATE SUMMARY FOR APRIL 23 2017...

CLIMATE NORMAL PERIOD 1981 TO 2010
CLIMATE RECORD PERIOD 1948 TO 2017


WEATHER ITEM   OBSERVED TIME   RECORD YEAR NORMAL DEPARTURE
                VALUE   (LST)  VALUE       VALUE  FROM
                                                  NORMAL
...............................................................
TEMPERATURE (F)
 YESTERDAY
  MAXIMUM         79    202 PM  98    1949  75      4
  MINIMUM         55    452 AM  30    1968  47      8
  AVERAGE         67                        61      6

PRECIPITATION (IN)
  YESTERDAY        0.00          0.09 1988   0.00   0.00
  MONTH TO DATE    T                         0.29  -0.29
  SINCE OCT 1      6.51                      6.84  -0.33
  SINCE JAN 1      4.52                      4.71  -0.19

SNOWFALL (IN)
  YESTERDAY        0.0           0.0    MM
  MONTH TO DATE    0.0
  SINCE MAR 1      0.0
  SINCE JUL 1      0.0
  SNOW DEPTH       0

DEGREE DAYS
 HEATING
  YESTERDAY        0                               -5
  MONTH TO DATE  105                              -71
  SINCE MAR 1    386                             -158
  SINCE JUL 1   2385                             -452

 COOLING
  YESTERDAY        2                                1
  MONTH TO DATE    6                               -8
  SINCE MAR 1     10                               -6
  SINCE JAN 1     10                               -6
...............................................................


WIND (MPH)
  HIGHEST WIND SPEED    35   HIGHEST WIND DIRECTION     W (270)
  HIGHEST GUST SPEED    41   HIGHEST GUST DIRECTION     W (260)
  AVERAGE WIND SPEED    23.7




RELATIVE HUMIDITY (PERCENT)
 HIGHEST    57
 LOWEST     16
 AVERAGE    37

..........................................................


THE LANCASTER FOX FIELD CA CLIMATE NORMALS FOR TODAY
                         NORMAL    RECORD    YEAR
 MAXIMUM TEMPERATURE (F)   76        93      1953
 MINIMUM TEMPERATURE (F)   47        31      1971


SUNRISE AND SUNSET
APRIL 24 2017.........SUNRISE   610 AM PDT   SUNSET   733 PM PDT
APRIL 25 2017.........SUNRISE   609 AM PDT   SUNSET   733 PM PDT


-  INDICATES NEGATIVE NUMBERS.
R  INDICATES RECORD WAS SET OR TIED.
MM INDICATES DATA IS MISSING.
T  INDICATES TRACE AMOUNT.




$$
