000
CDUS46 KLOX 310901
CLIWJF


CLIMATE REPORT
NATIONAL WEATHER SERVICE LOS ANGELES/OXNARD CA
200 AM PDT SUN AUG 31 2014


...................................

...THE LANCASTER FOX FIELD CA CLIMATE SUMMARY FOR AUGUST 30 2014...

CLIMATE NORMAL PERIOD 1981 TO 2010
CLIMATE RECORD PERIOD 1948 TO 2014


WEATHER ITEM   OBSERVED TIME   RECORD YEAR NORMAL DEPARTURE
                VALUE   (LST)  VALUE       VALUE  FROM
                                                  NORMAL
...............................................................
TEMPERATURE (F)
 YESTERDAY
  MAXIMUM        100    206 PM 109    1948  96      4
  MINIMUM         73    558 AM  50    1975  62     11
  AVERAGE         87                        79      8

PRECIPITATION (IN)
  YESTERDAY        0.00          0.57 1967   0.01  -0.01
  MONTH TO DATE    0.03                      0.10  -0.07
  SINCE JUL 1      0.03                      0.19  -0.16
  SINCE JAN 1      2.35                      5.10  -2.75

SNOWFALL (IN)
  YESTERDAY        0.0           0.0    MM
  MONTH TO DATE    0.0
  SINCE JUN 1      0.0
  SINCE JUL 1      0.0
  SNOW DEPTH       0

DEGREE DAYS
 HEATING
  YESTERDAY        0                                0
  MONTH TO DATE    0                                0
  SINCE JUN 1      0                               -8
  SINCE JUL 1      0                                0

 COOLING
  YESTERDAY       22                                8
  MONTH TO DATE  443                              -36
  SINCE JUN 1   1430                               74
  SINCE JAN 1   1630                               85
...............................................................


WIND (MPH)
  HIGHEST WIND SPEED    31   HIGHEST WIND DIRECTION     W (280)
  HIGHEST GUST SPEED    37   HIGHEST GUST DIRECTION     W (280)
  AVERAGE WIND SPEED    18.2




RELATIVE HUMIDITY (PERCENT)
 HIGHEST    29
 LOWEST      8
 AVERAGE    19

..........................................................


THE LANCASTER FOX FIELD CA CLIMATE NORMALS FOR TODAY
                         NORMAL    RECORD    YEAR
 MAXIMUM TEMPERATURE (F)   95       109      1948
 MINIMUM TEMPERATURE (F)   61        48      1974


SUNRISE AND SUNSET
AUGUST 31 2014........SUNRISE   625 AM PDT   SUNSET   721 PM PDT
SEPTEMBER  1 2014.....SUNRISE   626 AM PDT   SUNSET   719 PM PDT


-  INDICATES NEGATIVE NUMBERS.
R  INDICATES RECORD WAS SET OR TIED.
MM INDICATES DATA IS MISSING.
T  INDICATES TRACE AMOUNT.




$$
