000
CDUS46 KLOX 250912
CLIWJF


CLIMATE REPORT
NATIONAL WEATHER SERVICE LOS ANGELES/OXNARD CA
212 AM PDT FRI JUL 25 2014


...................................

...THE LANCASTER FOX FIELD CA CLIMATE SUMMARY FOR JULY 24 2014...

CLIMATE NORMAL PERIOD 1981 TO 2010
CLIMATE RECORD PERIOD 1948 TO 2014


WEATHER ITEM   OBSERVED TIME   RECORD YEAR NORMAL DEPARTURE
                VALUE   (LST)  VALUE       VALUE  FROM
                                                  NORMAL
...............................................................
TEMPERATURE (F)
 YESTERDAY
  MAXIMUM        106    202 PM 109    2006  99      7
  MINIMUM         67    529 AM  55    1995  67      0
  AVERAGE         87                        83      4

PRECIPITATION (IN)
  YESTERDAY        0.00          0.20 1978   0.00   0.00
  MONTH TO DATE    T                         0.07  -0.07
  SINCE JUL 1      T                         0.07  -0.07
  SINCE JAN 1      2.32                      4.98  -2.66

SNOWFALL (IN)
  YESTERDAY        0.0           0.0    MM
  MONTH TO DATE    0.0
  SINCE JUN 1      0.0
  SINCE JUL 1      0.0
  SNOW DEPTH       0

DEGREE DAYS
 HEATING
  YESTERDAY        0                                0
  MONTH TO DATE    0                                0
  SINCE JUN 1      0                               -8
  SINCE JUL 1      0                                0

 COOLING
  YESTERDAY       22                                4
  MONTH TO DATE  434                               22
  SINCE JUN 1    834                               81
  SINCE JAN 1   1034                               92
...............................................................


WIND (MPH)
  HIGHEST WIND SPEED    25   HIGHEST WIND DIRECTION     W (280)
  HIGHEST GUST SPEED    30   HIGHEST GUST DIRECTION     W (280)
  AVERAGE WIND SPEED    10.9




RELATIVE HUMIDITY (PERCENT)
 HIGHEST    53
 LOWEST      3
 AVERAGE    28

..........................................................


THE LANCASTER FOX FIELD CA CLIMATE NORMALS FOR TODAY
                         NORMAL    RECORD    YEAR
 MAXIMUM TEMPERATURE (F)   99       110      2006
                                             1975
 MINIMUM TEMPERATURE (F)   67        55      1995


SUNRISE AND SUNSET
JULY 25 2014..........SUNRISE   558 AM PDT   SUNSET   801 PM PDT
JULY 26 2014..........SUNRISE   558 AM PDT   SUNSET   800 PM PDT


-  INDICATES NEGATIVE NUMBERS.
R  INDICATES RECORD WAS SET OR TIED.
MM INDICATES DATA IS MISSING.
T  INDICATES TRACE AMOUNT.




$$
