000
CDUS45 KLKN 240934
CLIWMC


CLIMATE REPORT
NATIONAL WEATHER SERVICE ELKO NV
134 AM PST MON NOV 24 2014


...................................

...THE WINNEMUCCA AIRPORT NV CLIMATE SUMMARY FOR NOVEMBER 23 2014...

CLIMATE NORMAL PERIOD 1981 TO 2010
CLIMATE RECORD PERIOD 1877 TO 2014


WEATHER ITEM   OBSERVED TIME   RECORD YEAR NORMAL DEPARTURE LAST
                VALUE   (LST)  VALUE       VALUE  FROM      YEAR
                                                  NORMAL
..................................................................
TEMPERATURE (F)
 YESTERDAY
  MAXIMUM         44    242 PM  65    1998  48     -4       51
                                      1954
  MINIMUM         23    706 AM  -3    1947  21      2       27
  AVERAGE         34                        34      0       39

PRECIPITATION (IN)
  YESTERDAY        0.00          0.81 1981   0.03  -0.03     0.00
  MONTH TO DATE    0.98                      0.67   0.31     0.57
  SINCE OCT 1      1.07                      1.34  -0.27     2.05
  SINCE JAN 1      7.05                      7.14  -0.09     5.11

SNOWFALL (IN)
  YESTERDAY        0.0           4.8  1918   0.1   -0.1      0.0
  MONTH TO DATE    0.5                       2.0   -1.5       T
  SINCE SEP 1      0.5                       2.5   -2.0      6.6
  SINCE JUL 1      0.5                       2.5   -2.0      6.6
  SNOW DEPTH       0

DEGREE DAYS
 HEATING
  YESTERDAY       31                        31      0       26
  MONTH TO DATE  618                       619     -1      544
  SINCE SEP 1   1123                      1314   -191     1326
  SINCE JUL 1   1142                      1344   -202     1326

 COOLING
  YESTERDAY        0                         0      0        0
  MONTH TO DATE    0                         0      0        0
  SINCE SEP 1     49                        31     18       81
  SINCE JAN 1    674                       541    133      762
..................................................................


WIND (MPH)
  HIGHEST WIND SPEED    14   HIGHEST WIND DIRECTION     W (250)
  HIGHEST GUST SPEED    18   HIGHEST GUST DIRECTION     W (250)
  AVERAGE WIND SPEED     4.1



WEATHER CONDITIONS
 THE FOLLOWING WEATHER WAS RECORDED YESTERDAY.
  NO SIGNIFICANT WEATHER WAS OBSERVED.


RELATIVE HUMIDITY (PERCENT)
 HIGHEST    88           700 AM
 LOWEST     49          1200 PM
 AVERAGE    69

..........................................................


THE WINNEMUCCA AIRPORT NV CLIMATE NORMALS FOR TODAY
                         NORMAL    RECORD    YEAR
 MAXIMUM TEMPERATURE (F)   47        71      1995
 MINIMUM TEMPERATURE (F)   21        -9      2010


SUNRISE AND SUNSET
NOVEMBER 24 2014......SUNRISE   649 AM PST   SUNSET   427 PM PST
NOVEMBER 25 2014......SUNRISE   650 AM PST   SUNSET   426 PM PST


-  INDICATES NEGATIVE NUMBERS.
R  INDICATES RECORD WAS SET OR TIED.
MM INDICATES DATA IS MISSING.
T  INDICATES TRACE AMOUNT.




$$
