000
CDUS45 KLKN 110100
CLIWMC


CLIMATE REPORT
NATIONAL WEATHER SERVICE ELKO NV
438 PM PST SAT DEC 10 2016


...................................

...THE WINNEMUCCA AIRPORT NV CLIMATE SUMMARY FOR DECEMBER 10 2016...
VALID TODAY AS OF 0400 PM LOCAL TIME.

CLIMATE NORMAL PERIOD 1981 TO 2010
CLIMATE RECORD PERIOD 1877 TO 2016


WEATHER ITEM   OBSERVED TIME   RECORD YEAR NORMAL DEPARTURE LAST
                VALUE   (LST)  VALUE       VALUE  FROM      YEAR
                                                  NORMAL
..................................................................
TEMPERATURE (F)
 TODAY
  MAXIMUM         49   1048 AM  70    1939  42      7       55
  MINIMUM         39    359 PM -30    1972  18     21       33
  AVERAGE         44                        30     14       44

PRECIPITATION (IN)
  TODAY            0.64R         0.57 1910   0.02   0.62     0.15
  MONTH TO DATE    0.91                      0.29   0.62     0.15
  SINCE OCT 1      3.25                      1.84   1.41     2.66
  SINCE JAN 1      8.07                      7.64   0.43     9.28

SNOWFALL (IN)
  TODAY            0.0           2.2  1961   0.2   -0.2      0.0
  MONTH TO DATE    2.8                       1.6    1.2      0.0
  SINCE DEC 1      2.8                       1.6    1.2      0.0
  SINCE JUL 1      3.4                       5.1   -1.7      0.3
  SNOW DEPTH       0

DEGREE DAYS
 HEATING
  TODAY           21                        35    -14       21
  MONTH TO DATE  354                       344     10      256
  SINCE DEC 1    354                       344     10      256
  SINCE JUL 1   1689                      1912   -223     1605

 COOLING
  TODAY            0                         0      0        0
  MONTH TO DATE    0                         0      0        0
  SINCE DEC 1      0                         0      0        0
  SINCE JAN 1    577                       541     36      617
..................................................................


WIND (MPH)
  HIGHEST WIND SPEED    24   HIGHEST WIND DIRECTION    SW (220)
  HIGHEST GUST SPEED    31   HIGHEST GUST DIRECTION    SW (210)



WEATHER CONDITIONS
 THE FOLLOWING WEATHER WAS RECORDED TODAY.
  RAIN
  LIGHT RAIN
  FOG


RELATIVE HUMIDITY (PERCENT)
 HIGHEST   100           700 AM
 LOWEST     50          1200 AM
 AVERAGE    75

..........................................................


THE WINNEMUCCA AIRPORT NV CLIMATE NORMALS FOR TOMORROW
                         NORMAL    RECORD    YEAR
 MAXIMUM TEMPERATURE (F)   42        64      2014
                                             1958
 MINIMUM TEMPERATURE (F)   18       -33      1972


SUNRISE AND SUNSET
DECEMBER 10 2016......SUNRISE   705 AM PST   SUNSET   423 PM PST
DECEMBER 11 2016......SUNRISE   706 AM PST   SUNSET   423 PM PST


-  INDICATES NEGATIVE NUMBERS.
R  INDICATES RECORD WAS SET OR TIED.
MM INDICATES DATA IS MISSING.
T  INDICATES TRACE AMOUNT.




$$
