000
CDUS45 KLKN 280931
CLIWMC


CLIMATE REPORT
NATIONAL WEATHER SERVICE ELKO NV
230 AM PDT THU MAY 28 2015


...................................

...THE WINNEMUCCA AIRPORT NV CLIMATE SUMMARY FOR MAY 27 2015...

CLIMATE NORMAL PERIOD 1981 TO 2010
CLIMATE RECORD PERIOD 1877 TO 2015


WEATHER ITEM   OBSERVED TIME   RECORD YEAR NORMAL DEPARTURE LAST
                VALUE   (LST)  VALUE       VALUE  FROM      YEAR
                                                  NORMAL
..................................................................
TEMPERATURE (F)
 YESTERDAY
  MAXIMUM         76        MM  94    1983  76      0       90
  MINIMUM         46        MM  25    1998  41      5       49
                                      1961
  AVERAGE         61                        58      3       70

PRECIPITATION (IN)
  YESTERDAY        0.03          0.66 1996   0.03   0.00     0.00
  MONTH TO DATE    2.17                      0.99   1.18     0.74
  SINCE OCT 1      7.91                      6.72   1.19     6.58
  SINCE JAN 1      5.34                      4.24   1.10     3.92

SNOWFALL (IN)
  YESTERDAY        0.0           0.0  1877   0.0    0.0      0.0
  MONTH TO DATE    0.0                       0.1   -0.1      0.0
  SINCE MAR 1      2.4                       4.9   -2.5      1.9
  SINCE JUL 1      5.3                      20.9  -15.6     23.4
  SNOW DEPTH       0

DEGREE DAYS
 HEATING
  YESTERDAY        4                         8     -4        0
  MONTH TO DATE  295                       292      3      252
  SINCE MAR 1   1470                      1583   -113     1480
  SINCE JUL 1   5252                      6172   -920     6139

 COOLING
  YESTERDAY        0                         1     -1        5
  MONTH TO DATE    0                         5     -5        9
  SINCE MAR 1      0                         5     -5        9
  SINCE JAN 1      0                         5     -5        9
..................................................................


WIND (MPH)
  HIGHEST WIND SPEED    15   HIGHEST WIND DIRECTION     W (270)
  HIGHEST GUST SPEED    17   HIGHEST GUST DIRECTION    SW (240)
  AVERAGE WIND SPEED     6.5



WEATHER CONDITIONS
 THE FOLLOWING WEATHER WAS RECORDED YESTERDAY.
  LIGHT RAIN


RELATIVE HUMIDITY (PERCENT)
 HIGHEST    86           400 AM
 LOWEST     21           500 PM
 AVERAGE    54

..........................................................


THE WINNEMUCCA AIRPORT NV CLIMATE NORMALS FOR TODAY
                         NORMAL    RECORD    YEAR
 MAXIMUM TEMPERATURE (F)   76        98      2003
 MINIMUM TEMPERATURE (F)   41        24      1954


SUNRISE AND SUNSET
MAY 28 2015...........SUNRISE   524 AM PDT   SUNSET   814 PM PDT
MAY 29 2015...........SUNRISE   523 AM PDT   SUNSET   814 PM PDT


-  INDICATES NEGATIVE NUMBERS.
R  INDICATES RECORD WAS SET OR TIED.
MM INDICATES DATA IS MISSING.
T  INDICATES TRACE AMOUNT.




$$
