000
CDUS45 KLKN 230931
CLIWMC


CLIMATE REPORT
NATIONAL WEATHER SERVICE ELKO NV
230 AM PDT WED JUL 23 2014


...................................

...THE WINNEMUCCA AIRPORT NV CLIMATE SUMMARY FOR JULY 22 2014...

CLIMATE NORMAL PERIOD 1981 TO 2010
CLIMATE RECORD PERIOD 1877 TO 2014


WEATHER ITEM   OBSERVED TIME   RECORD YEAR NORMAL DEPARTURE LAST
                VALUE   (LST)  VALUE       VALUE  FROM      YEAR
                                                  NORMAL
..................................................................
TEMPERATURE (F)
 YESTERDAY
  MAXIMUM         90    302 PM 107    2003  95     -5      103
  MINIMUM         53    532 AM  37    1999  53      0       50
  AVERAGE         72                        74     -2       77

PRECIPITATION (IN)
  YESTERDAY        0.00          0.86 1984   0.01  -0.01     0.00
  MONTH TO DATE    0.10                      0.17  -0.07     0.27
  SINCE OCT 1      6.75                      7.58  -0.83     4.64
  SINCE JAN 1      4.09                      5.10  -1.01     2.23

SNOWFALL (IN)
  YESTERDAY        0.0           0.0  1877   0.0    0.0      0.0
  MONTH TO DATE    0.0                       0.0    0.0       T
  SINCE JUN 1      0.0                       T      0.0       T
  SINCE JUL 1      0.0                       0.0    0.0       T
  SNOW DEPTH       0

DEGREE DAYS
 HEATING
  YESTERDAY        0                         0      0        0
  MONTH TO DATE    0                         6     -6        0
  SINCE JUN 1     74                       111    -37       70
  SINCE JUL 1      0                         6     -6        0

 COOLING
  YESTERDAY        7                         9     -2       12
  MONTH TO DATE  298                       166    132      270
  SINCE JUN 1    372                       245    127      398
  SINCE JAN 1    381                       256    125      399
..................................................................


WIND (MPH)
  HIGHEST WIND SPEED    20   HIGHEST WIND DIRECTION    NW (300)
  HIGHEST GUST SPEED    27   HIGHEST GUST DIRECTION    NW (300)
  AVERAGE WIND SPEED     6.5



WEATHER CONDITIONS
 THE FOLLOWING WEATHER WAS RECORDED YESTERDAY.
  NO SIGNIFICANT WEATHER WAS OBSERVED.


RELATIVE HUMIDITY (PERCENT)
 HIGHEST    93           200 AM
 LOWEST     21           300 PM
 AVERAGE    57

..........................................................


THE WINNEMUCCA AIRPORT NV CLIMATE NORMALS FOR TODAY
                         NORMAL    RECORD    YEAR
 MAXIMUM TEMPERATURE (F)   95       107      2003
 MINIMUM TEMPERATURE (F)   53        38      1973


SUNRISE AND SUNSET
JULY 23 2014..........SUNRISE   539 AM PDT   SUNSET   816 PM PDT
JULY 24 2014..........SUNRISE   540 AM PDT   SUNSET   815 PM PDT


-  INDICATES NEGATIVE NUMBERS.
R  INDICATES RECORD WAS SET OR TIED.
MM INDICATES DATA IS MISSING.
T  INDICATES TRACE AMOUNT.




$$
