000
CDUS45 KLKN 260931
CLIWMC


CLIMATE REPORT
NATIONAL WEATHER SERVICE ELKO NV
229 AM PDT MON SEP 26 2016


...................................

...THE WINNEMUCCA AIRPORT NV CLIMATE SUMMARY FOR SEPTEMBER 25 2016...

CLIMATE NORMAL PERIOD 1981 TO 2010
CLIMATE RECORD PERIOD 1877 TO 2016


WEATHER ITEM   OBSERVED TIME   RECORD YEAR NORMAL DEPARTURE LAST
                VALUE   (LST)  VALUE       VALUE  FROM      YEAR
                                                  NORMAL
..................................................................
TEMPERATURE (F)
 YESTERDAY
  MAXIMUM         81    324 PM  92    2015  77      4       92
                                      2009
  MINIMUM         31    600 AM  18    1972  36     -5       37
  AVERAGE         56                        56      0       65

PRECIPITATION (IN)
  YESTERDAY        0.00          0.87 1915   0.02  -0.02     0.00
  MONTH TO DATE    0.24                      0.35  -0.11     0.06
  SINCE OCT 1      9.10                      8.19   0.91     9.19
  SINCE JAN 1      4.82                      5.71  -0.89     6.62

SNOWFALL (IN)
  YESTERDAY        0.0           0.0  1877   0.0    0.0      0.0
  MONTH TO DATE    0.0                       0.0    0.0      0.0
  SINCE SEP 1      0.0                       0.0    0.0      0.0
  SINCE JUL 1      0.0                       0.0    0.0      0.0
  SNOW DEPTH       0

DEGREE DAYS
 HEATING
  YESTERDAY        9                         9      0        0
  MONTH TO DATE  162                       125     37      110
  SINCE SEP 1    162                       125     37      110
  SINCE JUL 1    182                       155     27      120

 COOLING
  YESTERDAY        0                         0      0        0
  MONTH TO DATE    7                        29    -22       22
  SINCE SEP 1      7                        29    -22       22
  SINCE JAN 1    572                       539     33      609
..................................................................


WIND (MPH)
  HIGHEST WIND SPEED    20   HIGHEST WIND DIRECTION    NE (30)
  HIGHEST GUST SPEED    25   HIGHEST GUST DIRECTION     N (10)
  AVERAGE WIND SPEED     7.4



WEATHER CONDITIONS
 THE FOLLOWING WEATHER WAS RECORDED YESTERDAY.
  NO SIGNIFICANT WEATHER WAS OBSERVED.


RELATIVE HUMIDITY (PERCENT)
 HIGHEST    63           600 AM
 LOWEST     12          1200 PM
 AVERAGE    38

..........................................................


THE WINNEMUCCA AIRPORT NV CLIMATE NORMALS FOR TODAY
                         NORMAL    RECORD    YEAR
 MAXIMUM TEMPERATURE (F)   76        93      1963
 MINIMUM TEMPERATURE (F)   36        17      1934


SUNRISE AND SUNSET
SEPTEMBER 26 2016.....SUNRISE   643 AM PDT   SUNSET   641 PM PDT
SEPTEMBER 27 2016.....SUNRISE   644 AM PDT   SUNSET   639 PM PDT


-  INDICATES NEGATIVE NUMBERS.
R  INDICATES RECORD WAS SET OR TIED.
MM INDICATES DATA IS MISSING.
T  INDICATES TRACE AMOUNT.




$$
