000
CDUS41 KALY 290621
CLIWRK


CLIMATE REPORT
NATIONAL WEATHER SERVICE ALBANY NY
221 AM EDT FRI AUG 29 2014


...................................

...THE POUGHKEEPSIE NY CLIMATE SUMMARY FOR AUGUST 28 2014...

CLIMATE NORMAL PERIOD 1981 TO 2010
CLIMATE RECORD PERIOD 1949 TO 2014


WEATHER ITEM   OBSERVED TIME   RECORD YEAR NORMAL DEPARTURE LAST
                VALUE   (LST)  VALUE       VALUE  FROM      YEAR
                                                  NORMAL
..................................................................
TEMPERATURE (F)
 YESTERDAY
  MAXIMUM         81    142 PM  98    1973  81      0       86
  MINIMUM         55   1159 PM  45    1986  58     -3       64
  AVERAGE         68                        69     -1       75

PRECIPITATION (IN)
  YESTERDAY        0.00          5.95 2011   0.11  -0.11     0.00
  MONTH TO DATE    2.83                      3.86  -1.03     6.51
  SINCE JUN 1     10.09                     12.94  -2.85    19.47
  SINCE JAN 1     24.12                     30.44  -6.32    30.12

DEGREE DAYS
 HEATING
  YESTERDAY        0                         1     -1        0
  MONTH TO DATE    3                         6     -3        3
  SINCE JUN 1     10                        60    -50       34
  SINCE JUL 1      3                        11     -8        3

 COOLING
  YESTERDAY        3                         5     -2       10
  MONTH TO DATE  146                       188    -42      137
  SINCE JUN 1    549                       555     -6      674
  SINCE JAN 1    582                       591     -9      727
..................................................................


WIND (MPH)
  HIGHEST WIND SPEED    17   HIGHEST WIND DIRECTION    NW (300)
  HIGHEST GUST SPEED    25   HIGHEST GUST DIRECTION    NW (300)
  AVERAGE WIND SPEED     5.2


SKY COVER
  AVERAGE SKY COVER 0.3



RELATIVE HUMIDITY (PERCENT)
 HIGHEST    93           500 AM
 LOWEST     36           400 PM
 AVERAGE    65

..........................................................


THE POUGHKEEPSIE NY CLIMATE NORMALS FOR TODAY
                         NORMAL    RECORD    YEAR
 MAXIMUM TEMPERATURE (F)   81        97      1953
 MINIMUM TEMPERATURE (F)   57        38      1986


SUNRISE AND SUNSET
AUGUST 29 2014........SUNRISE   618 AM EDT   SUNSET   734 PM EDT
AUGUST 30 2014........SUNRISE   619 AM EDT   SUNSET   732 PM EDT


-  INDICATES NEGATIVE NUMBERS.
R  INDICATES RECORD WAS SET OR TIED.
MM INDICATES DATA IS MISSING.
T  INDICATES TRACE AMOUNT.




$$
