000
CDUS45 KRIW 250741
CLIWRL


CLIMATE REPORT
NATIONAL WEATHER SERVICE RIVERTON WY
1240 AM MST THU DEC 25 2014


...................................

...THE WORLAND WY CLIMATE SUMMARY FOR DECEMBER 24 2014...

CLIMATE NORMAL PERIOD 1981 TO 2010
CLIMATE RECORD PERIOD 1947 TO 2014


WEATHER ITEM   OBSERVED TIME   RECORD YEAR NORMAL DEPARTURE LAST
                VALUE   (LST)  VALUE       VALUE  FROM      YEAR
                                                  NORMAL
..................................................................
TEMPERATURE (F)
 YESTERDAY
  MAXIMUM         22    736 PM  58    1994  29     -7       34
  MINIMUM          1    307 AM -37    1983   3     -2        5
  AVERAGE         12                        16     -4       20

PRECIPITATION (IN)
  YESTERDAY        0.00          0.12 1982   0.01  -0.01     0.02
  MONTH TO DATE    0.42                      0.18   0.24     0.11
  SINCE DEC 1      0.42                      0.18   0.24     0.11
  SINCE JAN 1      7.98                      7.52   0.46     7.85

DEGREE DAYS
 HEATING
  YESTERDAY       53                        49      4       45
  MONTH TO DATE 1002                      1127   -125     1238
  SINCE DEC 1   1002                      1127   -125     1238
  SINCE JUL 1   2918                      3019   -101     3094

 COOLING
  YESTERDAY        0                         0      0        0
  MONTH TO DATE    0                         0      0        0
  SINCE DEC 1      0                         0      0        0
  SINCE JAN 1    543                       535      8      852
..................................................................


WIND (MPH)
  HIGHEST WIND SPEED     9   HIGHEST WIND DIRECTION     S (160)
  HIGHEST GUST SPEED    12   HIGHEST GUST DIRECTION    SW (240)
  AVERAGE WIND SPEED     3.3


SKY COVER
  POSSIBLE SUNSHINE  MM
  AVERAGE SKY COVER 0.2


WEATHER CONDITIONS
 THE FOLLOWING WEATHER WAS RECORDED YESTERDAY.
  NO SIGNIFICANT WEATHER WAS OBSERVED.


RELATIVE HUMIDITY (PERCENT)
 HIGHEST    95           300 AM
 LOWEST     71           200 PM
 AVERAGE    83

..........................................................


THE WORLAND WY CLIMATE NORMALS FOR TODAY
                         NORMAL    RECORD    YEAR
 MAXIMUM TEMPERATURE (F)   29        57      1971
 MINIMUM TEMPERATURE (F)    3       -19      1962


SUNRISE AND SUNSET
DECEMBER 25 2014......SUNRISE   745 AM MST   SUNSET   439 PM MST
DECEMBER 26 2014......SUNRISE   745 AM MST   SUNSET   440 PM MST


-  INDICATES NEGATIVE NUMBERS.
R  INDICATES RECORD WAS SET OR TIED.
MM INDICATES DATA IS MISSING.
T  INDICATES TRACE AMOUNT.




$$
