000
CDUS45 KRIW 250749
CLIWRL


CLIMATE REPORT
NATIONAL WEATHER SERVICE RIVERTON WY
134 AM MDT SAT MAR 25 2017


...................................

...THE WORLAND WY CLIMATE SUMMARY FOR MARCH 24 2017...

CLIMATE NORMAL PERIOD 1981 TO 2010
CLIMATE RECORD PERIOD 1947 TO 2017


WEATHER ITEM   OBSERVED TIME   RECORD YEAR NORMAL DEPARTURE LAST
                VALUE   (LST)  VALUE       VALUE  FROM      YEAR
                                                  NORMAL
..................................................................
TEMPERATURE (F)
 YESTERDAY
  MAXIMUM         61    403 PM  76    1993  54      7       55
  MINIMUM         29    554 AM  -6    1965  25      4       24
  AVERAGE         45                        40      5       40

PRECIPITATION (IN)
  YESTERDAY        0.00          0.12 2005   0.02  -0.02      T
  MONTH TO DATE    0.65                      0.34   0.31     0.13
  SINCE MAR 1      0.65                      0.34   0.31     0.13
  SINCE JAN 1      1.05                      0.76   0.29     0.16

DEGREE DAYS
 HEATING
  YESTERDAY       20                        26     -6       25
  MONTH TO DATE  534                       714   -180      606
  SINCE MAR 1    534                       714   -180      606
  SINCE JUL 1   6409                      6715   -306     5991

 COOLING
  YESTERDAY        0                         0      0        0
  MONTH TO DATE    0                         0      0        0
  SINCE MAR 1      0                         0      0        0
  SINCE JAN 1      0                         0      0        0
..................................................................


WIND (MPH)
  HIGHEST WIND SPEED    18   HIGHEST WIND DIRECTION    SE (150)
  HIGHEST GUST SPEED    26   HIGHEST GUST DIRECTION     S (160)
  AVERAGE WIND SPEED     9.3


SKY COVER
  POSSIBLE SUNSHINE  MM
  AVERAGE SKY COVER 0.0


WEATHER CONDITIONS
 THE FOLLOWING WEATHER WAS RECORDED YESTERDAY.
  NO SIGNIFICANT WEATHER WAS OBSERVED.


RELATIVE HUMIDITY (PERCENT)
 HIGHEST   100          1200 AM
 LOWEST     29           300 PM
 AVERAGE    65

..........................................................


THE WORLAND WY CLIMATE NORMALS FOR TODAY
                         NORMAL    RECORD    YEAR
 MAXIMUM TEMPERATURE (F)   54        77      1999
 MINIMUM TEMPERATURE (F)   26       -15      1965


SUNRISE AND SUNSET
MARCH 25 2017.........SUNRISE   705 AM MDT   SUNSET   731 PM MDT
MARCH 26 2017.........SUNRISE   703 AM MDT   SUNSET   732 PM MDT


-  INDICATES NEGATIVE NUMBERS.
R  INDICATES RECORD WAS SET OR TIED.
MM INDICATES DATA IS MISSING.
T  INDICATES TRACE AMOUNT.




$$
