000
CDUS45 KRIW 060736
CLIWRL


CLIMATE REPORT
NATIONAL WEATHER SERVICE RIVERTON WY
127 AM MDT FRI MAY 6 2016


...................................

...THE WORLAND WY CLIMATE SUMMARY FOR MAY 5 2016...

CLIMATE NORMAL PERIOD 1981 TO 2010
CLIMATE RECORD PERIOD 1947 TO 2016


WEATHER ITEM   OBSERVED TIME   RECORD YEAR NORMAL DEPARTURE LAST
                VALUE   (LST)  VALUE       VALUE  FROM      YEAR
                                                  NORMAL
..................................................................
TEMPERATURE (F)
 YESTERDAY
  MAXIMUM         83    138 PM  91    1966  66     17       79
  MINIMUM         47    247 AM  23    2010  37     10       45
  AVERAGE         65                        52     13       62

PRECIPITATION (IN)
  YESTERDAY        0.00          2.12 1993   0.04  -0.04      T
  MONTH TO DATE    0.00                      0.21  -0.21      T
  SINCE MAR 1      2.31                      1.53   0.78     0.35
  SINCE JAN 1      2.34                      1.95   0.39     1.12

DEGREE DAYS
 HEATING
  YESTERDAY        0                        13    -13        3
  MONTH TO DATE   46                        70    -24       33
  SINCE MAR 1   1339                      1536   -197     1298
  SINCE JUL 1   6724                      7537   -813     7207

 COOLING
  YESTERDAY        0                         0      0        0
  MONTH TO DATE    0                         0      0        0
  SINCE MAR 1      0                         1     -1        0
  SINCE JAN 1      0                         1     -1        0
..................................................................


WIND (MPH)
  HIGHEST WIND SPEED    16   HIGHEST WIND DIRECTION    SE (140)
  HIGHEST GUST SPEED    19   HIGHEST GUST DIRECTION    SE (140)
  AVERAGE WIND SPEED     4.8


SKY COVER
  POSSIBLE SUNSHINE  MM
  AVERAGE SKY COVER 0.0


WEATHER CONDITIONS
 THE FOLLOWING WEATHER WAS RECORDED YESTERDAY.
  NO SIGNIFICANT WEATHER WAS OBSERVED.


RELATIVE HUMIDITY (PERCENT)
 HIGHEST    77           700 AM
 LOWEST     16           200 PM
 AVERAGE    47

..........................................................


THE WORLAND WY CLIMATE NORMALS FOR TODAY
                         NORMAL    RECORD    YEAR
 MAXIMUM TEMPERATURE (F)   67        95      1966
 MINIMUM TEMPERATURE (F)   38        26      1982


SUNRISE AND SUNSET
MAY  6 2016...........SUNRISE   556 AM MDT   SUNSET   822 PM MDT
MAY  7 2016...........SUNRISE   555 AM MDT   SUNSET   823 PM MDT


-  INDICATES NEGATIVE NUMBERS.
R  INDICATES RECORD WAS SET OR TIED.
MM INDICATES DATA IS MISSING.
T  INDICATES TRACE AMOUNT.




$$
