000
CDUS45 KRIW 220735
CLIWRL


CLIMATE REPORT
NATIONAL WEATHER SERVICE RIVERTON WY
1233 AM MST WED FEB 22 2017


...................................

...THE WORLAND WY CLIMATE SUMMARY FOR FEBRUARY 21 2017...

CLIMATE NORMAL PERIOD 1981 TO 2010
CLIMATE RECORD PERIOD 1947 TO 2017


WEATHER ITEM   OBSERVED TIME   RECORD YEAR NORMAL DEPARTURE LAST
                VALUE   (LST)  VALUE       VALUE  FROM      YEAR
                                                  NORMAL
..................................................................
TEMPERATURE (F)
 YESTERDAY
  MAXIMUM         59   1252 PM  70    1982  40     19       46
  MINIMUM         35    811 AM -14    2011  13     22       18
  AVERAGE         47                        26     21       32

PRECIPITATION (IN)
  YESTERDAY        T             0.12 2015   0.01  -0.01     0.00
  MONTH TO DATE    0.11                      0.14  -0.03      T
  SINCE DEC 1      0.50                      0.60  -0.10     0.31
  SINCE JAN 1      0.31                      0.37  -0.06     0.03

DEGREE DAYS
 HEATING
  YESTERDAY       18                        39    -21       33
  MONTH TO DATE  836                       897    -61      676
  SINCE DEC 1   4070                      3853    217     3571
  SINCE JUL 1   5609                      5745   -136     5155

 COOLING
  YESTERDAY        0                         0      0        0
  MONTH TO DATE    0                         0      0        0
  SINCE DEC 1      0                         0      0        0
  SINCE JAN 1      0                         0      0        0
..................................................................


WIND (MPH)
  HIGHEST WIND SPEED    31   HIGHEST WIND DIRECTION    SW (240)
  HIGHEST GUST SPEED    38   HIGHEST GUST DIRECTION    SW (240)
  AVERAGE WIND SPEED    12.4


SKY COVER
  POSSIBLE SUNSHINE  MM
  AVERAGE SKY COVER 0.3


WEATHER CONDITIONS
 THE FOLLOWING WEATHER WAS RECORDED YESTERDAY.
  LIGHT RAIN


RELATIVE HUMIDITY (PERCENT)
 HIGHEST    82           800 AM
 LOWEST     43          1200 PM
 AVERAGE    63

..........................................................


THE WORLAND WY CLIMATE NORMALS FOR TODAY
                         NORMAL    RECORD    YEAR
 MAXIMUM TEMPERATURE (F)   41        59      2000
 MINIMUM TEMPERATURE (F)   13       -10      1993


SUNRISE AND SUNSET
FEBRUARY 22 2017......SUNRISE   700 AM MST   SUNSET   551 PM MST
FEBRUARY 23 2017......SUNRISE   658 AM MST   SUNSET   553 PM MST


-  INDICATES NEGATIVE NUMBERS.
R  INDICATES RECORD WAS SET OR TIED.
MM INDICATES DATA IS MISSING.
T  INDICATES TRACE AMOUNT.




$$
