344
CDUS45 KRIW 270733
CLIWRL


CLIMATE REPORT
NATIONAL WEATHER SERVICE RIVERTON WY
133 AM MDT SAT AUG 27 2016


...................................

...THE WORLAND WY CLIMATE SUMMARY FOR AUGUST 26 2016...

CLIMATE NORMAL PERIOD 1981 TO 2010
CLIMATE RECORD PERIOD 1947 TO 2016


WEATHER ITEM   OBSERVED TIME   RECORD YEAR NORMAL DEPARTURE LAST
                VALUE   (LST)  VALUE       VALUE  FROM      YEAR
                                                  NORMAL
..................................................................
TEMPERATURE (F)
 YESTERDAY
  MAXIMUM         73    509 PM 101    1994  85    -12       89
  MINIMUM         46    534 AM  36    1992  51     -5       58
  AVERAGE         60                        68     -8       74

PRECIPITATION (IN)
  YESTERDAY        0.00          0.29 1977   0.02  -0.02     0.02
  MONTH TO DATE    0.27                      0.36  -0.09     0.24
  SINCE JUN 1      0.71                      2.22  -1.51     1.71
  SINCE JAN 1      4.47                      5.38  -0.91     5.89

DEGREE DAYS
 HEATING
  YESTERDAY        5                         1      4        0
  MONTH TO DATE   25                        10     15       30
  SINCE JUN 1     35                       116    -81       41
  SINCE JUL 1     29                        23      6       37

 COOLING
  YESTERDAY        0                         4     -4        9
  MONTH TO DATE  164                       164      0      164
  SINCE JUN 1    628                       477    151      541
  SINCE JAN 1    630                       489    141      543
..................................................................


WIND (MPH)
  HIGHEST WIND SPEED    10   HIGHEST WIND DIRECTION     S (180)
  HIGHEST GUST SPEED    12   HIGHEST GUST DIRECTION     S (180)
  AVERAGE WIND SPEED     5.1


SKY COVER
  POSSIBLE SUNSHINE  MM
  AVERAGE SKY COVER 0.2


WEATHER CONDITIONS
 THE FOLLOWING WEATHER WAS RECORDED YESTERDAY.
  NO SIGNIFICANT WEATHER WAS OBSERVED.


RELATIVE HUMIDITY (PERCENT)
 HIGHEST    93           400 AM
 LOWEST     29           400 PM
 AVERAGE    61

..........................................................


THE WORLAND WY CLIMATE NORMALS FOR TODAY
                         NORMAL    RECORD    YEAR
 MAXIMUM TEMPERATURE (F)   84        99      1997
 MINIMUM TEMPERATURE (F)   50        37      1992


SUNRISE AND SUNSET
AUGUST 27 2016........SUNRISE   630 AM MDT   SUNSET   755 PM MDT
AUGUST 28 2016........SUNRISE   631 AM MDT   SUNSET   754 PM MDT


-  INDICATES NEGATIVE NUMBERS.
R  INDICATES RECORD WAS SET OR TIED.
MM INDICATES DATA IS MISSING.
T  INDICATES TRACE AMOUNT.




$$
