000
CDUS45 KRIW 070738
CLIWRL


CLIMATE REPORT
NATIONAL WEATHER SERVICE RIVERTON WY
1236 AM MST SUN FEB 7 2016


...................................

...THE WORLAND WY CLIMATE SUMMARY FOR FEBRUARY 6 2016...

CLIMATE NORMAL PERIOD 1981 TO 2010
CLIMATE RECORD PERIOD 1947 TO 2016


WEATHER ITEM   OBSERVED TIME   RECORD YEAR NORMAL DEPARTURE LAST
                VALUE   (LST)  VALUE       VALUE  FROM      YEAR
                                                  NORMAL
..................................................................
TEMPERATURE (F)
 YESTERDAY
  MAXIMUM         42    145 PM  55    1963  34      8       50
  MINIMUM         12    504 AM -34    2014   7      5       26
  AVERAGE         27                        20      7       38

PRECIPITATION (IN)
  YESTERDAY        0.00          0.12 1976   0.01  -0.01     0.00
  MONTH TO DATE    T                         0.04  -0.04     0.08
  SINCE DEC 1      0.31                      0.50  -0.19     1.01
  SINCE JAN 1      0.03                      0.27  -0.24     0.31

DEGREE DAYS
 HEATING
  YESTERDAY       38                        45     -7       27
  MONTH TO DATE  262                       272    -10      238
  SINCE DEC 1   3157                      3228    -71     3237
  SINCE JUL 1   4741                      5120   -379     5153

 COOLING
  YESTERDAY        0                         0      0        0
  MONTH TO DATE    0                         0      0        0
  SINCE DEC 1      0                         0      0        0
  SINCE JAN 1      0                         0      0        0
..................................................................


WIND (MPH)
  HIGHEST WIND SPEED    15   HIGHEST WIND DIRECTION     S (170)
  HIGHEST GUST SPEED    18   HIGHEST GUST DIRECTION     S (170)
  AVERAGE WIND SPEED     4.0


SKY COVER
  POSSIBLE SUNSHINE  MM
  AVERAGE SKY COVER 0.0


WEATHER CONDITIONS
 THE FOLLOWING WEATHER WAS RECORDED YESTERDAY.
  NO SIGNIFICANT WEATHER WAS OBSERVED.


RELATIVE HUMIDITY (PERCENT)
 HIGHEST    92           100 AM
 LOWEST     49           100 PM
 AVERAGE    71

..........................................................


THE WORLAND WY CLIMATE NORMALS FOR TODAY
                         NORMAL    RECORD    YEAR
 MAXIMUM TEMPERATURE (F)   34        59      1999
 MINIMUM TEMPERATURE (F)    7       -21      2014


SUNRISE AND SUNSET
FEBRUARY  7 2016......SUNRISE   722 AM MST   SUNSET   530 PM MST
FEBRUARY  8 2016......SUNRISE   721 AM MST   SUNSET   531 PM MST


-  INDICATES NEGATIVE NUMBERS.
R  INDICATES RECORD WAS SET OR TIED.
MM INDICATES DATA IS MISSING.
T  INDICATES TRACE AMOUNT.




$$
