000
CDUS45 KRIW 250739
CLIWRL


CLIMATE REPORT
NATIONAL WEATHER SERVICE RIVERTON WY
138 AM MDT THU MAY 25 2017


...................................

...THE WORLAND WY CLIMATE SUMMARY FOR MAY 24 2017...

CLIMATE NORMAL PERIOD 1981 TO 2010
CLIMATE RECORD PERIOD 1947 TO 2017


WEATHER ITEM   OBSERVED TIME   RECORD YEAR NORMAL DEPARTURE LAST
                VALUE   (LST)  VALUE       VALUE  FROM      YEAR
                                                  NORMAL
..................................................................
TEMPERATURE (F)
 YESTERDAY
  MAXIMUM         85    317 PM  91    1969  72     13       74
  MINIMUM         41    501 AM  30    2002  43     -2       33
  AVERAGE         63                        58      5       54

PRECIPITATION (IN)
  YESTERDAY        0.00          0.48 1996   0.05  -0.05     0.29
  MONTH TO DATE    0.84                      1.08  -0.24     1.29
  SINCE MAR 1      4.32                      2.40   1.92     3.60
  SINCE JAN 1      4.72                      2.82   1.90     3.63

DEGREE DAYS
 HEATING
  YESTERDAY        2                         7     -5       11
  MONTH TO DATE  243                       262    -19      262
  SINCE MAR 1   1482                      1728   -246     1555
  SINCE JUL 1   7357                      7729   -372     6940

 COOLING
  YESTERDAY        0                         0      0        0
  MONTH TO DATE    0                         0      0        2
  SINCE MAR 1      0                         1     -1        2
  SINCE JAN 1      0                         1     -1        2
..................................................................


WIND (MPH)
  HIGHEST WIND SPEED    37   HIGHEST WIND DIRECTION    SW (230)
  HIGHEST GUST SPEED    48   HIGHEST GUST DIRECTION    SW (220)
  AVERAGE WIND SPEED    12.3


SKY COVER
  POSSIBLE SUNSHINE  MM
  AVERAGE SKY COVER 0.0


WEATHER CONDITIONS
 THE FOLLOWING WEATHER WAS RECORDED YESTERDAY.
  NO SIGNIFICANT WEATHER WAS OBSERVED.


RELATIVE HUMIDITY (PERCENT)
 HIGHEST    86           400 AM
 LOWEST     11           600 PM
 AVERAGE    49

..........................................................


THE WORLAND WY CLIMATE NORMALS FOR TODAY
                         NORMAL    RECORD    YEAR
 MAXIMUM TEMPERATURE (F)   73        89      2003
 MINIMUM TEMPERATURE (F)   44        34      2012
                                             1975


SUNRISE AND SUNSET
MAY 25 2017...........SUNRISE   536 AM MDT   SUNSET   842 PM MDT
MAY 26 2017...........SUNRISE   536 AM MDT   SUNSET   843 PM MDT


-  INDICATES NEGATIVE NUMBERS.
R  INDICATES RECORD WAS SET OR TIED.
MM INDICATES DATA IS MISSING.
T  INDICATES TRACE AMOUNT.




$$
