000
CDUS45 KRIW 280740
CLIWRL


CLIMATE REPORT
NATIONAL WEATHER SERVICE RIVERTON WY
130 AM MDT THU JUL 28 2016


...................................

...THE WORLAND WY CLIMATE SUMMARY FOR JULY 27 2016...

CLIMATE NORMAL PERIOD 1981 TO 2010
CLIMATE RECORD PERIOD 1947 TO 2016


WEATHER ITEM   OBSERVED TIME   RECORD YEAR NORMAL DEPARTURE LAST
                VALUE   (LST)  VALUE       VALUE  FROM      YEAR
                                                  NORMAL
..................................................................
TEMPERATURE (F)
 YESTERDAY
  MAXIMUM         92    434 PM 104    1975  90      2       94
  MINIMUM         57    532 AM  44    1993  56      1       47
  AVERAGE         75                        73      2       71

PRECIPITATION (IN)
  YESTERDAY        0.02          0.03 2012   0.03  -0.01     0.03
                                      2012
                                      2015
  MONTH TO DATE    0.08                      0.62  -0.54     0.41
  SINCE JUN 1      0.37                      1.77  -1.40     1.47
  SINCE JAN 1      4.13                      4.93  -0.80     5.65

DEGREE DAYS
 HEATING
  YESTERDAY        0                         0      0        0
  MONTH TO DATE    4                        10     -6        0
  SINCE JUN 1     10                       103    -93        4
  SINCE JUL 1      4                        10     -6        0

 COOLING
  YESTERDAY       10                         8      2        6
  MONTH TO DATE  222                       196     26      186
  SINCE JUN 1    417                       280    137      365
  SINCE JAN 1    419                       292    127      367
..................................................................


WIND (MPH)
  HIGHEST WIND SPEED    23   HIGHEST WIND DIRECTION     N (10)
  HIGHEST GUST SPEED    30   HIGHEST GUST DIRECTION     N (20)
  AVERAGE WIND SPEED     5.7


SKY COVER
  POSSIBLE SUNSHINE  MM
  AVERAGE SKY COVER 0.0


WEATHER CONDITIONS
 THE FOLLOWING WEATHER WAS RECORDED YESTERDAY.
  THUNDERSTORM
  LIGHT RAIN


RELATIVE HUMIDITY (PERCENT)
 HIGHEST    67           300 AM
 LOWEST     15           400 PM
 AVERAGE    41

..........................................................


THE WORLAND WY CLIMATE NORMALS FOR TODAY
                         NORMAL    RECORD    YEAR
 MAXIMUM TEMPERATURE (F)   90       106      1975
 MINIMUM TEMPERATURE (F)   56        43      2015


SUNRISE AND SUNSET
JULY 28 2016..........SUNRISE   556 AM MDT   SUNSET   840 PM MDT
JULY 29 2016..........SUNRISE   557 AM MDT   SUNSET   838 PM MDT


-  INDICATES NEGATIVE NUMBERS.
R  INDICATES RECORD WAS SET OR TIED.
MM INDICATES DATA IS MISSING.
T  INDICATES TRACE AMOUNT.




$$
