000
CDUS45 KRIW 050748
CLIWRL


CLIMATE REPORT
NATIONAL WEATHER SERVICE RIVERTON WY
1235 AM MST THU MAR 5 2015


...................................

...THE WORLAND WY CLIMATE SUMMARY FOR MARCH 4 2015...

CLIMATE NORMAL PERIOD 1981 TO 2010
CLIMATE RECORD PERIOD 1947 TO 2015


WEATHER ITEM   OBSERVED TIME   RECORD YEAR NORMAL DEPARTURE LAST
                VALUE   (LST)  VALUE       VALUE  FROM      YEAR
                                                  NORMAL
..................................................................
TEMPERATURE (F)
 YESTERDAY
  MAXIMUM         23    513 PM  72    2000  46    -23       44
  MINIMUM         -2    703 AM -28    1989  18    -20       14
  AVERAGE         11                        32    -21       29

PRECIPITATION (IN)
  YESTERDAY        0.00          0.29 1998   0.01  -0.01     0.00
  MONTH TO DATE    T                         0.04  -0.04     0.08
  SINCE MAR 1      T                         0.04  -0.04     0.08
  SINCE JAN 1      0.77                      0.46   0.31     0.46

DEGREE DAYS
 HEATING
  YESTERDAY       54                        33     21       36
  MONTH TO DATE  189                       136     53      216
  SINCE MAR 1    189                       136     53      216
  SINCE JUL 1   6098                      6137    -39     6596

 COOLING
  YESTERDAY        0                         0      0        0
  MONTH TO DATE    0                         0      0        0
  SINCE MAR 1      0                         0      0        0
  SINCE JAN 1      0                         0      0        0
..................................................................


WIND (MPH)
  HIGHEST WIND SPEED    13   HIGHEST WIND DIRECTION    SE (120)
  HIGHEST GUST SPEED    14   HIGHEST GUST DIRECTION    SE (140)
  AVERAGE WIND SPEED     4.9


SKY COVER
  POSSIBLE SUNSHINE  MM
  AVERAGE SKY COVER 0.0


WEATHER CONDITIONS
 THE FOLLOWING WEATHER WAS RECORDED YESTERDAY.
  NO SIGNIFICANT WEATHER WAS OBSERVED.


RELATIVE HUMIDITY (PERCENT)
 HIGHEST    87           100 AM
 LOWEST     44           400 PM
 AVERAGE    66

..........................................................


THE WORLAND WY CLIMATE NORMALS FOR TODAY
                         NORMAL    RECORD    YEAR
 MAXIMUM TEMPERATURE (F)   46        68      1987
 MINIMUM TEMPERATURE (F)   18        -6      1989


SUNRISE AND SUNSET
MARCH  5 2015.........SUNRISE   642 AM MST   SUNSET   605 PM MST
MARCH  6 2015.........SUNRISE   640 AM MST   SUNSET   606 PM MST


-  INDICATES NEGATIVE NUMBERS.
R  INDICATES RECORD WAS SET OR TIED.
MM INDICATES DATA IS MISSING.
T  INDICATES TRACE AMOUNT.




$$
