075
CDAK47 PAJK 231232
CLIYAK

CLIMATE REPORT
NATIONAL WEATHER SERVICE JUNEAU, AK
330 AM AKDT MON OCT 23 2017


...................................

...THE YAKUTAT CLIMATE SUMMARY FOR OCTOBER 22 2017...

CLIMATE NORMAL PERIOD 1981 TO 2010
CLIMATE RECORD PERIOD 1917 TO 2017


WEATHER ITEM   OBSERVED RECORD YEAR NORMAL DEPARTURE LAST
                VALUE   VALUE       VALUE  FROM      YEAR
                                           NORMAL
...........................................................
TEMPERATURE (F)
 YESTERDAY
  MAXIMUM         43     55    1993  46     -3       50
  MINIMUM         27     10    1996  33     -6       29
  AVERAGE         35                 39     -4       40

PRECIPITATION (IN)
  YESTERDAY        0.46   2.80 1984   0.65  -0.19     0.03
  MONTH TO DATE   13.75              16.65  -2.90     2.86
  SINCE JAN 1    101.93             119.06 -17.13    98.11

SNOWFALL (IN)
  YESTERDAY        0.0    5.0  1966   0.1   -0.1      0.0
  MONTH TO DATE    0.1                0.9   -0.8       T
  SINCE JUL 1      0.1                0.9   -0.8       T
  SNOW DEPTH       0

DEGREE DAYS
 HEATING
  YESTERDAY       30                 26      4       25
  MONTH TO DATE  449                494    -45      517
...........................................................


WIND (MPH)
  HIGHEST WIND SPEED    16   HIGHEST WIND DIRECTION    NE (60)
  HIGHEST GUST SPEED    19   HIGHEST GUST DIRECTION    NE (60)
  AVERAGE WIND SPEED     1.2


SKY COVER
  AVERAGE SKY COVER 0.2


WEATHER CONDITIONS
 THE FOLLOWING WEATHER WAS RECORDED YESTERDAY.
  RAIN
  FOG


..........................................................


THE YAKUTAT CLIMATE NORMALS FOR TODAY
                         NORMAL    RECORD    YEAR
 MAXIMUM TEMPERATURE (F)   45        59      1980
 MINIMUM TEMPERATURE (F)   33         9      1966


SUNRISE AND SUNSET
OCTOBER 23 2017.......SUNRISE   818 AM AKDT  SUNSET   547 PM AKDT
OCTOBER 24 2017.......SUNRISE   820 AM AKDT  SUNSET   544 PM AKDT


-  INDICATES NEGATIVE NUMBERS.
R  INDICATES RECORD WAS SET OR TIED.
MM INDICATES DATA IS MISSING.
T  INDICATES TRACE AMOUNT.




$$
--------------------------------------------------------------

AMOUNT OF DAYLIGHT TODAY (HOUR:MIN)......... 9 HOURS 30 MINUTES
GAIN/LOSS SINCE YESTERDAY (HOUR:MIN:SEC).... -0:05:11

$$
