000
CDAK47 PAJK 161232
CLIYAK
CLIMATE REPORT
NATIONAL WEATHER SERVICE JUNEAU, AK
330 AM AKST TUE JAN 16 2018


...................................

...THE YAKUTAT CLIMATE SUMMARY FOR JANUARY 15 2018...

CLIMATE NORMAL PERIOD 1981 TO 2010
CLIMATE RECORD PERIOD 1917 TO 2018


WEATHER ITEM   OBSERVED RECORD YEAR NORMAL DEPARTURE LAST
                VALUE   VALUE       VALUE  FROM      YEAR
                                           NORMAL
...........................................................
TEMPERATURE (F)
 YESTERDAY
  MAXIMUM         51     54    1930  34     17       43
  MINIMUM         44    -15    1969  22     22       33
  AVERAGE         48                 28     20       38

PRECIPITATION (IN)
  YESTERDAY        0.45   2.85 1965   0.43   0.02     0.93
  MONTH TO DATE    9.64               6.89   2.75     5.79
  SINCE JAN 1      9.64               6.89   2.75     5.79

SNOWFALL (IN)
  YESTERDAY        0.0    8.1  1972   1.1   -1.1      2.5
  MONTH TO DATE    1.8               14.5  -12.7      4.7
  SINCE JUL 1     39.9               58.4  -18.5     31.3
  SNOW DEPTH       0

DEGREE DAYS
 HEATING
  YESTERDAY       17                 37    -20       27
  MONTH TO DATE  445                554   -109      583
...........................................................


WIND (MPH)
  HIGHEST WIND SPEED    20   HIGHEST WIND DIRECTION    SE (120)
  HIGHEST GUST SPEED    38   HIGHEST GUST DIRECTION    SE (120)
  AVERAGE WIND SPEED    11.8


SKY COVER
  AVERAGE SKY COVER 1.0


WEATHER CONDITIONS
 THE FOLLOWING WEATHER WAS RECORDED YESTERDAY.
  LIGHT RAIN
  FOG


..........................................................


THE YAKUTAT CLIMATE NORMALS FOR TODAY
                         NORMAL    RECORD    YEAR
 MAXIMUM TEMPERATURE (F)   34        49      1926
 MINIMUM TEMPERATURE (F)   22       -16      1971


SUNRISE AND SUNSET
JANUARY 16 2018.......SUNRISE   901 AM AKST  SUNSET   357 PM AKST
JANUARY 17 2018.......SUNRISE   859 AM AKST  SUNSET   359 PM AKST


-  INDICATES NEGATIVE NUMBERS.
R  INDICATES RECORD WAS SET OR TIED.
MM INDICATES DATA IS MISSING.
T  INDICATES TRACE AMOUNT.




$$
--------------------------------------------------------------

AMOUNT OF DAYLIGHT TODAY (HOUR:MIN)......... 6 HOURS 57 MINUTES
GAIN/LOSS SINCE YESTERDAY (HOUR:MIN:SEC).... +0:03:45

$$
