000
CDAK47 PAYA 240902
CLIYAK

CLIMATE REPORT
NATIONAL WEATHER SERVICE YAKUTAT, AK
102 AM AKDT THU JUL 24 2014

...................................
...THE YAKUTAT AP CLIMATE SUMMARY FOR JULY 23 2014...

CLIMATE NORMAL PERIOD  1981 TO  2010
CLIMATE RECORD PERIOD  1948 TO  2014

WEATHER ITEM   OBSERVED TIME    RECORD YEAR NORMAL DEPARTURE LAST
               VALUE    (LST)   VALUE       VALUE  FROM      YEAR
                                                   NORMAL
...................................................................
TEMPERATURE
YESTERDAY
 MAXIMUM            57  1122 AM    75  1972     61      -4     71
 MINIMUM            47  0133 AM    37  1994     50      -3     50
 AVERAGE            52                          55      -3     61

PRECIPITATION
(INCHES)
 YESTERDAY        0.35           3.58  1965   0.29    0.06   0.00
 MONTH TO DATE    4.60                        5.33   -0.73   6.02
 SINCE JUN 1     14.70                       11.72    2.98   9.40
 SINCE JAN 1     53.81                       64.68  -10.87  67.59

SNOWFALL
(INCHES)
 YESTERDAY         0.0            0.0  2014    0.0     0.0    0.0
 MONTH TO DATE     0.0                         0.0     0.0    0.0
 SINCE JUN 1       0.0                         0.0     0.0    0.0
 SINCE JUL 1       0.0                         0.0     0.0    0.0
 SNOW DEPTH (IN)     0                                          0

DEGREE DAYS
 HEATING
  YESTERDAY         13                          10       3      4
  MONTH TO DATE    236                         252     -16    239
  SINCE JUN 1      682                         678       4    581
  SINCE JUL 1      236                         252     -16    239

 COOLING
  YESTERDAY          0                           0       0      0
  MONTH TO DATE      0                           0       0      0
  SINCE JUN 1        0                           0       0      0
  SINCE JAN 1        0                           0       0      0
...................................................................

WIND (MPH)
 HIGHEST WIND SPEED    12     HIGHEST WIND DIRECTION    120
 HIGHEST GUST SPEED    17     HIGHEST GUST DIRECTION    120
 AVERAGE WIND SPEED   4.9

SKY COVER
  POSSIBLE SUNSHINE    MM          AVERAGE SKY COVER     MM

WEATHER CONDITIONS
 THE FOLLOWING WEATHER WAS RECORDED YESTERDAY.
  FOG
RAIN


RELATIVE HUMIDITY
 HIGHEST RH     MM PERCENT       MM
 LOWEST  RH     MM PERCENT       MM
 AVERAGE RH     MM PERCENT       MM
...................................................................

THE YAKUTAT CLIMATE NORMALS FOR TODAY
                           NORMAL    RECORD   YEAR
 MAXIMUM TEMPERATURE (F)     61        71     1972
 MINIMUM TEMPERATURE (F)     50        37     1959

SUNRISE AND SUNSET
 JUL 24 2014..........SUNRISE  4:46 AM      SUNSET 10:04 PM
 JUL 25 2014..........SUNRISE  4:48 AM      SUNSET 10:02 PM

-  INDICATES NEGATIVE NUMBERS.
R  INDICATES RECORD HAS BEEN SET OR TIED.
MM INDICATES DATA IS MISSING.
T  INDICATES TRACE OF PRECIPITATION.

&&
-------------------------------------------------------------------

AMOUNT OF DAYLIGHT TODAY  (HOUR:MIN)........17 HOURS 18 MINUTES
GAIN/LOSS SINCE YESTERDAY (HOUR:MIN:SEC)....-0:04:15

$$
DC JUL 14
