000
CDAK47 PAYA 040912
CLIYAK

CLIMATE REPORT
NATIONAL WEATHER SERVICE YAKUTAT, AK
1212 AM AKST WED MAR 4 2015

...................................
...THE YAKUTAT AP CLIMATE SUMMARY FOR MARCH 3 2015...

CLIMATE NORMAL PERIOD  1981 TO  2010
CLIMATE RECORD PERIOD  1948 TO  2015

WEATHER ITEM   OBSERVED TIME    RECORD YEAR NORMAL DEPARTURE LAST
               VALUE    (LST)   VALUE       VALUE  FROM      YEAR
                                                   NORMAL
...................................................................
TEMPERATURE
YESTERDAY
 MAXIMUM            40  0315 PM    47  1957     38       2     35
 MINIMUM            34  0242 AM   -13  1956     23      11      4
 AVERAGE            37                          31       6     20

PRECIPITATION
(INCHES)
 YESTERDAY        0.10           2.81  1963   0.38   -0.28   0.00
 MONTH TO DATE    0.10                        1.17   -1.07   0.00
 SINCE MAR 1      0.10                        1.17   -1.07   0.00
 SINCE JAN 1     24.47                       25.69   -1.22  27.06

SNOWFALL
(INCHES)
 YESTERDAY         0.0            7.9  1949    0.9    -0.9    0.0
 MONTH TO DATE     0.0                         2.7    -2.7    0.0
 SINCE MAR 1       0.0                         2.7    -2.7    0.0
 SINCE JUL 1      12.8                       104.9   -92.1   95.4
 SNOW DEPTH (IN)     0                                         10

DEGREE DAYS
 HEATING
  YESTERDAY         28                          34      -6     45
  MONTH TO DATE     86                         102     -16    122
  SINCE MAR 1       86                         102     -16    122
  SINCE JUL 1     5518                        6231    -713   5935

 COOLING
  YESTERDAY          0                           0       0      0
  MONTH TO DATE      0                           0       0      0
  SINCE MAR 1        0                           0       0      0
  SINCE JAN 1        0                           0       0      0
...................................................................

WIND (MPH)
 HIGHEST WIND SPEED    13     HIGHEST WIND DIRECTION    100
 HIGHEST GUST SPEED    18     HIGHEST GUST DIRECTION     90
 AVERAGE WIND SPEED   5.8

SKY COVER
  POSSIBLE SUNSHINE    MM          AVERAGE SKY COVER     MM

WEATHER CONDITIONS
 THE FOLLOWING WEATHER WAS RECORDED YESTERDAY.
  FOG
RAIN


RELATIVE HUMIDITY
 HIGHEST RH     MM PERCENT       MM
 LOWEST  RH     MM PERCENT       MM
 AVERAGE RH     MM PERCENT       MM
...................................................................

THE YAKUTAT CLIMATE NORMALS FOR TODAY
                           NORMAL    RECORD   YEAR
 MAXIMUM TEMPERATURE (F)     38        47     1957
 MINIMUM TEMPERATURE (F)     24        -3     2007

SUNRISE AND SUNSET
 MAR 4 2015..........SUNRISE  7:08 AM      SUNSET  5:55 PM
 MAR 5 2015..........SUNRISE  7:05 AM      SUNSET  5:57 PM

-  INDICATES NEGATIVE NUMBERS.
R  INDICATES RECORD HAS BEEN SET OR TIED.
MM INDICATES DATA IS MISSING.
T  INDICATES TRACE OF PRECIPITATION.

&&
-------------------------------------------------------------------

AMOUNT OF DAYLIGHT TODAY  (HOUR:MIN)........10 HOURS 47 MINUTES
GAIN/LOSS SINCE YESTERDAY (HOUR:MIN:SEC)....+0:05:21

$$
*** MAR 15
