000
CDAK47 PAYA 220914
CLIYAK

CLIMATE REPORT
NATIONAL WEATHER SERVICE YAKUTAT, AK
114 AM AKDT FRI AUG 22 2014

...................................
...THE YAKUTAT AP CLIMATE SUMMARY FOR AUGUST 21 2014...

CLIMATE NORMAL PERIOD  1981 TO  2010
CLIMATE RECORD PERIOD  1948 TO  2014

WEATHER ITEM   OBSERVED TIME    RECORD YEAR NORMAL DEPARTURE LAST
               VALUE    (LST)   VALUE       VALUE  FROM      YEAR
                                                   NORMAL
...................................................................
TEMPERATURE
YESTERDAY
 MAXIMUM            64  0108 PM    72  2001     60       4     57
 MINIMUM            40  0530 AM    34  1986     46      -6     52
 AVERAGE            52                          53      -1     55

PRECIPITATION
(INCHES)
 YESTERDAY        0.00           3.27  1994   0.48   -0.48   1.44
 MONTH TO DATE   18.33                        8.89    9.44   5.06
 SINCE JUN 1     34.85                       23.16   11.69  14.95
 SINCE JAN 1     73.96                       76.12   -2.16  73.14

SNOWFALL
(INCHES)
 YESTERDAY         0.0              T  2003    0.0     0.0    0.0
 MONTH TO DATE     0.0                         0.0     0.0    0.0
 SINCE JUN 1       0.0                         0.0     0.0    0.0
 SINCE JUL 1       0.0                         0.0     0.0    0.0
 SNOW DEPTH (IN)     0                                          0

DEGREE DAYS
 HEATING
  YESTERDAY         13                          12       1     10
  MONTH TO DATE    191                         219     -28    189
  SINCE JUN 1      950                         977     -27    828
  SINCE JUL 1      504                         551     -47    486

 COOLING
  YESTERDAY          0                           0       0      0
  MONTH TO DATE      0                           0       0      0
  SINCE JUN 1        0                           0       0      0
  SINCE JAN 1        0                           0       0      0
...................................................................

WIND (MPH)
 HIGHEST WIND SPEED    10     HIGHEST WIND DIRECTION    280
 HIGHEST GUST SPEED    14     HIGHEST GUST DIRECTION    290
 AVERAGE WIND SPEED   3.5

SKY COVER
  POSSIBLE SUNSHINE    MM          AVERAGE SKY COVER     MM

WEATHER CONDITIONS
 THE FOLLOWING WEATHER WAS RECORDED YESTERDAY.
  FOG


RELATIVE HUMIDITY
 HIGHEST RH     MM PERCENT       MM
 LOWEST  RH     MM PERCENT       MM
 AVERAGE RH     MM PERCENT       MM
...................................................................

THE YAKUTAT CLIMATE NORMALS FOR TODAY
                           NORMAL    RECORD   YEAR
 MAXIMUM TEMPERATURE (F)     60        78     1979
 MINIMUM TEMPERATURE (F)     46        33     2003

SUNRISE AND SUNSET
 AUG 22 2014..........SUNRISE  5:53 AM      SUNSET  8:50 PM
 AUG 23 2014..........SUNRISE  5:55 AM      SUNSET  8:47 PM

-  INDICATES NEGATIVE NUMBERS.
R  INDICATES RECORD HAS BEEN SET OR TIED.
MM INDICATES DATA IS MISSING.
T  INDICATES TRACE OF PRECIPITATION.

&&
-------------------------------------------------------------------

AMOUNT OF DAYLIGHT TODAY  (HOUR:MIN)........14 HOURS 57 MINUTES
GAIN/LOSS SINCE YESTERDAY (HOUR:MIN:SEC)....-0:05:10

$$
*** AUG 14
