000
CDAK47 PAYA 290920
CLIYAK

CLIMATE REPORT
NATIONAL WEATHER SERVICE YAKUTAT, AK
121 AM AKDT FRI JUL 29 2016

...................................
...THE YAKUTAT AP CLIMATE SUMMARY FOR JULY 28 2016...

CLIMATE NORMAL PERIOD  1981 TO  2010
CLIMATE RECORD PERIOD  1948 TO  2016

WEATHER ITEM   OBSERVED TIME    RECORD YEAR NORMAL DEPARTURE LAST
               VALUE    (LST)   VALUE       VALUE  FROM      YEAR
                                                   NORMAL
...................................................................
TEMPERATURE
YESTERDAY
 MAXIMUM            59  0258 PM    72  1996     61      -2     60
 MINIMUM            56  1159 PM    39  1986     50       6     52
 AVERAGE            58                          55       3     56

PRECIPITATION
(INCHES)
 YESTERDAY        0.82           7.12  1990   0.31    0.51   0.92
 MONTH TO DATE    8.48                        6.84    1.64  11.66
 SINCE JUN 1     14.02                       13.23    0.79  20.31
 SINCE JAN 1     65.58                       66.19   -0.61  70.89

SNOWFALL
(INCHES)
 YESTERDAY         0.0            0.0  2016    0.0     0.0    0.0
 MONTH TO DATE     0.0                         0.0     0.0    0.0
 SINCE JUN 1       0.0                         0.0     0.0    0.0
 SINCE JUL 1       0.0                         0.0     0.0    0.0
 SNOW DEPTH (IN)     0                                          0

DEGREE DAYS
 HEATING
  YESTERDAY          7                          10      -3      9
  MONTH TO DATE    200                         302    -102    237
  SINCE JUN 1      527                         728    -201    571
  SINCE JUL 1      200                         302    -102    237

 COOLING
  YESTERDAY          0                           0       0      0
  MONTH TO DATE      0                           0       0      0
  SINCE JUN 1        0                           0       0      0
  SINCE JAN 1        0                           0       0      0
...................................................................

WIND (MPH)
 HIGHEST WIND SPEED    15     HIGHEST WIND DIRECTION    120
 HIGHEST GUST SPEED    23     HIGHEST GUST DIRECTION    140
 AVERAGE WIND SPEED   0.0

SKY COVER
  POSSIBLE SUNSHINE    MM          AVERAGE SKY COVER     MM

WEATHER CONDITIONS
 THE FOLLOWING WEATHER WAS RECORDED YESTERDAY.
  FOG
RAIN


RELATIVE HUMIDITY
 HIGHEST RH     MM PERCENT       MM
 LOWEST  RH     MM PERCENT       MM
 AVERAGE RH     MM PERCENT       MM
...................................................................

THE YAKUTAT CLIMATE NORMALS FOR TODAY
                           NORMAL    RECORD   YEAR
 MAXIMUM TEMPERATURE (F)     61        79     1957
 MINIMUM TEMPERATURE (F)     50        38     2002

SUNRISE AND SUNSET
 JUL 29 2016..........SUNRISE  4:58 AM      SUNSET  9:52 PM
 JUL 30 2016..........SUNRISE  5:00 AM      SUNSET  9:49 PM

-  INDICATES NEGATIVE NUMBERS.
R  INDICATES RECORD HAS BEEN SET OR TIED.
MM INDICATES DATA IS MISSING.
T  INDICATES TRACE OF PRECIPITATION.

&&
-------------------------------------------------------------------

AMOUNT OF DAYLIGHT TODAY  (HOUR:MIN)........16 HOURS 54 MINUTES
GAIN/LOSS SINCE YESTERDAY (HOUR:MIN:SEC)....-0:04:34

$$
TR JUL 16
