000
CDAK47 PAYA 050918
CLIYAK

CLIMATE REPORT
NATIONAL WEATHER SERVICE YAKUTAT, AK
119 AM AKDT WED AUG 5 2015

...................................
...THE YAKUTAT AP CLIMATE SUMMARY FOR AUGUST 4 2015...

CLIMATE NORMAL PERIOD  1981 TO  2010
CLIMATE RECORD PERIOD  1948 TO  2015

WEATHER ITEM   OBSERVED TIME    RECORD YEAR NORMAL DEPARTURE LAST
               VALUE    (LST)   VALUE       VALUE  FROM      YEAR
                                                   NORMAL
...................................................................
TEMPERATURE
YESTERDAY
 MAXIMUM            69  1133 AM    76  1975     61       8     62
 MINIMUM            43  0506 AM    37  1996     49      -6     54
 AVERAGE            56                          55       1     58

PRECIPITATION
(INCHES)
 YESTERDAY        0.00           2.49  2005   0.37   -0.37   0.24
 MONTH TO DATE       T                        1.48   -1.48   0.80
 SINCE JUN 1     20.46                       15.75    4.71  17.32
 SINCE JAN 1     71.04                       68.71    2.33  56.43

SNOWFALL
(INCHES)
 YESTERDAY         0.0            0.0  2015    0.0     0.0    0.0
 MONTH TO DATE     0.0                         0.0     0.0    0.0
 SINCE JUN 1       0.0                         0.0     0.0    0.0
 SINCE JUL 1       0.0                         0.0     0.0    0.0
 SNOW DEPTH (IN)     0                                          0

DEGREE DAYS
 HEATING
  YESTERDAY          9                          10      -1      7
  MONTH TO DATE     34                          40      -6     38
  SINCE JUN 1      636                         798    -162    797
  SINCE JUL 1      302                         372     -70    351

 COOLING
  YESTERDAY          0                           0       0      0
  MONTH TO DATE      0                           0       0      0
  SINCE JUN 1        0                           0       0      0
  SINCE JAN 1        0                           0       0      0
...................................................................

WIND (MPH)
 HIGHEST WIND SPEED    12     HIGHEST WIND DIRECTION    250
 HIGHEST GUST SPEED    16     HIGHEST GUST DIRECTION    240
 AVERAGE WIND SPEED   4.2

SKY COVER
  POSSIBLE SUNSHINE    MM          AVERAGE SKY COVER     MM

WEATHER CONDITIONS
 THE FOLLOWING WEATHER WAS RECORDED YESTERDAY.
  FOG


RELATIVE HUMIDITY
 HIGHEST RH     MM PERCENT       MM
 LOWEST  RH     MM PERCENT       MM
 AVERAGE RH     MM PERCENT       MM
...................................................................

THE YAKUTAT CLIMATE NORMALS FOR TODAY
                           NORMAL    RECORD   YEAR
 MAXIMUM TEMPERATURE (F)     61        77     1968
 MINIMUM TEMPERATURE (F)     49        36     1966

SUNRISE AND SUNSET
 AUG 5 2015..........SUNRISE  5:12 AM      SUNSET  9:36 PM
 AUG 6 2015..........SUNRISE  5:15 AM      SUNSET  9:34 PM

-  INDICATES NEGATIVE NUMBERS.
R  INDICATES RECORD HAS BEEN SET OR TIED.
MM INDICATES DATA IS MISSING.
T  INDICATES TRACE OF PRECIPITATION.

&&
-------------------------------------------------------------------

AMOUNT OF DAYLIGHT TODAY  (HOUR:MIN)........16 HOURS 24 MINUTES
GAIN/LOSS SINCE YESTERDAY (HOUR:MIN:SEC)....-0:04:49

$$
*** AUG 15
