000
CDUS46 KPDT 261052
CLIYKM

CLIMATE REPORT
NATIONAL WEATHER SERVICE PENDLETON OR
146 AM PDT SUN MAR 26 2017


...................................

...THE YAKIMA WA CLIMATE SUMMARY FOR MARCH 25 2017...

CLIMATE NORMAL PERIOD 1981 TO 2010
CLIMATE RECORD PERIOD 1946 TO 2017


WEATHER ITEM   OBSERVED TIME   RECORD YEAR NORMAL DEPARTURE LAST
                VALUE   (LST)  VALUE       VALUE  FROM      YEAR
                                                  NORMAL
..................................................................
TEMPERATURE (F)
 YESTERDAY
  MAXIMUM         61    201 PM  80    1960  59      2       62
  MINIMUM         33    616 AM  19    2008  32      1       31
  AVERAGE         47                        45      2       47

PRECIPITATION (IN)
  YESTERDAY        0.00          0.35 2004   0.02  -0.02     0.00
  MONTH TO DATE    0.82                      0.53   0.29     1.80
  SINCE OCT 1      9.30                      5.57   3.73     9.17
  SINCE JAN 1      5.38                      2.45   2.93     4.52

SNOWFALL (IN)
  YESTERDAY        0.0           3.6  1955   0.1   -0.1      0.0
  MONTH TO DATE    T                         0.7   -0.7      0.0
  SINCE JAN 1     29.1                       8.6   20.5     12.5
  SINCE JUL 1     36.5                      21.6   14.9     31.4
  SNOW DEPTH       0

DEGREE DAYS
 HEATING
  YESTERDAY       18                        20     -2       18
  MONTH TO DATE  493                       562    -69      471
  SINCE MAR 1    493                       562    -69      471
  SINCE JUL 1   4922                      5089   -167     4221

 COOLING
  YESTERDAY        0                         0      0        0
  MONTH TO DATE    0                         0      0        0
  SINCE MAR 1      0                         0      0        0
  SINCE JAN 1      0                         0      0        0
..................................................................


WIND (MPH)
  HIGHEST WIND SPEED    20   HIGHEST WIND DIRECTION     S (200)
  HIGHEST GUST SPEED    26   HIGHEST GUST DIRECTION     S (200)
  AVERAGE WIND SPEED     5.3


SKY COVER
  POSSIBLE SUNSHINE  MM
  AVERAGE SKY COVER 0.2


WEATHER CONDITIONS
 THE FOLLOWING WEATHER WAS RECORDED YESTERDAY.
  NO SIGNIFICANT WEATHER WAS OBSERVED.


RELATIVE HUMIDITY (PERCENT)
 HIGHEST    89           500 AM
 LOWEST     24           200 PM
 AVERAGE    57

..........................................................


THE YAKIMA WA CLIMATE NORMALS FOR TODAY
                         NORMAL    RECORD    YEAR
 MAXIMUM TEMPERATURE (F)   59        74      2015
 MINIMUM TEMPERATURE (F)   32        22      1990
                                             1985
                                             1975


SUNRISE AND SUNSET
MARCH 26 2017.........SUNRISE   653 AM PDT   SUNSET   724 PM PDT
MARCH 27 2017.........SUNRISE   651 AM PDT   SUNSET   725 PM PDT


-  INDICATES NEGATIVE NUMBERS.
R  INDICATES RECORD WAS SET OR TIED.
MM INDICATES DATA IS MISSING.
T  INDICATES TRACE AMOUNT.




$$
