000
CDUS46 KPDT 290930
CLIYKM

CLIMATE REPORT
NATIONAL WEATHER SERVICE PENDLETON OR
129 AM PST THU JAN 29 2015


...................................

...THE YAKIMA WA CLIMATE SUMMARY FOR JANUARY 28 2015...

CLIMATE NORMAL PERIOD 1981 TO 2010
CLIMATE RECORD PERIOD 1946 TO 2015


WEATHER ITEM   OBSERVED TIME   RECORD YEAR NORMAL DEPARTURE LAST
                VALUE   (LST)  VALUE       VALUE  FROM      YEAR
                                                  NORMAL
..................................................................
TEMPERATURE (F)
 YESTERDAY
  MAXIMUM         39    259 PM  57    1974  42     -3       36
  MINIMUM         30    735 AM -12    1980  25      5       31
  AVERAGE         35                        33      2       34

PRECIPITATION (IN)
  YESTERDAY        0.00          0.56 1995   0.03  -0.03     0.10
  MONTH TO DATE    0.70                      1.05  -0.35     0.20
  SINCE OCT 1      2.80                      4.17  -1.37     1.03
  SINCE JAN 1      0.70                      1.05  -0.35     0.20

SNOWFALL (IN)
  YESTERDAY        0.0           2.6  1956   0.2   -0.2      0.0
  MONTH TO DATE    1.6                       5.0   -3.4      0.5
  SINCE JAN 1      1.6                       5.0   -3.4      0.5
  SINCE JUL 1      1.6                      18.0  -16.4      0.5
  SNOW DEPTH       0

DEGREE DAYS
 HEATING
  YESTERDAY       30                        32     -2       31
  MONTH TO DATE  847                       962   -115      849
  SINCE DEC 1   1741                      2092   -351     2004
  SINCE JUL 1   2925                      3625   -700     3420

 COOLING
  YESTERDAY        0                         0      0        0
  MONTH TO DATE    0                         0      0        0
  SINCE DEC 1      0                         0      0        0
  SINCE JAN 1      0                         0      0        0
..................................................................


WIND (MPH)
  HIGHEST WIND SPEED    10   HIGHEST WIND DIRECTION     E (90)
  HIGHEST GUST SPEED    12   HIGHEST GUST DIRECTION     E (90)
  AVERAGE WIND SPEED     2.4


SKY COVER
  POSSIBLE SUNSHINE  MM
  AVERAGE SKY COVER 1.0


WEATHER CONDITIONS
THE FOLLOWING WEATHER WAS RECORDED YESTERDAY.
  FOG
  FOG W/VISIBILITY <= 1/4 MILE


RELATIVE HUMIDITY (PERCENT)
 HIGHEST   100          1200 AM
 LOWEST     85           300 PM
 AVERAGE    93

..........................................................


THE YAKIMA WA CLIMATE NORMALS FOR TODAY
                         NORMAL    RECORD    YEAR
 MAXIMUM TEMPERATURE (F)   42        59      1974
 MINIMUM TEMPERATURE (F)   25       -13      1957


SUNRISE AND SUNSET
JANUARY 29 2015.......SUNRISE   730 AM PST   SUNSET   501 PM PST
JANUARY 30 2015.......SUNRISE   728 AM PST   SUNSET   503 PM PST


-  INDICATES NEGATIVE NUMBERS.
R  INDICATES RECORD WAS SET OR TIED.
MM INDICATES DATA IS MISSING.
T  INDICATES TRACE AMOUNT.

$$
