000
CDUS46 KPDT 210154
CLIYKM

CLIMATE REPORT
NATIONAL WEATHER SERVICE PENDLETON OR
652 PM PDT SUN AUG 20 2017


...................................

...THE YAKIMA WA CLIMATE SUMMARY FOR AUGUST 20 2017...
VALID TODAY AS OF 0500 PM LOCAL TIME.

CLIMATE NORMAL PERIOD 1981 TO 2010
CLIMATE RECORD PERIOD 1946 TO 2017


WEATHER ITEM   OBSERVED TIME   RECORD YEAR NORMAL DEPARTURE LAST
                VALUE   (LST)  VALUE       VALUE  FROM      YEAR
                                                  NORMAL
..................................................................
TEMPERATURE (F)
 TODAY
  MAXIMUM         87    228 PM 101    2009  86      1       96
  MINIMUM         50    435 AM  41    2000  51     -1       53
  AVERAGE         69                        69      0       75

PRECIPITATION (IN)
  TODAY            0.00          0.16 1993   0.00   0.00     0.00
  MONTH TO DATE    0.12                      0.15  -0.03      T
  SINCE OCT 1     11.61                      7.78   3.83    10.54
  SINCE JAN 1      7.69                      4.66   3.03     5.89

SNOWFALL (IN)
  TODAY            0.0           0.0  2002   0.0    0.0      0.0
                                      2001
                                      1999
  MONTH TO DATE    0.0                       0.0    0.0      0.0
  SINCE JAN 1     29.1                       8.6   20.5     12.5
  SINCE JUL 1      0.0                       0.0    0.0      0.0
  SNOW DEPTH       0

DEGREE DAYS
 HEATING
  TODAY            0                         1     -1        0
  MONTH TO DATE    0                        13    -13        3
  SINCE JUN 1     51                       132    -81       71
  SINCE JUL 1      0                        34    -34        3

 COOLING
  TODAY            4                         4      0       10
  MONTH TO DATE  259                       122    137      186
  SINCE JUN 1    783                       382    401      645
  SINCE JAN 1    840                       402    438      684
..................................................................


WIND (MPH)
  HIGHEST WIND SPEED    12   HIGHEST WIND DIRECTION     W (260)
  HIGHEST GUST SPEED    16   HIGHEST GUST DIRECTION    NW (330)
  AVERAGE WIND SPEED     4.9


SKY COVER
  POSSIBLE SUNSHINE  MM
  AVERAGE SKY COVER 0.0


WEATHER CONDITIONS
 THE FOLLOWING WEATHER WAS RECORDED TODAY.
  NO SIGNIFICANT WEATHER WAS OBSERVED.


RELATIVE HUMIDITY (PERCENT)
 HIGHEST    68           300 AM
 LOWEST     19           100 PM
 AVERAGE    44

..........................................................


THE YAKIMA WA CLIMATE NORMALS FOR TOMORROW
                         NORMAL    RECORD    YEAR
 MAXIMUM TEMPERATURE (F)   86       100      1958
 MINIMUM TEMPERATURE (F)   51        40      1985


SUNRISE AND SUNSET
AUGUST 20 2017........SUNRISE   607 AM PDT   SUNSET   803 PM PDT
AUGUST 21 2017........SUNRISE   609 AM PDT   SUNSET   801 PM PDT


-  INDICATES NEGATIVE NUMBERS.
R  INDICATES RECORD WAS SET OR TIED.
MM INDICATES DATA IS MISSING.
T  INDICATES TRACE AMOUNT.




$$
