000
CDUS46 KPDT 190828 RRA
CLIYKM

CLIMATE REPORT
NATIONAL WEATHER SERVICE PENDLETON OR
1226 AM PST THU JAN 19 2017


...................................

...THE YAKIMA WA CLIMATE SUMMARY FOR JANUARY 18 2017...

CLIMATE NORMAL PERIOD 1981 TO 2010
CLIMATE RECORD PERIOD 1946 TO 2017


WEATHER ITEM   OBSERVED TIME   RECORD YEAR NORMAL DEPARTURE LAST
                VALUE   (LST)  VALUE       VALUE  FROM      YEAR
                                                  NORMAL
..................................................................
TEMPERATURE (F)
 YESTERDAY
  MAXIMUM         34    330 PM  68    1977  39     -5       37
  MINIMUM         23    100 AM  -6    1960  24     -1       31
  AVERAGE         29                        31     -2       34

PRECIPITATION (IN)
  YESTERDAY        0.17          0.56 2012   0.04   0.13     0.01
  MONTH TO DATE    1.37                      0.73   0.64     1.14
  SINCE OCT 1      5.29                      3.85   1.44     5.79
  SINCE JAN 1      1.37                      0.73   0.64     1.14

SNOWFALL (IN)
  YESTERDAY       MM             6.0  2012   0.2   MM        0.0
  MONTH TO DATE   13.5                       3.7    9.8     10.7
  SINCE JAN 1     13.5                       3.7    9.8     10.7
  SINCE JUL 1     20.9                      16.7    4.2     29.6
  SNOW DEPTH       0

DEGREE DAYS
 HEATING
  YESTERDAY       36                        34      2       31
  MONTH TO DATE  857                       636    221      611
  SINCE DEC 1   2058                      1766    292     1646
  SINCE JUL 1   3077                      3299   -222     2760

 COOLING
  YESTERDAY        0                         0      0        0
  MONTH TO DATE    0                         0      0        0
  SINCE DEC 1      0                         0      0        0
  SINCE JAN 1      0                         0      0        0
..................................................................


WIND (MPH)
  HIGHEST WIND SPEED     8   HIGHEST WIND DIRECTION     E (70)
  HIGHEST GUST SPEED    10   HIGHEST GUST DIRECTION    SE (120)
  AVERAGE WIND SPEED     1.4


SKY COVER
  POSSIBLE SUNSHINE  MM
  AVERAGE SKY COVER 0.5


WEATHER CONDITIONS
 THE FOLLOWING WEATHER WAS RECORDED YESTERDAY.
  LIGHT RAIN
  LT FREEZING RAIN
  FOG
  HAZE


RELATIVE HUMIDITY (PERCENT)
 HIGHEST    92           600 PM
 LOWEST     81          1200 AM
 AVERAGE    87

..........................................................


THE YAKIMA WA CLIMATE NORMALS FOR TODAY
                         NORMAL    RECORD    YEAR
 MAXIMUM TEMPERATURE (F)   39        59      1968
 MINIMUM TEMPERATURE (F)   24        -9      1954


SUNRISE AND SUNSET
JANUARY 19 2017.......SUNRISE   739 AM PST   SUNSET   448 PM PST
JANUARY 20 2017.......SUNRISE   738 AM PST   SUNSET   449 PM PST


-  INDICATES NEGATIVE NUMBERS.
R  INDICATES RECORD WAS SET OR TIED.
MM INDICATES DATA IS MISSING.
T  INDICATES TRACE AMOUNT.




$$
