000
CDUS46 KPDT 160855
CLIYKM

CLIMATE REPORT
NATIONAL WEATHER SERVICE PENDLETON OR
155 AM PDT TUE SEP 16 2014


...................................

...THE YAKIMA WA CLIMATE SUMMARY FOR SEPTEMBER 15 2014...

CLIMATE NORMAL PERIOD 1981 TO 2010
CLIMATE RECORD PERIOD 1946 TO 2014


WEATHER ITEM   OBSERVED TIME   RECORD YEAR NORMAL DEPARTURE LAST
                VALUE   (LST)  VALUE       VALUE  FROM      YEAR
                                                  NORMAL
..................................................................
TEMPERATURE (F)
 YESTERDAY
  MAXIMUM         87    236 PM  94    2013  79      8       94
  MINIMUM         42    503 AM  33    1993  44     -2       66
  AVERAGE         65                        61      4       80

PRECIPITATION (IN)
  YESTERDAY        0.00          1.36 1986   0.01  -0.01     0.03
  MONTH TO DATE    T                         0.17  -0.17     0.09
  SINCE OCT 1      4.79                      8.06  -3.27     8.25
  SINCE JAN 1      3.96                      4.94  -0.98     4.45

SNOWFALL (IN)
  YESTERDAY        0.0           0.0  2002   0.0    0.0      0.0
                                      2001
                                      1999
  MONTH TO DATE    0.0                       0.0    0.0      0.0
  SINCE JAN 1     19.9                       8.6   11.3      1.1
  SINCE JUL 1      0.0                       0.0    0.0      0.0
  SNOW DEPTH       0

DEGREE DAYS
 HEATING
  YESTERDAY        0                         5     -5        0
  MONTH TO DATE   40                        50    -10        4
  SINCE SEP 1     40                        50    -10        4
  SINCE JUL 1     46                        98    -52        4

 COOLING
  YESTERDAY        0                         1     -1       15
  MONTH TO DATE    7                        24    -17      132
  SINCE SEP 1      7                        24    -17      132
  SINCE JAN 1    834                       464    370      967
..................................................................


WIND (MPH)
  HIGHEST WIND SPEED    18   HIGHEST WIND DIRECTION     W (290)
  HIGHEST GUST SPEED    31   HIGHEST GUST DIRECTION    NW (310)
  AVERAGE WIND SPEED     6.0


SKY COVER
  POSSIBLE SUNSHINE  MM
  AVERAGE SKY COVER 0.0


WEATHER CONDITIONS
THE FOLLOWING WEATHER WAS RECORDED YESTERDAY.
  NO SIGNIFICANT WEATHER WAS OBSERVED.


RELATIVE HUMIDITY (PERCENT)
 HIGHEST    76           100 AM
 LOWEST     15           200 PM
 AVERAGE    46

..........................................................


THE YAKIMA WA CLIMATE NORMALS FOR TODAY
                         NORMAL    RECORD    YEAR
 MAXIMUM TEMPERATURE (F)   78        94      1981
 MINIMUM TEMPERATURE (F)   43        33      2006
                                             1987
                                             1973


SUNRISE AND SUNSET
SEPTEMBER 16 2014.....SUNRISE   641 AM PDT   SUNSET   711 PM PDT
SEPTEMBER 17 2014.....SUNRISE   643 AM PDT   SUNSET   710 PM PDT


-  INDICATES NEGATIVE NUMBERS.
R  INDICATES RECORD WAS SET OR TIED.
MM INDICATES DATA IS MISSING.
T  INDICATES TRACE AMOUNT.

$$
