460
CDUS46 KPDT 240836
CLIYKM

CLIMATE REPORT
NATIONAL WEATHER SERVICE PENDLETON OR
1229 AM PST FRI FEB 24 2017


...................................

...THE YAKIMA WA CLIMATE SUMMARY FOR FEBRUARY 23 2017...

CLIMATE NORMAL PERIOD 1981 TO 2010
CLIMATE RECORD PERIOD 1946 TO 2017


WEATHER ITEM   OBSERVED TIME   RECORD YEAR NORMAL DEPARTURE LAST
                VALUE   (LST)  VALUE       VALUE  FROM      YEAR
                                                  NORMAL
..................................................................
TEMPERATURE (F)
 YESTERDAY
  MAXIMUM         45    356 PM  69    1947  49     -4       54
  MINIMUM         19    705 AM  16    1993  27     -8       24
  AVERAGE         32                        38     -6       39

PRECIPITATION (IN)
  YESTERDAY        0.00          0.28 2009   0.03  -0.03     0.00
  MONTH TO DATE    2.25                      0.65   1.60     0.39
  SINCE OCT 1      8.33                      4.91   3.42     7.35
  SINCE JAN 1      4.41                      1.79   2.62     2.70

SNOWFALL (IN)
  YESTERDAY        0.0           2.4  1969   0.1   -0.1      0.0
  MONTH TO DATE    9.9                       2.3    7.6      0.8
  SINCE JAN 1     29.0                       7.6   21.4     12.5
  SINCE JUL 1     36.4                      20.6   15.8     31.4
  SNOW DEPTH       0

DEGREE DAYS
 HEATING
  YESTERDAY       33                        27      6       26
  MONTH TO DATE  757                       676     81      527
  SINCE DEC 1   3247                      2861    386     2525
  SINCE JUL 1   4266                      4394   -128     3639

 COOLING
  YESTERDAY        0                         0      0        0
  MONTH TO DATE    0                         0      0        0
  SINCE DEC 1      0                         0      0        0
  SINCE JAN 1      0                         0      0        0
..................................................................


WIND (MPH)
  HIGHEST WIND SPEED    10   HIGHEST WIND DIRECTION    NW (300)
  HIGHEST GUST SPEED    14   HIGHEST GUST DIRECTION    NW (330)
  AVERAGE WIND SPEED     5.7


SKY COVER
  POSSIBLE SUNSHINE  MM
  AVERAGE SKY COVER 0.1


WEATHER CONDITIONS
 THE FOLLOWING WEATHER WAS RECORDED YESTERDAY.
  NO SIGNIFICANT WEATHER WAS OBSERVED.


RELATIVE HUMIDITY (PERCENT)
 HIGHEST    84           400 AM
 LOWEST     31           300 PM
 AVERAGE    58

..........................................................


THE YAKIMA WA CLIMATE NORMALS FOR TODAY
                         NORMAL    RECORD    YEAR
 MAXIMUM TEMPERATURE (F)   49        68      1986
 MINIMUM TEMPERATURE (F)   27         9      1993


SUNRISE AND SUNSET
FEBRUARY 24 2017......SUNRISE   650 AM PST   SUNSET   541 PM PST
FEBRUARY 25 2017......SUNRISE   648 AM PST   SUNSET   543 PM PST


-  INDICATES NEGATIVE NUMBERS.
R  INDICATES RECORD WAS SET OR TIED.
MM INDICATES DATA IS MISSING.
T  INDICATES TRACE AMOUNT.




$$
