000
CDUS46 KPDT 270856
CLIYKM

CLIMATE REPORT
NATIONAL WEATHER SERVICE PENDLETON OR

143 AM PDT WED JUL 27 2016


...................................

...THE YAKIMA WA CLIMATE SUMMARY FOR JULY 26 2016...

CLIMATE NORMAL PERIOD 1981 TO 2010
CLIMATE RECORD PERIOD 1946 TO 2016


WEATHER ITEM   OBSERVED TIME   RECORD YEAR NORMAL DEPARTURE LAST
                VALUE   (LST)  VALUE       VALUE  FROM      YEAR
                                                  NORMAL
..................................................................
TEMPERATURE (F)
 YESTERDAY
  MAXIMUM         99    400 PM 103    1998  90      9       80
  MINIMUM         75    617 AM  42    1953  55     20       52
  AVERAGE         87                        72     15       66

PRECIPITATION (IN)
  YESTERDAY        0.00          0.21 1955   0.00   0.00     0.00
  MONTH TO DATE    0.22                      0.19   0.03     0.06
  SINCE OCT 1     10.54                      7.60   2.94     6.39
  SINCE JAN 1      5.89                      4.48   1.41     4.29

SNOWFALL (IN)
  YESTERDAY        0.0           0.0  2002   0.0    0.0      0.0
                                      2001
                                      2000
  MONTH TO DATE    0.0                       0.0    0.0      0.0
  SINCE JAN 1     12.5                       8.6    3.9      1.6
  SINCE JUL 1      0.0                       0.0    0.0      0.0
  SNOW DEPTH       0

DEGREE DAYS
 HEATING
  YESTERDAY        0                         0      0        0
  MONTH TO DATE    0                        19    -19        0
  SINCE JUN 1     68                       117    -49        3
  SINCE JUL 1      0                        19    -19        0

 COOLING
  YESTERDAY       22                         7     15        1
  MONTH TO DATE  185                       155     30      335
  SINCE JUN 1    370                       220    150      642
  SINCE JAN 1    409                       240    169      734
..................................................................


WIND (MPH)
  HIGHEST WIND SPEED    22   HIGHEST WIND DIRECTION    NW (330)
  HIGHEST GUST SPEED    29   HIGHEST GUST DIRECTION    NW (330)
  AVERAGE WIND SPEED     8.9


SKY COVER
  POSSIBLE SUNSHINE  MM
  AVERAGE SKY COVER 0.0


WEATHER CONDITIONS
 THE FOLLOWING WEATHER WAS RECORDED YESTERDAY.
  NO SIGNIFICANT WEATHER WAS OBSERVED.


RELATIVE HUMIDITY (PERCENT)
 HIGHEST    43           500 AM
 LOWEST     18           300 PM
 AVERAGE    31

..........................................................


THE YAKIMA WA CLIMATE NORMALS FOR TODAY
                         NORMAL    RECORD    YEAR
 MAXIMUM TEMPERATURE (F)   90       106      1998
 MINIMUM TEMPERATURE (F)   55        45      1986
                                             1955


SUNRISE AND SUNSET
JULY 27 2016..........SUNRISE   538 AM PDT   SUNSET   839 PM PDT
JULY 28 2016..........SUNRISE   539 AM PDT   SUNSET   838 PM PDT


-  INDICATES NEGATIVE NUMBERS.
R  INDICATES RECORD WAS SET OR TIED.
MM INDICATES DATA IS MISSING.
T  INDICATES TRACE AMOUNT.




$$
