000
CDUS41 KCLE 170526
CLIYNG


CLIMATE REPORT
NATIONAL WEATHER SERVICE CLEVELAND OH
126 AM EDT WED SEP 17 2014


...................................

...THE YOUNGSTOWN OH CLIMATE SUMMARY FOR SEPTEMBER 16 2014...

CLIMATE NORMAL PERIOD 1981 TO 2010
CLIMATE RECORD PERIOD 1897 TO 2014


WEATHER ITEM   OBSERVED TIME   RECORD YEAR NORMAL DEPARTURE LAST
                VALUE   (LST)  VALUE       VALUE  FROM      YEAR
                                                  NORMAL
..................................................................
TEMPERATURE (F)
 YESTERDAY
  MAXIMUM         67    307 PM  95    1939  72     -5       69
  MINIMUM         47   1159 PM  37    1966  51     -4       45
                                      1959
  AVERAGE         57                        62     -5       57

PRECIPITATION (IN)
  YESTERDAY        0.02                      0.13  -0.11     0.01
  MONTH TO DATE    1.53                      2.03  -0.50     1.13
  SINCE SEP 1      1.53                      2.03  -0.50     1.13
  SINCE JAN 1     31.09                     28.25   2.84    28.35

SNOWFALL (IN)
  YESTERDAY        0.0                       0.0    0.0      0.0
  MONTH TO DATE    0.0                       0.0    0.0      0.0
  SINCE SEP 1      0.0                       0.0    0.0      0.0
  SINCE JUL 1      0.0                       0.0    0.0      0.0
  SNOW DEPTH       0

DEGREE DAYS
 HEATING
  YESTERDAY        8                         5      3        8
  MONTH TO DATE   64                        47     17       58
  SINCE SEP 1     64                        47     17       58
  SINCE JUL 1    116                        85     31       96

 COOLING
  YESTERDAY        0                         1     -1        0
  MONTH TO DATE   49                        38     11       52
  SINCE SEP 1     49                        38     11       52
  SINCE JAN 1    526                       524      2      604
..................................................................


WIND (MPH)
  HIGHEST WIND SPEED    10   HIGHEST WIND DIRECTION     N (340)
  HIGHEST GUST SPEED    16   HIGHEST GUST DIRECTION     N (10)
  AVERAGE WIND SPEED     3.6


SKY COVER
  POSSIBLE SUNSHINE  MM
  AVERAGE SKY COVER 0.6


WEATHER CONDITIONS
 THE FOLLOWING WEATHER WAS RECORDED YESTERDAY.
  LIGHT RAIN
  FOG
  FOG W/VISIBILITY <= 1/4 MILE


RELATIVE HUMIDITY (PERCENT)
 HIGHEST   100           900 AM
 LOWEST     56           200 PM
 AVERAGE    78

..........................................................


THE YOUNGSTOWN OH CLIMATE NORMALS FOR TODAY
                         NORMAL    RECORD    YEAR
 MAXIMUM TEMPERATURE (F)   72        95      1939
 MINIMUM TEMPERATURE (F)   51        30      1959


SUNRISE AND SUNSET
SEPTEMBER 17 2014.....SUNRISE   705 AM EDT   SUNSET   728 PM EDT
SEPTEMBER 18 2014.....SUNRISE   706 AM EDT   SUNSET   727 PM EDT


-  INDICATES NEGATIVE NUMBERS.
R  INDICATES RECORD WAS SET OR TIED.
MM INDICATES DATA IS MISSING.
T  INDICATES TRACE AMOUNT.




$$
