000
CDUS41 KCLE 110532
CLIYNG


CLIMATE REPORT
NATIONAL WEATHER SERVICE CLEVELAND OH
1231 AM EST THU FEB 11 2016


...................................

...THE YOUNGSTOWN OH CLIMATE SUMMARY FOR FEBRUARY 10 2016...

CLIMATE NORMAL PERIOD 1981 TO 2010
CLIMATE RECORD PERIOD 1897 TO 2016


WEATHER ITEM   OBSERVED TIME   RECORD YEAR NORMAL DEPARTURE LAST
                VALUE   (LST)  VALUE       VALUE  FROM      YEAR
                                                  NORMAL
..................................................................
TEMPERATURE (F)
 YESTERDAY
  MAXIMUM         26   1207 AM  62    1965  35     -9       23
                                      1959
                                      1943
  MINIMUM         16   1159 PM -15    1934  20     -4       15
  AVERAGE         21                        27     -6       19

PRECIPITATION (IN)
  YESTERDAY        0.20                      0.08   0.12      T
  MONTH TO DATE    1.36                      0.75   0.61     1.23
  SINCE DEC 1      6.96                      6.29   0.67     6.71
  SINCE JAN 1      2.77                      3.30  -0.53     4.39

SNOWFALL (IN)
  YESTERDAY        3.5                       0.4    3.1       T
  MONTH TO DATE    5.9                       4.5    1.4     11.9
  SINCE DEC 1     18.5                      36.1  -17.6     41.9
  SINCE JUL 1     18.9                      40.5  -21.6     53.5
  SNOW DEPTH       1

DEGREE DAYS
 HEATING
  YESTERDAY       44                        38      6       46
  MONTH TO DATE  307                       383    -76      419
  SINCE DEC 1   2196                      2677   -481     2695
  SINCE JUL 1   3198                      4006   -808     4105

 COOLING
  YESTERDAY        0                         0      0        0
  MONTH TO DATE    0                         0      0        0
  SINCE DEC 1      0                         0      0        0
  SINCE JAN 1      0                         0      0        0
..................................................................


WIND (MPH)
  HIGHEST WIND SPEED    21   HIGHEST WIND DIRECTION     W (270)
  HIGHEST GUST SPEED    28   HIGHEST GUST DIRECTION    SW (230)
  AVERAGE WIND SPEED    13.6


SKY COVER
  POSSIBLE SUNSHINE  MM
  AVERAGE SKY COVER 1.0


WEATHER CONDITIONS
 THE FOLLOWING WEATHER WAS RECORDED YESTERDAY.
  SNOW
  LIGHT SNOW
  FOG


RELATIVE HUMIDITY (PERCENT)
 HIGHEST    88           100 AM
 LOWEST     71          1100 AM
 AVERAGE    80

..........................................................


THE YOUNGSTOWN OH CLIMATE NORMALS FOR TODAY
                         NORMAL    RECORD    YEAR
 MAXIMUM TEMPERATURE (F)   35        72      1932
 MINIMUM TEMPERATURE (F)   20       -13      1979


SUNRISE AND SUNSET
FEBRUARY 11 2016......SUNRISE   723 AM EST   SUNSET   551 PM EST
FEBRUARY 12 2016......SUNRISE   722 AM EST   SUNSET   552 PM EST


-  INDICATES NEGATIVE NUMBERS.
R  INDICATES RECORD WAS SET OR TIED.
MM INDICATES DATA IS MISSING.
T  INDICATES TRACE AMOUNT.




$$
