000
CDUS41 KCLE 300545
CLIYNG


CLIMATE REPORT
NATIONAL WEATHER SERVICE CLEVELAND OH
145 AM EDT WED JUL 30 2014


...................................

...THE YOUNGSTOWN OH CLIMATE SUMMARY FOR JULY 29 2014...

CLIMATE NORMAL PERIOD 1981 TO 2010
CLIMATE RECORD PERIOD 1897 TO 2014


WEATHER ITEM   OBSERVED TIME   RECORD YEAR NORMAL DEPARTURE LAST
                VALUE   (LST)  VALUE       VALUE  FROM      YEAR
                                                  NORMAL
..................................................................
TEMPERATURE (F)
 YESTERDAY
  MAXIMUM         69    532 PM 101    1941  81    -12       71
  MINIMUM         54    436 AM  49    1968  60     -6       53
  AVERAGE         62                        70     -8       62

PRECIPITATION (IN)
  YESTERDAY        0.00                      0.12  -0.12      T
  MONTH TO DATE    3.36                      4.05  -0.69     7.45
  SINCE JUN 1      8.16                      7.93   0.23    12.82
  SINCE JAN 1     23.25                     22.72   0.53    24.59

SNOWFALL (IN)
  YESTERDAY        0.0                       0.0    0.0      0.0
  MONTH TO DATE    0.0                       0.0    0.0      0.0
  SINCE JUN 1      0.0                       0.0    0.0       T
  SINCE JUL 1      0.0                       0.0    0.0      0.0
  SNOW DEPTH       0

DEGREE DAYS
 HEATING
  YESTERDAY        3                         0      3        3
  MONTH TO DATE   28                         8     20       12
  SINCE JUN 1     56                        77    -21       68
  SINCE JUL 1     28                         8     20       12

 COOLING
  YESTERDAY        0                         6     -6        0
  MONTH TO DATE  126                       174    -48      220
  SINCE JUN 1    279                       284     -5      338
  SINCE JAN 1    334                       323     11      426
..................................................................


WIND (MPH)
  HIGHEST WIND SPEED    13   HIGHEST WIND DIRECTION     W (290)
  HIGHEST GUST SPEED    18   HIGHEST GUST DIRECTION     W (260)
  AVERAGE WIND SPEED     4.0


SKY COVER
  POSSIBLE SUNSHINE  MM
  AVERAGE SKY COVER 0.9


WEATHER CONDITIONS
 THE FOLLOWING WEATHER WAS RECORDED YESTERDAY.
  NO SIGNIFICANT WEATHER WAS OBSERVED.


RELATIVE HUMIDITY (PERCENT)
 HIGHEST    83          1200 AM
 LOWEST     49           400 PM
 AVERAGE    66

..........................................................


THE YOUNGSTOWN OH CLIMATE NORMALS FOR TODAY
                         NORMAL    RECORD    YEAR
 MAXIMUM TEMPERATURE (F)   81        95      1940
                                             1933
 MINIMUM TEMPERATURE (F)   60        46      1997
                                             1965


SUNRISE AND SUNSET
JULY 30 2014..........SUNRISE   616 AM EDT   SUNSET   842 PM EDT
JULY 31 2014..........SUNRISE   617 AM EDT   SUNSET   840 PM EDT


-  INDICATES NEGATIVE NUMBERS.
R  INDICATES RECORD WAS SET OR TIED.
MM INDICATES DATA IS MISSING.
T  INDICATES TRACE AMOUNT.




$$
