000
CDUS41 KCLE 232217
CLIYNG


CLIMATE REPORT
NATIONAL WEATHER SERVICE CLEVELAND OH
516 PM EST FRI FEB 23 2018


...................................

...THE YOUNGSTOWN OH CLIMATE SUMMARY FOR FEBRUARY 23 2018...
VALID TODAY AS OF 0500 PM LOCAL TIME.

CLIMATE NORMAL PERIOD 1981 TO 2010
CLIMATE RECORD PERIOD 1897 TO 2018


WEATHER ITEM   OBSERVED TIME   RECORD YEAR NORMAL DEPARTURE LAST
                VALUE   (LST)  VALUE       VALUE  FROM      YEAR
                                                  NORMAL
..................................................................
TEMPERATURE (F)
 TODAY
  MAXIMUM         59    359 PM  69    2017  38     21       69
  MINIMUM         40    510 AM -11    2015  22     18       54
  AVERAGE         50                        30     20       62

PRECIPITATION (IN)
  TODAY            0.08                      0.08   0.00     0.03
  MONTH TO DATE    3.60                      1.73   1.87     1.85
  SINCE DEC 1      8.85                      7.27   1.58    10.77
  SINCE JAN 1      6.74                      4.28   2.46     7.20

SNOWFALL (IN)
  TODAY            0.0                       0.4   -0.4      0.0
  MONTH TO DATE   15.0                      10.4    4.6      6.0
  SINCE DEC 1     57.1                      42.0   15.1     42.9
  SINCE JUL 1     58.1                      46.4   11.7     47.3
  SNOW DEPTH       0

DEGREE DAYS
 HEATING
  TODAY           15                        35    -20        3
  MONTH TO DATE  723                       854   -131      634
  SINCE DEC 1   3123                      3148    -25     2715
  SINCE JUL 1   4221                      4477   -256     3687

 COOLING
  TODAY            0                         0      0        0
  MONTH TO DATE    2                         0      2        0
  SINCE DEC 1      2                         0      2        0
  SINCE JAN 1      2                         0      2        0
..................................................................


WIND (MPH)
  HIGHEST WIND SPEED    21   HIGHEST WIND DIRECTION    SW (220)
  HIGHEST GUST SPEED    27   HIGHEST GUST DIRECTION    SW (220)


SKY COVER
  POSSIBLE SUNSHINE  MM
  AVERAGE SKY COVER 1.0


WEATHER CONDITIONS
 THE FOLLOWING WEATHER WAS RECORDED TODAY.
  LIGHT RAIN
  FOG


RELATIVE HUMIDITY (PERCENT)
 HIGHEST   100           300 AM
 LOWEST     86          1200 AM
 AVERAGE    93

..........................................................


THE YOUNGSTOWN OH CLIMATE NORMALS FOR TOMORROW
                         NORMAL    RECORD    YEAR
 MAXIMUM TEMPERATURE (F)   38        75      2017
 MINIMUM TEMPERATURE (F)   22       -10      2015


SUNRISE AND SUNSET
FEBRUARY 23 2018......SUNRISE   706 AM EST   SUNSET   606 PM EST
FEBRUARY 24 2018......SUNRISE   705 AM EST   SUNSET   608 PM EST


-  INDICATES NEGATIVE NUMBERS.
R  INDICATES RECORD WAS SET OR TIED.
MM INDICATES DATA IS MISSING.
T  INDICATES TRACE AMOUNT.




$$
