000
CDUS41 KPBZ 150824
CLIZZV


CLIMATE REPORT
NATIONAL WEATHER SERVICE PITTSBURGH PA
324 AM EST FRI DEC 15 2017


...................................

...THE ZANESVILLE OH CLIMATE SUMMARY FOR DECEMBER 14 2017...

CLIMATE NORMAL PERIOD 1981 TO 2010
CLIMATE RECORD PERIOD 1895 TO 2017


WEATHER ITEM   OBSERVED TIME   RECORD YEAR NORMAL DEPARTURE LAST
                VALUE   (LST)  VALUE       VALUE  FROM      YEAR
                                                  NORMAL
..................................................................
TEMPERATURE (F)
 YESTERDAY
  MAXIMUM         35    130 AM  65    2015  41     -6       30
                                      1975
  MINIMUM         21   1159 PM  -1    1898  25     -4       13
  AVERAGE         28                        33     -5       22

PRECIPITATION (IN)
  YESTERDAY        0.03          1.70 1951   0.08  -0.05     0.00
  MONTH TO DATE    0.31                      1.22  -0.91     1.64
  SINCE JUN 1     21.83                     21.04   0.79    16.00
  SINCE JAN 1     39.95                     36.50   3.45    30.98

DEGREE DAYS
 HEATING
  YESTERDAY       37                        32      5       43
  MONTH TO DATE  443                       422     21      453
  SINCE DEC 1    443                       422     21      453
  SINCE JUL 1   1427                      1563   -136     1310

 COOLING
  YESTERDAY        0                         0      0        0
  MONTH TO DATE    0                         0      0        0
  SINCE DEC 1      0                         0      0        0
  SINCE JAN 1    877                       768    109     1355
..................................................................


WIND (MPH)
  HIGHEST WIND SPEED    26   HIGHEST WIND DIRECTION     W (270)
  HIGHEST GUST SPEED    36   HIGHEST GUST DIRECTION     W (270)
  AVERAGE WIND SPEED     8.1


SKY COVER
  POSSIBLE SUNSHINE  MM
  AVERAGE SKY COVER 0.8


WEATHER CONDITIONS
 THE FOLLOWING WEATHER WAS RECORDED YESTERDAY.
  LIGHT RAIN
  LIGHT SNOW
  FOG


RELATIVE HUMIDITY (PERCENT)
 HIGHEST    82           100 AM
 LOWEST     50           300 PM
 AVERAGE    66

..........................................................


THE ZANESVILLE OH CLIMATE NORMALS FOR TODAY
                         NORMAL    RECORD    YEAR
 MAXIMUM TEMPERATURE (F)   40        67      1971
 MINIMUM TEMPERATURE (F)   25        -7      1914


SUNRISE AND SUNSET
DECEMBER 15 2017......SUNRISE   742 AM EST   SUNSET   503 PM EST
DECEMBER 16 2017......SUNRISE   743 AM EST   SUNSET   504 PM EST


-  INDICATES NEGATIVE NUMBERS.
R  INDICATES RECORD WAS SET OR TIED.
MM INDICATES DATA IS MISSING.
T  INDICATES TRACE AMOUNT.




$$
