000
CDUS41 KPBZ 270701
CLIZZV


CLIMATE REPORT
NATIONAL WEATHER SERVICE PITTSBURGH PA
301 AM EDT WED JUL 27 2016


...................................

...THE ZANESVILLE OH CLIMATE SUMMARY FOR JULY 26 2016...

CLIMATE NORMAL PERIOD 1981 TO 2010
CLIMATE RECORD PERIOD 1946 TO 2016


WEATHER ITEM   OBSERVED TIME   RECORD YEAR NORMAL DEPARTURE LAST
                VALUE   (LST)  VALUE       VALUE  FROM      YEAR
                                                  NORMAL
..................................................................
TEMPERATURE (F)
 YESTERDAY
  MAXIMUM         93    248 PM  95    1952  84      9       85
  MINIMUM         72    601 AM  48    1946  62     10       66
  AVERAGE         83                        73     10       76

PRECIPITATION (IN)
  YESTERDAY        0.00         MM      MM   0.11  -0.11     0.28
  MONTH TO DATE    1.59                      3.27  -1.68     2.56
  SINCE JUN 1      4.03                      7.31  -3.28     9.90
  SINCE JAN 1     19.01                     22.77  -3.76    25.80

DEGREE DAYS
 HEATING
  YESTERDAY        0                         0      0        0
  MONTH TO DATE    0                         0      0        0
  SINCE JUN 1      4                        32    -28       24
  SINCE JUL 1      0                         0      0        0

 COOLING
  YESTERDAY       18                         8     10       11
  MONTH TO DATE  328                       208    120      170
  SINCE JUN 1    608                       366    242      357
  SINCE JAN 1    702                       420    282      474
..................................................................


WIND (MPH)
  HIGHEST WIND SPEED     8   HIGHEST WIND DIRECTION     S (190)
  HIGHEST GUST SPEED    12   HIGHEST GUST DIRECTION    SE (140)
  AVERAGE WIND SPEED     2.2


SKY COVER
  POSSIBLE SUNSHINE  MM
  AVERAGE SKY COVER 0.2


WEATHER CONDITIONS
 THE FOLLOWING WEATHER WAS RECORDED YESTERDAY.
  NO SIGNIFICANT WEATHER WAS OBSERVED.


RELATIVE HUMIDITY (PERCENT)
 HIGHEST    90           400 AM
 LOWEST     44           200 PM
 AVERAGE    67

..........................................................


THE ZANESVILLE OH CLIMATE NORMALS FOR TODAY
                         NORMAL    RECORD    YEAR
 MAXIMUM TEMPERATURE (F)   84        95      1999
 MINIMUM TEMPERATURE (F)   62        45      1962


SUNRISE AND SUNSET
JULY 27 2016..........SUNRISE   622 AM EDT   SUNSET   846 PM EDT
JULY 28 2016..........SUNRISE   623 AM EDT   SUNSET   845 PM EDT


-  INDICATES NEGATIVE NUMBERS.
R  INDICATES RECORD WAS SET OR TIED.
MM INDICATES DATA IS MISSING.
T  INDICATES TRACE AMOUNT.




$$
