000
CDUS41 KPBZ 250701
CLIZZV


CLIMATE REPORT
NATIONAL WEATHER SERVICE PITTSBURGH PA
301 AM EDT FRI APR 25 2014


...................................

...THE ZANESVILLE OH CLIMATE SUMMARY FOR APRIL 24 2014...

CLIMATE NORMAL PERIOD 1981 TO 2010
CLIMATE RECORD PERIOD 1946 TO 2014


WEATHER ITEM   OBSERVED TIME   RECORD YEAR NORMAL DEPARTURE LAST
                VALUE   (LST)  VALUE       VALUE  FROM      YEAR
                                                  NORMAL
..................................................................
TEMPERATURE (F)
 YESTERDAY
  MAXIMUM         62    533 PM  86    1960  66     -4       64
  MINIMUM         33    236 AM  27    2003  42     -9       35
  AVERAGE         48                        54     -6       50

PRECIPITATION (IN)
  YESTERDAY        0.00         MM      MM   0.12  -0.12     0.27
  MONTH TO DATE    2.96                      2.77   0.19     1.57
  SINCE JUN 1     35.67                     33.00   2.67    31.54
  SINCE JAN 1      7.36                     10.60  -3.24     8.23

DEGREE DAYS
 HEATING
  YESTERDAY       17                        11      6       15
  MONTH TO DATE  309                       352    -43      321
  SINCE MAR 1   1210                      1105    105     1207
  SINCE JUL 1   5767                      5296    471     5338

 COOLING
  YESTERDAY        0                         0      0        0
  MONTH TO DATE    5                         0      5       17
  SINCE MAR 1      5                         1      4       17
  SINCE JAN 1      5                         1      4       17
..................................................................


WIND (MPH)
  HIGHEST WIND SPEED    14   HIGHEST WIND DIRECTION     E (80)
  HIGHEST GUST SPEED    17   HIGHEST GUST DIRECTION    SE (120)
  AVERAGE WIND SPEED     4.6


SKY COVER
  POSSIBLE SUNSHINE  MM
  AVERAGE SKY COVER 0.4


WEATHER CONDITIONS
 THE FOLLOWING WEATHER WAS RECORDED YESTERDAY.
  NO SIGNIFICANT WEATHER WAS OBSERVED.


RELATIVE HUMIDITY (PERCENT)
 HIGHEST    82           300 AM
 LOWEST     19           300 PM
 AVERAGE    51

..........................................................


THE ZANESVILLE OH CLIMATE NORMALS FOR TODAY
                         NORMAL    RECORD    YEAR
 MAXIMUM TEMPERATURE (F)   67        87      2009
                                             1948
 MINIMUM TEMPERATURE (F)   43        28      1995


SUNRISE AND SUNSET
APRIL 25 2014.........SUNRISE   636 AM EDT   SUNSET   816 PM EDT
APRIL 26 2014.........SUNRISE   634 AM EDT   SUNSET   817 PM EDT


-  INDICATES NEGATIVE NUMBERS.
R  INDICATES RECORD WAS SET OR TIED.
MM INDICATES DATA IS MISSING.
T  INDICATES TRACE AMOUNT.




$$
