000
CDUS41 KPBZ 201233
CLIZZV


CLIMATE REPORT
NATIONAL WEATHER SERVICE PITTSBURGH PA
831 AM EDT FRI OCT 20 2017


...................................

...THE ZANESVILLE OH CLIMATE SUMMARY FOR OCTOBER 20 2017...
VALID AS OF 0800 AM LOCAL TIME.

CLIMATE NORMAL PERIOD 1981 TO 2010
CLIMATE RECORD PERIOD 1895 TO 2017


WEATHER ITEM   OBSERVED TIME   RECORD YEAR NORMAL DEPARTURE LAST
                VALUE   (LST)  VALUE       VALUE  FROM      YEAR
                                                  NORMAL
..................................................................
TEMPERATURE (F)
 TODAY
  MAXIMUM         52    127 AM  85    1920
  MINIMUM         43    659 AM  20    1972  40      3       57
                                      1952

PRECIPITATION (IN)
  TODAY            0.00          0.67 1985   0.08  -0.08     0.55
  MONTH TO DATE    2.74                      1.71   1.03     0.66
  SINCE JUN 1     16.20                     15.78   0.42    11.25
  SINCE JAN 1     34.32                     31.24   3.08    26.23

DEGREE DAYS
 HEATING
  TODAY           17

 COOLING
  TODAY            0
..................................................................







THE ZANESVILLE OH CLIMATE NORMALS FOR TOMORROW
                         NORMAL    RECORD    YEAR
 MAXIMUM TEMPERATURE (F)   63        85      1920
 MINIMUM TEMPERATURE (F)   40        15      1952


SUNRISE AND SUNSET
OCTOBER 20 2017.......SUNRISE   744 AM EDT   SUNSET   640 PM EDT
OCTOBER 21 2017.......SUNRISE   745 AM EDT   SUNSET   639 PM EDT


-  INDICATES NEGATIVE NUMBERS.
R  INDICATES RECORD WAS SET OR TIED.
MM INDICATES DATA IS MISSING.
T  INDICATES TRACE AMOUNT.




$$
