000
CDUS41 KPBZ 190824
CLIZZV


CLIMATE REPORT
NATIONAL WEATHER SERVICE PITTSBURGH PA
324 AM EST FRI DEC 19 2014


...................................

...THE ZANESVILLE OH CLIMATE SUMMARY FOR DECEMBER 18 2014...

CLIMATE NORMAL PERIOD 1981 TO 2010
CLIMATE RECORD PERIOD 1946 TO 2014


WEATHER ITEM   OBSERVED TIME   RECORD YEAR NORMAL DEPARTURE LAST
                VALUE   (LST)  VALUE       VALUE  FROM      YEAR
                                                  NORMAL
..................................................................
TEMPERATURE (F)
 YESTERDAY
  MAXIMUM         28    530 PM  65    1967  40    -12       30
  MINIMUM         26   1030 PM -11    1989  24      2       20
  AVERAGE         27                        32     -5       25

PRECIPITATION (IN)
  YESTERDAY        0.01         MM      MM   0.07  -0.06     0.01
  MONTH TO DATE    2.09                      1.51   0.58     2.42
  SINCE JUN 1     21.23                     21.33  -0.10    26.59
  SINCE JAN 1     35.56                     36.79  -1.23    37.18

DEGREE DAYS
 HEATING
  YESTERDAY       38                        33      5       40
  MONTH TO DATE  522                       554    -32      606
  SINCE DEC 1    522                       554    -32      606
  SINCE JUL 1   1829                      1695    134     1782

 COOLING
  YESTERDAY        0                         0      0        0
  MONTH TO DATE    0                         0      0        0
  SINCE DEC 1      0                         0      0        0
  SINCE JAN 1    727                       768    -41      856
..................................................................


WIND (MPH)
  HIGHEST WIND SPEED    15   HIGHEST WIND DIRECTION     W (290)
  HIGHEST GUST SPEED    19   HIGHEST GUST DIRECTION    NW (300)
  AVERAGE WIND SPEED     4.8


SKY COVER
  POSSIBLE SUNSHINE  MM
  AVERAGE SKY COVER 1.0


WEATHER CONDITIONS
 THE FOLLOWING WEATHER WAS RECORDED YESTERDAY.
  LIGHT SNOW
  FOG


RELATIVE HUMIDITY (PERCENT)
 HIGHEST    84           800 PM
 LOWEST     68          1200 AM
 AVERAGE    76

..........................................................


THE ZANESVILLE OH CLIMATE NORMALS FOR TODAY
                         NORMAL    RECORD    YEAR
 MAXIMUM TEMPERATURE (F)   39        59      2008
 MINIMUM TEMPERATURE (F)   24        -1      1985


SUNRISE AND SUNSET
DECEMBER 19 2014......SUNRISE   745 AM EST   SUNSET   505 PM EST
DECEMBER 20 2014......SUNRISE   745 AM EST   SUNSET   505 PM EST


-  INDICATES NEGATIVE NUMBERS.
R  INDICATES RECORD WAS SET OR TIED.
MM INDICATES DATA IS MISSING.
T  INDICATES TRACE AMOUNT.




$$
