000
CDUS41 KPBZ 310700
CLIZZV


CLIMATE REPORT
NATIONAL WEATHER SERVICE PITTSBURGH PA
300 AM EDT TUE MAY 31 2016


...................................

...THE ZANESVILLE OH CLIMATE SUMMARY FOR MAY 30 2016...

CLIMATE NORMAL PERIOD 1981 TO 2010
CLIMATE RECORD PERIOD 1946 TO 2016


WEATHER ITEM   OBSERVED TIME   RECORD YEAR NORMAL DEPARTURE LAST
                VALUE   (LST)  VALUE       VALUE  FROM      YEAR
                                                  NORMAL
..................................................................
TEMPERATURE (F)
 YESTERDAY
  MAXIMUM         86    542 PM  91    1953  76     10       84
  MINIMUM         65   1159 PM  34    1961  53     12       67
  AVERAGE         76                        65     11       76

PRECIPITATION (IN)
  YESTERDAY        0.00         MM      MM   0.14  -0.14     0.11
  MONTH TO DATE    2.44                      4.04  -1.60     2.47
  SINCE JUN 1     37.31                     37.71  -0.40    38.27
  SINCE JAN 1     14.98                     15.31  -0.33    15.86

DEGREE DAYS
 HEATING
  YESTERDAY        0                         3     -3        0
  MONTH TO DATE  154                       178    -24      109
  SINCE MAR 1    970                      1344   -374     1359
  SINCE JUL 1   4316                      5535  -1219     6016

 COOLING
  YESTERDAY       11                         3      8       11
  MONTH TO DATE   77                        42     35      115
  SINCE MAR 1     85                        51     34      116
  SINCE JAN 1     85                        51     34      116
..................................................................


WIND (MPH)
  HIGHEST WIND SPEED    12   HIGHEST WIND DIRECTION    NW (320)
  HIGHEST GUST SPEED    14   HIGHEST GUST DIRECTION     W (270)
  AVERAGE WIND SPEED     3.2


SKY COVER
  POSSIBLE SUNSHINE  MM
  AVERAGE SKY COVER 0.3


WEATHER CONDITIONS
 THE FOLLOWING WEATHER WAS RECORDED YESTERDAY.
  NO SIGNIFICANT WEATHER WAS OBSERVED.


RELATIVE HUMIDITY (PERCENT)
 HIGHEST    87           200 AM
 LOWEST     37           400 PM
 AVERAGE    62

..........................................................


THE ZANESVILLE OH CLIMATE NORMALS FOR TODAY
                         NORMAL    RECORD    YEAR
 MAXIMUM TEMPERATURE (F)   76        91      2011
                                             1953
 MINIMUM TEMPERATURE (F)   54        36      1947


SUNRISE AND SUNSET
MAY 31 2016...........SUNRISE   601 AM EDT   SUNSET   850 PM EDT
JUNE  1 2016..........SUNRISE   601 AM EDT   SUNSET   851 PM EDT


-  INDICATES NEGATIVE NUMBERS.
R  INDICATES RECORD WAS SET OR TIED.
MM INDICATES DATA IS MISSING.
T  INDICATES TRACE AMOUNT.




$$
