000
CXUS54 KSJT 261743
CLMABI


CLIMATE REPORT
NATIONAL WEATHER SERVICE SAN ANGELO TX
1140 AM CST WED NOV 26 2014

...................................

...THE ABILENE CLIMATE SUMMARY FOR THE MONTH OF OCTOBER 2014...

CLIMATE NORMAL PERIOD 1981 TO 2010
CLIMATE RECORD PERIOD 1886 TO 2014

WEATHER         OBSERVED          NORMAL  DEPART  LAST YEAR`S
                 VALUE   DATE(S)  VALUE   FROM    VALUE  DATE(S)
                                          NORMAL
................................................................
TEMPERATURE (F)
RECORD
 HIGH             103   10/01/1979
 LOW               23   10/31/1993
                        10/30/1917
HIGHEST            98   10/07        MM      MM       90  10/04
                                                          10/03
LOWEST             47   10/31        MM      MM       36  10/19
AVG. MAXIMUM     84.2              77.3     6.9     78.2
AVG. MINIMUM     58.7              54.3     4.4     55.2
MEAN             71.4              65.8     5.6     66.7
DAYS MAX >= 90      8               1.3     6.7        2
DAYS MAX <= 32      0               0.0     0.0        0
DAYS MIN <= 32      0               0.2    -0.2        0
DAYS MIN <= 0       0               0.0     0.0        0

PRECIPITATION (INCHES)
RECORD
 MAXIMUM        10.88   1941
 MINIMUM         0.00   1952
TOTALS           0.78              2.98   -2.20     1.40
DAILY AVG.       0.03              0.10   -0.07     0.05
DAYS >= .01         3               6.6    -3.6        5
DAYS >= .10         2               4.5    -2.5        4
DAYS >= .50         0               1.7    -1.7        0
DAYS >= 1.00        0               0.8    -0.8        0
GREATEST
 24 HR. TOTAL    0.39   10/12 TO 10/13

SNOWFALL (INCHES)
RECORDS
 TOTAL            0.3   1993
                        0
                        0
TOTALS            0.0                 T     0.0      0.0
SINCE 7/1         0.0                 T     0.0      0.0
SNOWDEPTH AVG.      0                MM      MM        0
DAYS >= 1.0         0               0.0     0.0        0
GREATEST
 SNOW DEPTH         0   MM                             0  MM
 24 HR TOTAL      0.0   10/31 TO 10/31

DEGREE_DAYS
HEATING TOTAL      22                93     -71       79
 SINCE 7/1         27               104     -77       79
COOLING TOTAL     228               118     110      140
 SINCE 1/1       2810              2389     421     2709
.................................................................

WIND (MPH)
AVERAGE WIND SPEED              10.2
HIGHEST WIND SPEED/DIRECTION    36/340    DATE  10/13
HIGHEST GUST SPEED/DIRECTION    44/340    DATE  10/13

SKY COVER
AVERAGE SKY COVER           0.10

AVERAGE RH (PERCENT)     54

WEATHER CONDITIONS. NUMBER OF DAYS WITH
THUNDERSTORM              0     MIXED PRECIP               0
HEAVY RAIN                1     RAIN                       3
LIGHT RAIN                4     FREEZING RAIN              0
LT FREEZING RAIN          0     HAIL                       0
HEAVY SNOW                0     SNOW                       0
LIGHT SNOW                0     SLEET                      0
FOG                       4     FOG W/VIS <= 1/4 MILE      0
HAZE                      3

-  INDICATES NEGATIVE NUMBERS.
R  INDICATES RECORD WAS SET OR TIED.
MM INDICATES DATA IS MISSING.
T  INDICATES TRACE AMOUNT.

$$
