000
CXUS54 KSJT 011443
CLMABI


CLIMATE REPORT
NATIONAL WEATHER SERVICE SAN ANGELO TX
940 AM CDT WED JUL 1 2015

...................................

...THE ABILENE CLIMATE SUMMARY FOR THE MONTH OF JUNE 2015...

CLIMATE NORMAL PERIOD 1981 TO 2010
CLIMATE RECORD PERIOD 1886 TO 2015

WEATHER         OBSERVED          NORMAL  DEPART  LAST YEAR`S
                 VALUE   DATE(S)  VALUE   FROM    VALUE  DATE(S)
                                          NORMAL
................................................................
TEMPERATURE (F)
RECORD
 HIGH             110   06/30/1907
 LOW               44   06/03/1919
HIGHEST            96   06/29        MM      MM       98  06/04
                        06/10
LOWEST             63   06/01        MM      MM       59  06/12
AVG. MAXIMUM     91.2              90.5     0.7     90.4
AVG. MINIMUM     69.4              68.5     0.9     70.2
MEAN             80.3              79.5     0.8     80.3
DAYS MAX >= 90     21              17.4     3.6       20
DAYS MAX <= 32      0               0.0     0.0        0
DAYS MIN <= 32      0               0.0     0.0        0
DAYS MIN <= 0       0               0.0     0.0        0

PRECIPITATION (INCHES)
RECORD
 MAXIMUM         9.60   1961
 MINIMUM            T   1994
                        1901
TOTALS           3.62              3.56    0.06     3.75
DAILY AVG.       0.12              0.12    0.00     0.12
DAYS >= .01         7               7.0     0.0        8
DAYS >= .10         4               4.7    -0.7        6
DAYS >= .50         2               2.6    -0.6        3
DAYS >= 1.00        2               1.2     0.8        1
GREATEST
 24 HR. TOTAL    1.58   06/15 TO 06/15

SNOWFALL (INCHES)
RECORDS
 TOTAL             MM   5
TOTALS            0.0               0.0     0.0        T
SINCE 7/1         3.7               4.7    -1.0      3.1
SNOWDEPTH AVG.      0                MM      MM        0
DAYS >= 1.0         0               0.0     0.0        0
GREATEST
 SNOW DEPTH         0   MM                             0  MM
 24 HR TOTAL      0.0   06/30 TO 06/30

DEGREE_DAYS
HEATING TOTAL       0                 1      -1        0
 SINCE 7/1       2478              2559     -81     2821
COOLING TOTAL     466               435      31      467
 SINCE 1/1        855               832      23      981
.................................................................

WIND (MPH)
AVERAGE WIND SPEED              10.1
HIGHEST WIND SPEED/DIRECTION    28/140    DATE  06/12
HIGHEST GUST SPEED/DIRECTION    35/170    DATE  06/12

SKY COVER
AVERAGE SKY COVER           0.20

AVERAGE RH (PERCENT)     64

WEATHER CONDITIONS. NUMBER OF DAYS WITH
THUNDERSTORM              0     MIXED PRECIP               0
HEAVY RAIN                4     RAIN                       3
LIGHT RAIN               10     FREEZING RAIN              0
LT FREEZING RAIN          0     HAIL                       0
HEAVY SNOW                0     SNOW                       0
LIGHT SNOW                0     SLEET                      0
FOG                       6     FOG W/VIS <= 1/4 MILE      0
HAZE                      1

-  INDICATES NEGATIVE NUMBERS.
R  INDICATES RECORD WAS SET OR TIED.
MM INDICATES DATA IS MISSING.
T  INDICATES TRACE AMOUNT.

$$
