000
CXUS54 KSJT 011643
CLMABI


CLIMATE REPORT
NATIONAL WEATHER SERVICE SAN ANGELO TX
1134 AM CDT THU JUN 1 2017

...................................

...THE ABILENE CLIMATE SUMMARY FOR THE MONTH OF MAY 2017...

CLIMATE NORMAL PERIOD 1981 TO 2010
CLIMATE RECORD PERIOD 1886 TO 2017

WEATHER         OBSERVED          NORMAL  DEPART  LAST YEAR`S
                 VALUE   DATE(S)  VALUE   FROM    VALUE  DATE(S)
                                          NORMAL
................................................................
TEMPERATURE (F)
RECORD
 HIGH             109   05/28/2011
                        05/24/2000
                        54/01/2206
 LOW               33   05/03/2013
                        05/04/1907
                        01/01/2000
HIGHEST            99   05/27        MM      MM       93  05/25
                        05/26
LOWEST             42   05/05        MM      MM       46  05/03
                        05/01
AVG. MAXIMUM     83.4              84.6    -1.2     81.0
AVG. MINIMUM     58.0              61.4    -3.4     59.9
MEAN             70.7              73.0    -2.3     70.5
DAYS MAX >= 90      5               8.3    -3.3        6
DAYS MAX <= 32      0               0.0     0.0        0
DAYS MIN <= 32      0               0.0     0.0        0
DAYS MIN <= 0       0               0.0     0.0        0

PRECIPITATION (INCHES)
RECORD
 MAXIMUM        13.19   1957
 MINIMUM         0.06   1911
TOTALS           2.73              3.18   -0.45     8.53
DAILY AVG.       0.09              0.10   -0.01     0.28
DAYS >= .01         9               7.7     1.3       16
DAYS >= .10         7               4.6     2.4       12
DAYS >= .50         2               2.2    -0.2        4
DAYS >= 1.00        0               0.9    -0.9        3
GREATEST
 24 HR. TOTAL    0.99   05/10 TO 05/10

SNOWFALL (INCHES)
RECORDS
 TOTAL              T   2016
                        2015
                        2013
TOTALS            0.0               0.0     0.0        T
SINCE 7/1           T               4.7    -4.7      5.1
SNOWDEPTH AVG.      0                MM      MM        0
DAYS >= 1.0         0               0.0     0.0        0
GREATEST
 SNOW DEPTH         0   MM                             0  MM
 24 HR TOTAL      0.0   05/31 TO 05/31

DEGREE_DAYS
HEATING TOTAL      16                16       0       37
 SINCE 7/1       1826              2558    -732     2058
COOLING TOTAL     200               264     -64      214
 SINCE 1/1        419               397      22      309
.................................................................

WIND (MPH)
AVERAGE WIND SPEED              12.0
HIGHEST WIND SPEED/DIRECTION    43/020    DATE  05/22
HIGHEST GUST SPEED/DIRECTION    63/020    DATE  05/22

SKY COVER
AVERAGE SKY COVER           0.20

AVERAGE RH (PERCENT)     61

WEATHER CONDITIONS. NUMBER OF DAYS WITH
THUNDERSTORM             10     MIXED PRECIP               0
HEAVY RAIN                5     RAIN                       3
LIGHT RAIN               11     FREEZING RAIN              0
LT FREEZING RAIN          0     HAIL                       1
HEAVY SNOW                0     SNOW                       0
LIGHT SNOW                0     SLEET                      0
FOG                       8     FOG W/VIS <= 1/4 MILE      0
HAZE                      6

-  INDICATES NEGATIVE NUMBERS.
R  INDICATES RECORD WAS SET OR TIED.
MM INDICATES DATA IS MISSING.
T  INDICATES TRACE AMOUNT.

$$
