000
CXAK58 PADQ 011651
CLMADQ


CLIMATE REPORT
NATIONAL WEATHER SERVICE ANCHORAGE, AK
851 AM AKDT SAT APR 1 2017

...................................

...THE KODIAK CLIMATE SUMMARY FOR THE MONTH OF MARCH 2017...

CLIMATE NORMAL PERIOD 1981 TO 2010
CLIMATE RECORD PERIOD 1913 TO 2017

WEATHER         OBSERVED          NORMAL  DEPART  LAST YEAR`S
                 VALUE   DATE(S)  VALUE   FROM    VALUE  DATE(S)
                                          NORMAL
................................................................
TEMPERATURE (F)
RECORD
 HIGH              57   03/24/1963
 LOW               -6   03/06/1971
                        03/05/1971
HIGHEST            40                MM      MM       48
LOWEST             16                MM      MM       29
AVG. MAXIMUM     34.1              37.9    -3.8     43.8
AVG. MINIMUM     23.5              27.7    -4.2     34.4
MEAN             28.8              32.8    -4.0     39.1
DAYS MAX >= 90      0               0.0     0.0        0
DAYS MAX <= 32     11               4.3     6.7        0
DAYS MIN <= 32     30              21.5     8.5        7
DAYS MIN <= 0       0               0.0     0.0        0

PRECIPITATION (INCHES)
RECORD
 MAXIMUM           MM   MM
 MINIMUM           MM   MM
TOTALS           0.70              5.53   -4.83     7.34
DAILY AVG.       0.02              0.18   -0.16     0.24
DAYS >= .01         4              17.5   -13.5       28
DAYS >= .10         2              11.4    -9.4       20
DAYS >= .50         0               3.8    -3.8        5
DAYS >= 1.00        0               1.0    -1.0        0
GREATEST
 24 HR. TOTAL    0.39   03/30 TO 03/30           03/23 TO 03/23
                                                          03/26 TO 03/26
                                                          03/26 TO 03/26
 STORM TOTAL       MM                                 MM
 (MM/DD(HH))            MM                    03/23(00) TO 03/23(00)
                                                 03/26(00) TO 03/26(00)6
                                                 03/26(00) TO 03/26(00)6

SNOWFALL (INCHES)
RECORDS
 TOTAL             MM   MM
 24 HR TOTAL       MM
 SNOW DEPTH        MM   MM
TOTALS            1.5              11.3    -9.8      0.0
SINCE 7/1        27.3              60.7   -33.4      0.0
SNOWDEPTH AVG.      0                 3      -3        0
DAYS >= TRACE       8               8.7    -0.7        0
DAYS >= 1.0         1               3.4    -2.4
GREATEST
 SNOW DEPTH         1   03/01                          1  03/20
 24 HR TOTAL      1.0   03/30 TO 03/30           03/26 TO 03/26
                                                          03/26 TO 03/26
                                                          03/26 TO 03/26
 STORM TOTAL       MM                                 MM
 (MM/DD(HH))            MM

DEGREE_DAYS
HEATING TOTAL    1113               998     115      567
 SINCE 7/1       6454              6870    -416     5075
COOLING TOTAL       0                 0       0        0
 SINCE 1/1          0                 0       0        0

FREEZE DATES
RECORD
 EARLIEST     MM
 LATEST       MM
EARLIEST      03/01             MM
LATEST                          MM
.......................................................

WIND (MPH)
AVERAGE WIND SPEED              12.4
RESULTANT WIND SPEED/DIRECTION  11/299
HIGHEST WIND SPEED/DIRECTION    44/290    DATE  03/02
HIGHEST GUST SPEED/DIRECTION    57/290    DATE  03/02

SKY COVER
POSSIBLE SUNSHINE (PERCENT)   MM
AVERAGE SKY COVER           0.30
NUMBER OF DAYS FAIR           22
NUMBER OF DAYS PC              5
NUMBER OF DAYS CLOUDY          4

AVERAGE RH (PERCENT)     55

WEATHER CONDITIONS. NUMBER OF DAYS WITH
THUNDERSTORM              0     MIXED PRECIP               0
HEAVY RAIN                0     RAIN                       1
LIGHT RAIN                2     FREEZING RAIN              0
LT FREEZING RAIN          0     HAIL                       0
HEAVY SNOW                0     SNOW                       1
LIGHT SNOW                8     SLEET                      0
FOG                       4     FOG W/VIS <= 1/4 MILE      0
HAZE                      6

-  INDICATES NEGATIVE NUMBERS.
R  INDICATES RECORD WAS SET OR TIED.
MM INDICATES DATA IS MISSING.
T  INDICATES TRACE AMOUNT.

$$
