000
CXUS52 KCAE 021908
CLMAGS


CLIMATE REPORT
NATIONAL WEATHER SERVICE COLUMBIA SC
300 PM EDT MON MAY 2 2016

...................................

...THE AUGUSTA BUSH FIELD GA CLIMATE SUMMARY FOR THE MONTH OF APRIL 2016...

CLIMATE NORMAL PERIOD 1981 TO 2010
CLIMATE RECORD PERIOD 1873 TO 2016

WEATHER         OBSERVED          NORMAL  DEPART
                 VALUE   DATE(S)  VALUE   FROM
                                          NORMAL
................................................
TEMPERATURE (F)
RECORD
 HIGH              96   04/27/1986
 LOW               26   04/08/2007
                        04/07/1982
                        04/20/1983
HIGHEST            91   04/29        MM      MM
LOWEST             35   04/10        MM      MM
AVG. MAXIMUM     77.5              77.3     0.2
AVG. MINIMUM     50.1              48.1     2.0
MEAN             63.8              62.7     1.1
DAYS MAX >= 90      2               0.8     1.2
DAYS MAX <= 32      0               0.0     0.0
DAYS MIN <= 32      0               0.9    -0.9
DAYS MIN <= 0       0               0.0     0.0

PRECIPITATION (INCHES)
RECORD
 MAXIMUM         8.43   1961
 MINIMUM         0.60   1970
TOTALS           4.42              2.84    1.58
DAILY AVG.       0.15              0.09    0.06
DAYS >= .01         7               7.5    -0.5
DAYS >= .10         3               5.1    -2.1
DAYS >= .50         1               2.0    -1.0
DAYS >= 1.00        1               0.7     0.3
GREATEST
 24 HR. TOTAL    3.93   04/01 TO 04/02
 STORM TOTAL       MM
 (MM/DD(HH))            MM

SNOWFALL (INCHES)
RECORDS
 TOTAL             MM   MM
TOTALS            0.0               0.0     0.0
SINCE 7/1         0.5               0.9    -0.4
DAYS >= TRACE       0               0.0     0.0
DAYS >= 1.0         0               0.0     0.0
GREATEST
 SNOW DEPTH         0   MM

DEGREE_DAYS
HEATING TOTAL      93               124     -31
 SINCE 7/1       1843              2452    -609
COOLING TOTAL      64                55       9
 SINCE 1/1        118                73      45

FREEZE DATES
RECORD
 EARLIEST     MM
 LATEST       MM
EARLIEST                        MM
LATEST                          MM
.................................................

WIND (MPH)
AVERAGE WIND SPEED              6.4
RESULTANT WIND SPEED/DIRECTION   1/215
HIGHEST WIND SPEED/DIRECTION    29/310    DATE  04/09
HIGHEST GUST SPEED/DIRECTION    38/310    DATE  04/09

SKY COVER
POSSIBLE SUNSHINE (PERCENT)   MM
AVERAGE SKY COVER           0.30
NUMBER OF DAYS FAIR           18
NUMBER OF DAYS PC             11
NUMBER OF DAYS CLOUDY          1

AVERAGE RH (PERCENT)     65

WEATHER CONDITIONS. NUMBER OF DAYS WITH
THUNDERSTORM              3     MIXED PRECIP               0
HEAVY RAIN                2     RAIN                       2
LIGHT RAIN               13     FREEZING RAIN              0
LT FREEZING RAIN          0     HAIL                       0
HEAVY SNOW                0     SNOW                       0
LIGHT SNOW                0     SLEET                      0
FOG                      14     FOG W/VIS <= 1/4 MILE      6
HAZE                      1

-  INDICATES NEGATIVE NUMBERS.
R  INDICATES RECORD WAS SET OR TIED.
MM INDICATES DATA IS MISSING.
T  INDICATES TRACE AMOUNT.

$$
