000
CXUS55 KPUB 011618
CLMALS


CLIMATE REPORT
NATIONAL WEATHER SERVICE PUEBLO
1011 AM MDT TUE APR 1 2014

...................................

...THE ALAMOSA CO CLIMATE SUMMARY FOR THE MONTH OF MARCH 2014...

CLIMATE NORMAL PERIOD 1981 TO 2010
CLIMATE RECORD PERIOD 1932 TO 2014

WEATHER         OBSERVED          NORMAL  DEPART  LAST YEAR`S
                 VALUE   DATE(S)  VALUE   FROM    VALUE  DATE(S)
                                          NORMAL
................................................................
TEMPERATURE (F)
RECORD
 HIGH              76   03/31/2012
 LOW              -20   03/04/1964
HIGHEST            64   03/25        54      10       70  03/15
LOWEST              9   03/20        11      -2       -4  03/24
AVG. MAXIMUM     53.8              50.1     3.7     52.6
AVG. MINIMUM     19.3              16.9     2.4     14.9
MEAN             36.5              33.5     3.0     33.8
DAYS MAX >= 90      0               0.0     0.0
DAYS MAX <= 32      0               0.7    -0.7
DAYS MIN <= 32     31              30.4     0.6
DAYS MIN <= 0       0               0.9    -0.9

PRECIPITATION (INCHES)
RECORD
 MAXIMUM         1.62   1992
 MINIMUM            T   1999
                        1955
                        1907
TOTALS           0.40              0.53   -0.13     0.34
DAILY AVG.       0.01              0.02   -0.01
DAYS >= .01         2               5.4    -3.4
DAYS >= .10         2               1.7     0.3
DAYS >= .50         0               0.1    -0.1
DAYS >= 1.00        0               0.0     0.0
GREATEST
 24 HR. TOTAL    0.21   03/02

SNOWFALL (INCHES)
RECORDS
 TOTAL           29.2   1973
TOTALS            3.4               5.0    -1.6      3.4
SINCE 7/1        31.5              23.1     8.4     18.9
SNOWDEPTH AVG.      0
DAYS >= 1.0         2               1.7     0.3
GREATEST
 SNOW DEPTH         2   03/02                          3
 24 HR TOTAL      2.0   03/02                        3.2

DEGREE_DAYS
HEATING TOTAL     875               977    -102      959
 SINCE 7/1       7443              7306     137     7746
COOLING TOTAL       0                 0       0        0
 SINCE 1/1          0                 0       0        0
.................................................................

WIND (MPH)
AVERAGE WIND SPEED              9.1
HIGHEST WIND SPEED/DIRECTION    51/220    DATE  03/26
HIGHEST GUST SPEED/DIRECTION    67/230    DATE  03/30

SKY COVER
POSSIBLE SUNSHINE (PERCENT)   MM
AVERAGE SKY COVER           0.20
NUMBER OF DAYS FAIR           22
NUMBER OF DAYS PC              9
NUMBER OF DAYS CLOUDY          0

AVERAGE RH (PERCENT)     49

WEATHER CONDITIONS. NUMBER OF DAYS WITH
THUNDERSTORM              1     MIXED PRECIP               2
HEAVY RAIN                0     RAIN                       0
LIGHT RAIN                5     FREEZING RAIN              0
LT FREEZING RAIN          0     HAIL                       0
HEAVY SNOW                1     SNOW                       2
LIGHT SNOW                3     SLEET                      0
FOG                       3     FOG W/VIS <= 1/4 MILE      2
HAZE                      1

-  INDICATES NEGATIVE NUMBERS.
R  INDICATES RECORD WAS SET OR TIED.
MM INDICATES DATA IS MISSING.
T  INDICATES TRACE AMOUNT.

$$
