000
CXUS52 KJAX 011542
CLMAMG

CLIMATE REPORT
NATIONAL WEATHER SERVICE JACKSONVILLE FL
1121 AM EDT MON JUN 1 2015

...................................

...THE ALMA CLIMATE SUMMARY FOR THE MONTH OF MAY 2015...

CLIMATE NORMAL PERIOD 1981 TO 2010
CLIMATE RECORD PERIOD 1948 TO 2015

WEATHER         OBSERVED          NORMAL  DEPART  LAST YEAR`S
                 VALUE   DATE(S)  VALUE   FROM    VALUE  DATE(S)
                                          NORMAL
................................................................
TEMPERATURE (F)
RECORD
 HIGH             100   05/28/1967
 LOW               40   05/04/1971
HIGHEST            94   05/19        86       8       94  05/23
LOWEST             47   05/02        62     -15       46  05/17
AVG. MAXIMUM     87.0              85.6     1.4     86.5
AVG. MINIMUM     61.5              61.8    -0.3     61.1
MEAN             74.3              73.7     0.6     73.8
DAYS MAX >= 90      9               6.7     2.3       13
DAYS MAX <= 32      0               0.0     0.0        0
DAYS MIN <= 32      0               0.0     0.0        0
DAYS MIN <= 0       0               0.0     0.0        0

PRECIPITATION (INCHES)
RECORD
 MAXIMUM        11.90   1976
 MINIMUM         0.05   1965
TOTALS           1.28              2.47   -1.19     3.26
DAILY AVG.       0.04              0.08   -0.04     0.11
DAYS >= .01         4               7.3    -3.3        6
DAYS >= .10         3               4.4    -1.4        6
DAYS >= .50         2               1.7     0.3        2
DAYS >= 1.00        0               0.7    -0.7        1
GREATEST
 24 HR. TOTAL    0.59

SNOWFALL (INCHES)
RECORDS
 TOTAL             MM   MM
TOTALS            0.0               0.0     0.0      0.0
SINCE 7/1         0.0               0.1    -0.1        T
SNOWDEPTH AVG.      0                MM      MM        0
DAYS >= 1.0         0               0.0     0.0        0
GREATEST
 SNOW DEPTH         0   MM                             0  MM
 24 HR TOTAL      0.0

DEGREE_DAYS
HEATING TOTAL       4                 6      -2        3
 SINCE 7/1       1820              1659     161     1807
COOLING TOTAL     298               276      22      282
 SINCE 1/1        525               430      95      384
.................................................................

WIND (MPH)
AVERAGE WIND SPEED              4.6
HIGHEST WIND SPEED/DIRECTION    14/MM     DATE   MM
HIGHEST GUST SPEED/DIRECTION    22/MM     DATE   MM

SKY COVER
POSSIBLE SUNSHINE (PERCENT)   MM
AVERAGE SKY COVER           0.20
NUMBER OF DAYS FAIR           26
NUMBER OF DAYS PC              5
NUMBER OF DAYS CLOUDY          0

AVERAGE RH (PERCENT)     68

WEATHER CONDITIONS. NUMBER OF DAYS WITH
THUNDERSTORM              0     MIXED PRECIP               0
HEAVY RAIN                3     RAIN                       3
LIGHT RAIN                6     FREEZING RAIN              0
LT FREEZING RAIN          0     HAIL                       0
HEAVY SNOW                0     SNOW                       0
LIGHT SNOW                0     SLEET                      0
FOG                      25     FOG W/VIS <= 1/4 MILE      2
HAZE                      0

-  INDICATES NEGATIVE NUMBERS.
R  INDICATES RECORD WAS SET OR TIED.
MM INDICATES DATA IS MISSING.
T  INDICATES TRACE AMOUNT.

$$
