000
CXAK57 PANT 011939
CLMANN

CLIMATE REPORT
NATIONAL WEATHER SERVICE ANNETTE, AK
1039 AM AKST THU JAN 1 2015

...................................

...THE ANNETTE WSO AP CLIMATE SUMMARY FOR THE MONTH OF DECEMBER 2014...

CLIMATE NORMAL PERIOD 1981 TO 2010
CLIMATE RECORD PERIOD 1948 TO 2014

WEATHER         OBSERVED          NORMAL  DEPART  LAST YEAR`S
                 VALUE   DATE(S)  VALUE   FROM    VALUE  DATE(S)
                                          NORMAL
................................................................
TEMPERATURE (F)
RECORD
 HIGH              78   12/10/2005
 LOW                0   12/04/1995
HIGHEST            55   12/07        51       4      46  12/16
LOWEST             25                18       7      18  12/07
AVG. MAXIMUM       45.9              41.5     4.4    40.2
AVG. MINIMUM       37.5              32.8     4.7    31.2
MEAN               41.7              37.1     4.6    35.7
DAYS MAX >= 90      0                 0.0     0.0     0
DAYS MAX <= 32      0                 2.7    -2.7     0
DAYS MAX >= 80      0                 0.0     0.0     0
DAYS MAX >= 70      0                 0.0    -0.0     0
DAYS MIN <= 32      6                13.5    -7.5    17
DAYS MIN <= 0       0                 0.0    -0.0     0

PRECIPITATION (INCHES)
RECORD
 MAXIMUM           28.90   1959
 MINIMUM            3.41   2009
TOTALS             12.96             10.72    2.24   18.38
DAILY AVG.          0.42              0.35    0.07    0.59
DAYS >= .01        26                22.9     3.1    23
DAYS >= .10        19                17.6     1.4    18
DAYS >= .50        11                 7.7     3.3    15
DAYS >= 1.0         3                 2.9     0.1     8
GREATEST
 24 HR TOTAL        2.16   12/20                      2.21  12/11

SNOWFALL (INCHES)
RECORDS
 TOTAL             44.8   1964
 24 HR TOTAL       14.5   12-18-2001
 SNOW DEPTH        30     12-31-1964
TOTALS              0.4               8.1    -7.7     3.4
SINCE 7/1           4.6              10.8    -6.2     9.1
SNOWDEPTH AVG.      0                 0       0       0
DAYS >= TRACE       2                 7.6    -5.6     4
DAYS >= 1.0         0                 2.4    -2.4     1
DAYS >= 6.0         0                 0.1    -0.1     0
GREATEST
 SNOW DEPTH         1   12/03                         0  12/18
 24 HR TOTAL      0.3   12/01                       3.3  12/19

DEGREE_DAYS
HEATING TOTAL     716               861    -145     899
 SINCE 7/1       2721              2911    -190    2713
COOLING TOTAL       0                 0       0       0
 SINCE 1/1         14                 0      14      22
................................................................

WIND (MPH)
AVERAGE WIND SPEED                8.6
HIGHEST WIND SPEED/DIRECTION     40/140    DATE   12/10
HIGHEST GUST SPEED/DIRECTION     63/140    DATE   12/10

SKY COVER
POSSIBLE SUNSHINE (PERCENT)   MM
AVERAGE SKY COVER             MM
NUMBER OF DAYS FAIR           MM
NUMBER OF DAYS PC             MM
NUMBER OF DAYS CLOUDY         MM

AVERAGE RH (PERCENT)     MM

WEATHER CONDITIONS. NUMBER OF DAYS WITH
THUNDERSTORM              0     ICE PELLETS                 0
RAIN                     26     GLAZE                       0
DRIZZLE                   0     HAIL                        0
SNOW                      2     HAZE                        0
FOG                      21     FOG W/VIS <= 1/4 MILE       0
BLOWING SNOW              0


-  INDICATES NEGATIVE NUMBERS.
R  INDICATES RECORD WAS SET OR TIED.
MM INDICATES DATA IS MISSING.
T  INDICATES TRACE AMOUNT.

&&

THE MONTH OF DECEMBER FOR ANNETTE ISLAND, AK WAS A WARMER AND SEMI-WETTER ONE THAN
USUAL ALONG WITH HAVING VIRTUALLY NO FROZEN PRECIPITATION, WHICH IS A LITTLE
UNUSUAL.  HOWEVER, IF YOU LOOK AT THE HISTORICAL CLIMATIC RANGE OF APPROXIMATELY
ONCE EVERY 10 YEARS FOR FROZEN PRECIPITATION, THIS WOULD BE TYPICAL HERE.  ON THE
SUNNY SIDE, THE MAXIMUM TEMPERATURE WAS 55 DEGREES F(FAHRENHEIT), WHICH WAS 5
DEGREES F HIGHER THAN THE AVERAGE MAXIMUM TEMPERATURE, HISTORICALLY.  THE AVERAGE
TEMPERATURE WAS 42.1 DEGREES F, A LOT HIGHER THAN THE ESTABLISHED 37.1 DEGREES F
AVERAGE AND ALMOST SET THE RECORD, BUT WAS JUST SHY OF THE 43.0 DEGREES F MARK SET
BACK IN 1989.  ON THE OPPOSITE SIDE OF THE SPECTRUM, THE MINIMUM TEMPERATURE WAS 25
DEGREES F.  THIS WAS 7 DEGREES F WARMER THAN THE HISTORICAL AVERAGE FOR THE MONTH
AND A LOT FURTHER FROM THE RECORD LOW OF 1 DEGREE F SET IN 1964. TWENTY SIX VERY
LIGHT TO HEAVY RAINY DAYS HAD US WITH A TOTAL PRECIPITATION OF 12.96 INCHES, A
LITTLE HIGHER THAN THE USUAL 10.72, BUT EXTREMELY FAR FROM THE RECORD HIGH AND LOW
OF 28.90 AND 3.41, RESPECTIVELY.  WE UNFORTUNATELY DID NOT HAVE A WHITE CHRISTMAS
THIS YEAR, PARTLY DUE TO THE FACT THAT WE ONLY HAD 0.4 INCHES OF SNOWFALL THE WHOLE
MONTH, BUT ON THE BRIGHTER SIDE WE DID ALMOST TIE THE RECORD LOW OF 0.00 INCHES OF
TOTAL SNOWFALL SET IN 1989.  OBVIOUSLY, THE SAME GOES FOR THE AMOUNT OF SNOW DEPTH
AS WELL WITH HAVING THE ONLY MEASURABLE AMOUNT OF AN INCH LEFTOVER FROM THE MONTH
BEFORE.  LASTLY, WIND SPEED AVERAGED AT 8.6MPH WHILE AVERAGE PEAK WINDS FOR THE
MONTH WERE 23.3MPH WHICH WAS RIGHT ON THE MONEY WITH THE HISTORICAL AVERAGE OF
23.3MPH ALONG WITH HAVING A HIGHEST PEAK WIND RECORDED AT 63MPH, 15TH ON THE ALL-
TIME HIGH LIST.

$$
*** JAN 15
