000
CXUS52 KMFL 011356
CLMAPF

CLIMATE REPORT
NATIONAL WEATHER SERVICE MIAMI, FL
951 AM EDT FRI SEP 1 2017

...................................

...THE NAPLES CLIMATE SUMMARY FOR THE MONTH OF AUGUST 2017...

CLIMATE NORMAL PERIOD 1981 TO 2010
CLIMATE RECORD PERIOD 1942 TO 2017

WEATHER         OBSERVED          NORMAL  DEPART  LAST YEAR`S
                 VALUE   DATE(S)  VALUE   FROM    VALUE  DATE(S)
                                          NORMAL
................................................................
TEMPERATURE (F)
RECORD
 HIGH              98   08/29/2007
 LOW               67   08/04/1972
                        08/08/1967
                        08/16/1961
HIGHEST            95   08/22                         95  08/23
                                                          08/01
LOWEST             73   08/18                         73  08/18
AVG. MAXIMUM     90.4              91.0    -0.6     91.2
AVG. MINIMUM     76.3              75.3     1.0     76.5
MEAN             83.3              83.2     0.1     83.8
DAYS MAX >= 90     23                                 27
DAYS MAX <= 32      0                                  0
DAYS MIN <= 32      0                                  0
DAYS MIN <= 0       0                                  0

PRECIPITATION (INCHES)
RECORD
 MAXIMUM        14.60   1962
 MINIMUM         1.46   1952
TOTALS          15.55R             8.58    6.97    10.72
DAILY AVG.       0.50              0.28    0.22     0.35
DAYS >= .01        18                                 24
DAYS >= .10        13                                 19
DAYS >= .50        10                                 10
DAYS >= 1.00        7                                  2
GREATEST
 24 HR. TOTAL    3.17   08/25 TO 08/25              1.72

DEGREE_DAYS
HEATING TOTAL       0                 0       0        0
 SINCE 7/1          0                 0       0        0
COOLING TOTAL     579               563      16      592
 SINCE 1/1       3040              2657     383     2916
.................................................................

WIND (MPH)
AVERAGE WIND SPEED              6.6
HIGHEST WIND SPEED/DIRECTION    32/070    DATE  08/16
HIGHEST GUST SPEED/DIRECTION    41/080    DATE  08/16

SKY COVER
POSSIBLE SUNSHINE (PERCENT)   MM
AVERAGE SKY COVER           0.30
NUMBER OF DAYS FAIR           22
NUMBER OF DAYS PC              9
NUMBER OF DAYS CLOUDY          0

AVERAGE RH (PERCENT)     79

WEATHER CONDITIONS. NUMBER OF DAYS WITH
THUNDERSTORM             21     MIXED PRECIP               0
HEAVY RAIN               11     RAIN                      12
LIGHT RAIN               15     FREEZING RAIN              0
LT FREEZING RAIN          0     HAIL                       0
HEAVY SNOW                0     SNOW                       0
LIGHT SNOW                0     SLEET                      0
FOG                      15     FOG W/VIS <= 1/4 MILE      1
HAZE                      5

-  INDICATES NEGATIVE NUMBERS.
R  INDICATES RECORD WAS SET OR TIED.
MM INDICATES DATA IS MISSING.
T  INDICATES TRACE AMOUNT.

$$
