321
CXUS43 KLOT 011140
CLMARR


CLIMATE REPORT
NATIONAL WEATHER SERVICE CHICAGO IL
608 AM CDT SAT APR 1 2017

...................................

...THE AURORA MUNICIPAL AIRPORT CLIMATE SUMMARY FOR THE MONTH OF MARCH 2017...

CLIMATE NORMAL PERIOD 1981 TO 2010
CLIMATE RECORD PERIOD 1998 TO 2017

WEATHER         OBSERVED          NORMAL  DEPART  LAST YEAR`S
                 VALUE   DATE(S)  VALUE   FROM    VALUE
                                          NORMAL
.............................................................
TEMPERATURE (F)
RECORD
 HIGH              83   03/20/2012
 LOW              -12   03/04/2002
HIGHEST            82   03/24        MM      MM       72
LOWEST             13   03/15        MM      MM       11
AVG. MAXIMUM     48.0              47.0     1.0     53.2
AVG. MINIMUM     30.6              26.9     3.7     34.7
MEAN             39.3              37.0     2.3     44.0

PRECIPITATION (INCHES)
RECORD
 MAXIMUM         4.37   2009
 MINIMUM         0.42   2015
TOTALS           3.10              2.23    0.87     3.00

DEGREE_DAYS
HEATING TOTAL     790               870     -80      645
 SINCE 7/1       4851              6008   -1157     4766
COOLING TOTAL       0                 0       0        0
 SINCE 1/1          0                 0       0        0
..............................................................

WIND (MPH)
AVERAGE WIND SPEED              12.3
HIGHEST WIND SPEED/DIRECTION    45/260    DATE  03/08
HIGHEST GUST SPEED/DIRECTION    56/250    DATE  03/08

AVERAGE RH (PERCENT)     66


-  INDICATES NEGATIVE NUMBERS.
R  INDICATES RECORD WAS SET OR TIED.
MM INDICATES DATA IS MISSING.
T  INDICATES TRACE AMOUNT.

$$
