000
CXUS51 KBUF 011755
CLMART


CLIMATE REPORT
NATIONAL WEATHER SERVICE BUFFALO NY
127 PM EDT MON AUG 1 2016

...................................

...THE WATERTOWN NY CLIMATE SUMMARY FOR THE MONTH OF JULY 2016...

CLIMATE NORMAL PERIOD 1981 TO 2010
CLIMATE RECORD PERIOD 1949 TO 2016

WEATHER         OBSERVED          NORMAL  DEPART  LAST YEAR`S
                 VALUE   DATE(S)  VALUE   FROM    VALUE  DATE(S)
                                          NORMAL
................................................................
TEMPERATURE (F)
RECORD
 HIGH              99   07/07/2008
 LOW               33   07/02/1962
HIGHEST            91   07/13                         87  07/29
LOWEST             48   07/20                         42  07/16
                        07/11
AVG. MAXIMUM     82.3              79.2     3.1     77.6
AVG. MINIMUM     59.9              58.1     1.8     57.3
MEAN             71.1              68.6     2.5     67.5
DAYS MAX >= 90      1               0.6     0.4        0
DAYS MAX <= 32      0               0.0     0.0        0
DAYS MIN <= 32      0               0.0     0.0        0
DAYS MIN <= 0       0               0.0     0.0        0

PRECIPITATION (INCHES)
RECORD
 MAXIMUM         5.58   1995
 MINIMUM         0.30   1963
TOTALS           0.40              2.65   -2.25     1.59
DAYS >= .01         4              10.1    -6.1       12
DAYS >= .10         1               6.1    -5.1        6
DAYS >= .50         0               1.7    -1.7        0
DAYS >= 1.00        0               0.5    -0.5        0
GREATEST
 24 HR. TOTAL    0.28   07/08 TO 07/08

DEGREE_DAYS
HEATING TOTAL       5                26     -21       38
 SINCE 7/1          5                26     -21       38
COOLING TOTAL     202               139      63      123
 SINCE 1/1        279               212      67      200
..................................................

WIND (MPH)
AVERAGE WIND SPEED              7.6
HIGHEST WIND SPEED/DIRECTION    26/240    DATE  07/18
HIGHEST GUST SPEED/DIRECTION    39/220    DATE  07/18

SKY COVER
POSSIBLE SUNSHINE (PERCENT)   MM
AVERAGE SKY COVER           0.20
NUMBER OF DAYS FAIR           22
NUMBER OF DAYS PC              9
NUMBER OF DAYS CLOUDY          0

AVERAGE RH (PERCENT)     66

WEATHER CONDITIONS. NUMBER OF DAYS WITH
THUNDERSTORM              1     MIXED PRECIP               0
HEAVY RAIN                1     RAIN                       2
LIGHT RAIN                6     FREEZING RAIN              0
LT FREEZING RAIN          0     HAIL                       0
HEAVY SNOW                0     SNOW                       0
LIGHT SNOW                0     SLEET                      0
FOG                      12     FOG W/VIS <= 1/4 MILE      3
HAZE                      4

-  INDICATES NEGATIVE NUMBERS.
R  INDICATES RECORD WAS SET OR TIED.
MM INDICATES DATA IS MISSING.
T  INDICATES TRACE AMOUNT.

$$
