000
CXUS42 KFFC 020225
CLMATL


CLIMATE REPORT
NATIONAL WEATHER SERVICE PEACHTREE CITY GA
1024 PM EDT TUE SEP 1 2015

...................................

...THE ATLANTA CLIMATE SUMMARY FOR THE MONTH OF AUGUST 2015...

CLIMATE NORMAL PERIOD 1981 TO 2010
CLIMATE RECORD PERIOD 1878 TO 2015

WEATHER         OBSERVED          NORMAL  DEPART  LAST YEAR`S
                 VALUE   DATE(S)  VALUE   FROM    VALUE  DATE(S)
                                          NORMAL
................................................................
TEMPERATURE (F)
RECORD
 HIGH             104   08/22/2007
 LOW               55   08/29/1992
                        08/30/1986
                        08/24/1891
HIGHEST            97   08/04        MM      MM       95  08/07
LOWEST             60   08/26        MM      MM       62  08/14
AVG. MAXIMUM     88.8              88.1     0.7     88.3
AVG. MINIMUM     71.0              70.7     0.3     69.7
MEAN             79.9              79.4     0.5     79.0
DAYS MAX >= 90     13              10.6     2.4        9
DAYS MAX <= 32      0               0.0     0.0        0
DAYS MIN <= 32      0               0.0     0.0        0
DAYS MIN <= 0       0               0.0     0.0        0

PRECIPITATION (INCHES)
RECORD
 MAXIMUM        10.02   1920
 MINIMUM         0.02   1925
TOTALS           5.77              3.90    1.87     5.80
DAILY AVG.       0.19              0.13    0.06     0.19
DAYS >= .01        10               9.7     0.3       11
DAYS >= .10         7               6.4     0.6        8
DAYS >= .50         5               2.6     2.4        4
DAYS >= 1.00        3               1.3     1.7        1
GREATEST
 24 HR. TOTAL    1.84   08/18 TO 08/19           08/07 TO 08/08
                                                          08/31 TO 08/31
                                                          08/31 TO 08/31

DEGREE_DAYS
HEATING TOTAL       0                 0       0        0
 SINCE 7/1          0                 0       0        0
COOLING TOTAL     470               447      23      441
 SINCE 1/1       1792              1539     253     1538
..................................................

WIND (MPH)
AVERAGE WIND SPEED              6.8
HIGHEST WIND SPEED/DIRECTION    23/340    DATE  08/18
HIGHEST GUST SPEED/DIRECTION    29/290    DATE  08/06

SKY COVER
POSSIBLE SUNSHINE (PERCENT)   MM
AVERAGE SKY COVER           0.60
NUMBER OF DAYS FAIR            5
NUMBER OF DAYS PC             16
NUMBER OF DAYS CLOUDY         10

AVERAGE RH (PERCENT)     66

WEATHER CONDITIONS. NUMBER OF DAYS WITH
THUNDERSTORM              0     MIXED PRECIP               0
HEAVY RAIN                6     RAIN                       5
LIGHT RAIN               14     FREEZING RAIN              0
LT FREEZING RAIN          0     HAIL                       0
HEAVY SNOW                0     SNOW                       0
LIGHT SNOW                0     SLEET                      0
FOG                      10     FOG W/VIS <= 1/4 MILE      2
HAZE                      2

-  INDICATES NEGATIVE NUMBERS.
R  INDICATES RECORD WAS SET OR TIED.
MM INDICATES DATA IS MISSING.
T  INDICATES TRACE AMOUNT.

$$
