000
CXUS42 KFFC 011457
CLMATL


CLIMATE REPORT
NATIONAL WEATHER SERVICE PEACHTREE CITY GA
1056 AM EDT SAT JUL 1 2017

...................................

...THE ATLANTA CLIMATE SUMMARY FOR THE MONTH OF JUNE 2017...

CLIMATE NORMAL PERIOD 1981 TO 2010
CLIMATE RECORD PERIOD 1878 TO 2017

WEATHER         OBSERVED          NORMAL  DEPART  LAST YEAR`S
                 VALUE   DATE(S)  VALUE   FROM    VALUE  DATE(S)
                                          NORMAL
................................................................
TEMPERATURE (F)
RECORD
 HIGH             106   06/30/2012
 LOW               39   06/01/1889
HIGHEST            90   06/15        99      -9      100  06/25
LOWEST             63   06/26        48      15       62  06/09
                                                          06/08
AVG. MAXIMUM     84.4              86.4    -2.0     91.2
AVG. MINIMUM     68.8              68.2     0.6     70.7
MEAN             76.6              77.3    -0.7     81.0
DAYS MAX >= 90      1               8.6    -7.6       19
DAYS MAX <= 32      0               0.0     0.0        0
DAYS MIN <= 32      0               0.0     0.0        0
DAYS MIN <= 0       0               0.0     0.0        0

PRECIPITATION (INCHES)
RECORD
 MAXIMUM        11.21   1912
 MINIMUM         0.16   1988
TOTALS           7.71              3.95    3.76     3.26
DAILY AVG.       0.26              0.13    0.13     0.11
DAYS >= .01        17               9.9     7.1        8
DAYS >= .10        14               6.6     7.4        4
DAYS >= .50         6               2.7     3.3        3
DAYS >= 1.00        2               1.0     1.0        2
GREATEST
 24 HR. TOTAL    1.78   06/20 TO 06/20           06/14 TO 06/14
                                                          06/13 TO 06/14
                                                          06/14 TO 06/14

DEGREE_DAYS
HEATING TOTAL       0                 2      -2        0
 SINCE 7/1       1690              2768   -1078     1999
COOLING TOTAL     356               371     -15      489
 SINCE 1/1        764               621     143      818
.....................................................

WIND (MPH)
AVERAGE WIND SPEED              6.5
HIGHEST WIND SPEED/DIRECTION    38/310    DATE  06/15
HIGHEST GUST SPEED/DIRECTION    49/320    DATE  06/15

SKY COVER
POSSIBLE SUNSHINE (PERCENT)   MM
AVERAGE SKY COVER           0.70
NUMBER OF DAYS FAIR            1
NUMBER OF DAYS PC             18
NUMBER OF DAYS CLOUDY         11

AVERAGE RH (PERCENT)     74

WEATHER CONDITIONS. NUMBER OF DAYS WITH
THUNDERSTORM              0     MIXED PRECIP               0
HEAVY RAIN                8     RAIN                      10
LIGHT RAIN               18     FREEZING RAIN              0
LT FREEZING RAIN          0     HAIL                       0
HEAVY SNOW                0     SNOW                       0
LIGHT SNOW                0     SLEET                      0
FOG                      17     FOG W/VIS <= 1/4 MILE      0
HAZE                      1

-  INDICATES NEGATIVE NUMBERS.
R  INDICATES RECORD WAS SET OR TIED.
MM INDICATES DATA IS MISSING.
T  INDICATES TRACE AMOUNT.

$$
