000
CXUS54 KEWX 011831 CCA
CLMATT

CLIMATE REPORT...CORRECTION FOR PRELIMINARY F-6 TABLE
NATIONAL WEATHER SERVICE AUSTIN/SAN ANTONIO, TX
1231 PM CST SUN MAR 1 2015

...................................

...THE AUSTIN CAMP MABRY CLIMATE SUMMARY FOR THE MONTH OF FEBRUARY 2015...

CLIMATE NORMAL PERIOD 1981 TO 2010
CLIMATE RECORD PERIOD 1897 TO 2015

WEATHER         OBSERVED          NORMAL  DEPART  LAST YEAR`S
                 VALUE   DATE(S)  VALUE   FROM    VALUE  DATE(S)
                                          NORMAL
................................................................
TEMPERATURE (F)
HIGHEST            83   02/09                         86  02/23
                                                          02/14
LOWEST             30   02/24                         26  02/06
                        02/23
AVG. MAXIMUM     61.6              65.2    -3.6     66.5
AVG. MINIMUM     40.9              44.8    -3.9     43.3
MEAN             51.3              55.0    -3.7     54.9
DAYS MAX >= 90      0                                  0
DAYS MAX <= 32      0                                  1
DAYS MIN <= 32      5                                  5
DAYS MIN <= 0       0                                  0

PRECIPITATION (INCHES)
TOTALS           0.50              2.02   -1.52     0.38
DAILY AVG.       0.02              0.07   -0.05     0.01
DAYS >= .01         9                                  4
DAYS >= .10         2                                  3
DAYS >= .50         0                                  0
DAYS >= 1.00        0                                  0
GREATEST
 24 HR. TOTAL    0.33   01/31 TO 02/01

SNOWFALL (INCHES)
TOTALS              T               0.2    -0.2      0.0
SINCE 7/1           T

DEGREE_DAYS
HEATING TOTAL     383               297      86      313
 SINCE 7/1       1483              1337     146     1496
COOLING TOTAL       8                18     -10       38
 SINCE 1/1         11                27     -16       41
.................................................................

WIND (MPH)
AVERAGE WIND SPEED              5.3
HIGHEST WIND SPEED/DIRECTION    20/020    DATE  02/22
HIGHEST GUST SPEED/DIRECTION    31/180    DATE  02/20

SKY COVER
POSSIBLE SUNSHINE (PERCENT)   MM
AVERAGE SKY COVER           0.50
NUMBER OF DAYS FAIR           10
NUMBER OF DAYS PC              8
NUMBER OF DAYS CLOUDY         10

AVERAGE RH (PERCENT)     69

WEATHER CONDITIONS. NUMBER OF DAYS WITH
THUNDERSTORM              0     MIXED PRECIP               0
HEAVY RAIN                0     RAIN                       1
LIGHT RAIN               10     FREEZING RAIN              0
LT FREEZING RAIN          3     HAIL                       0
HEAVY SNOW                0     SNOW                       0
LIGHT SNOW                0     SLEET                      1
FOG                      13     FOG W/VIS <= 1/4 MILE      0
HAZE                      4

-  INDICATES NEGATIVE NUMBERS.
R  INDICATES RECORD WAS SET OR TIED.
MM INDICATES DATA IS MISSING.
T  INDICATES TRACE AMOUNT.

&&

MONTHLY CLIMATE SUMMARY
FEBRUARY 2015 WAS 32 COOLEST AND THE 20TH DRIEST FEBRUARY SINCE
RECORD KEEPING BEGAN.

SEA LEVEL PRESSURE DATA
HIGHEST SLP 30.54 ON THE 23RD
LOWEST  SLP 29.76 ON THE 20TH

PRELIMINARY LOCAL CLIMATOLOGICAL DATA (WS FORM: F-6)

                                          STATION:   AUSTIN CAMP MABRY
                                          MONTH:     FEBRUARY
                                          YEAR:      2015
                                          LATITUDE:   30 17 N
                                          LONGITUDE:  97 42 W

  TEMPERATURE IN F:       :PCPN:    SNOW:  WIND      :SUNSHINE: SKY     :PK WND
================================================================================
1   2   3   4   5  6A  6B    7    8   9   10  11  12  13   14  15   16   17  18
                                     12Z  AVG MX 2MIN
DY MAX MIN AVG DEP HDD CDD  WTR  SNW DPTH SPD SPD DIR MIN PSBL S-S WX    SPD DR
================================================================================

 1  73  44  59   6   6   0 0.02  0.0    0  6.9 17 360   M    M   6 1      28 320
 2  49  33  41 -12  24   0 0.00  0.0    0  5.5 15 360   M    M   0        22 360
 3  43  40  42 -11  23   0 0.26  0.0    0  1.9  8 140   M    M   7 1      11 180
 4  55  42  49  -4  16   0 0.06  0.0    0  2.4  8 190   M    M  10 1      13 200
 5  52  38  45  -8  20   0    T  0.0    0  6.5 16 360   M    M  10 1      26 360
 6  60  37  49  -4  16   0 0.00  0.0    0  2.7 10 170   M    M   5        16 160
 7  69  40  55   1  10   0 0.00  0.0    0  4.8 13 190   M    M   2 1      21 230
 8  78  58  68  14   0   3 0.00  0.0    0  5.5 14 190   M    M   5        26 190
 9  83  52  68  14   0   3 0.00  0.0    0  3.4  9  20   M    M   0        13  40
10  81  46  64  10   1   0 0.00  0.0    0  3.7 10 190   M    M   0        18 160
11  78  51  65  11   0   0 0.00  0.0    0  5.0 16  20   M    M   2 18     26  30
12  62  44  53  -1  12   0 0.00  0.0    0  7.0 16  20   M    M   3        27  20
13  70  39  55   0  10   0 0.00  0.0    0  2.3 10 160   M    M   2        15 150
14  78  48  63   8   2   0 0.00  0.0    0  2.8  9 300   M    M   0        14 180
15  68  57  63   8   2   0    T  0.0    0  5.0 10 180   M    M   5        19 180
16  66  36  51  -4  14   0 0.01    T    0  9.4 17 350   M    M  10 14     28 340
17  55  34  45 -10  20   0 0.00  0.0    0  7.0 13 360   M    M   5        22 330
18  66  32  49  -7  16   0 0.00  0.0    0  3.8 13 140   M    M   0        18 150
19  70  38  54  -2  11   0 0.00  0.0    0  5.1 14 160   M    M   1        28 200
20  75  54  65   9   0   0 0.00  0.0    0  8.8 16 170   M    M   9        31 180
21  78  55  67  11   0   2 0.00  0.0    0  5.9 14 190   M    M   8        25 190
22  56  37  47  -9  18   0 0.02  0.0    0  7.0 20  20   M    M  10 1      30  20
23  37  30  34 -23  31   0 0.01  0.0    0  9.3 17 360   M    M  10 16     24 350
24  37  30  34 -23  31   0 0.00  0.0    0  4.1  9 360   M    M  10 18     15 360
25  63  35  49  -8  16   0 0.01  0.0    0  3.4 13 290   M    M   5 1      21 300
26  52  33  43 -14  22   0 0.00  0.0    0  6.6 15  10   M    M   5 8      24  20
27  36  31  34 -24  31   0 0.01  0.0    0  7.1 13  30   M    M  10 168    21  20
28  36  31  34 -24  31   0 0.10  0.0    0  5.0 10  20   M    M  10 16     17  40
================================================================================
SM 1726 1145       383   8  0.50    T    147.9          M      150
================================================================================
AV 61.6 40.9                               5.3 FASTST   M    M   5    MAX(MPH)
                                 MISC ---->  # 20  20               # 31  180
================================================================================
NOTES:
# LAST OF SEVERAL OCCURRENCES

COLUMN 17 PEAK WIND IN M.P.H.

SYMBOLS USED IN COLUMN 16

1 = FOG OR MIST
2 = FOG REDUCING VISIBILITY
    TO 1/4 MILE OR LESS
3 = THUNDER
4 = ICE PELLETS
5 = HAIL
6 = FREEZING RAIN OR DRIZZLE
7 = DUSTSTORM OR SANDSTORM:
    VSBY 1/2 MILE OR LESS
8 = SMOKE OR HAZE
9 = BLOWING SNOW
X = TORNADO

$$
