000
CXUS53 KABR 012345
CLMATY


CLIMATE REPORT
NATIONAL WEATHER SERVICE ABERDEEN SD
641 PM CDT THU SEP 1 2016

...................................

...THE WATERTOWN SD CLIMATE SUMMARY FOR THE MONTH OF AUGUST 2016...

CLIMATE NORMAL PERIOD 1981 TO 2010
CLIMATE RECORD PERIOD 1898 TO 2016

WEATHER         OBSERVED          NORMAL  DEPART  LAST YEAR`S
                 VALUE   DATE(S)  VALUE   FROM    VALUE  DATE(S)
                                          NORMAL
................................................................
TEMPERATURE (F)
RECORD
 HIGH             105   08/24/1936
                        08/04/1934
 LOW               32   08/28/1965
HIGHEST            93   08/10        MM      MM       89  08/14
LOWEST             48   08/26        MM      MM       39  08/25
                        08/21
AVG. MAXIMUM     81.9              79.9     2.0     78.6
AVG. MINIMUM     60.6              57.2     3.4     57.3
MEAN             71.3              68.6     2.7     68.0
DAYS MAX >= 90      2               2.4    -0.4        0
DAYS MAX <= 32      0               0.0     0.0        0
DAYS MIN <= 32      0               0.0     0.0        0
DAYS MIN <= 0       0               0.0     0.0        0

PRECIPITATION (INCHES)
RECORD
 MAXIMUM         7.67   1900
 MINIMUM         0.39   1907
TOTALS           6.98              2.78    4.20     5.44
DAYS >= .01         9               8.0     1.0       10
DAYS >= .10         5               4.8     0.2        5
DAYS >= .50         4               1.9     2.1        2
DAYS >= 1.00        2               0.6     1.4        2

SNOWFALL (INCHES)
RECORDS
 TOTAL             MM   MM
 SNOW DEPTH        MM   MM
TOTALS            0.0               0.0     0.0      0.0
SINCE 7/1         0.0               0.0     0.0      0.0
SNOWDEPTH AVG.      0                MM      MM        0
DAYS >= TRACE       0               0.0     0.0        0
DAYS >= 1.0         0               0.0     0.0        0
GREATEST
 SNOW DEPTH         0   MM                             0  MM

DEGREE_DAYS
HEATING TOTAL      14                40     -26       49
 SINCE 7/1         26                57     -31       62
COOLING TOTAL     217               150      67      149
 SINCE 1/1        685               474     211      477

FREEZE DATES
RECORD
 EARLIEST     MM
 LATEST       MM
EARLIEST                        MM
LATEST                          MM
.................................................................

WIND (MPH)
AVERAGE WIND SPEED              8.8
RESULTANT WIND SPEED/DIRECTION   3/179
HIGHEST WIND SPEED/DIRECTION    31/180    DATE  08/23
HIGHEST GUST SPEED/DIRECTION    43/180    DATE  08/23

SKY COVER
POSSIBLE SUNSHINE (PERCENT)   MM
AVERAGE SKY COVER           0.20
NUMBER OF DAYS FAIR           23
NUMBER OF DAYS PC              8
NUMBER OF DAYS CLOUDY          0

AVERAGE RH (PERCENT)     70

WEATHER CONDITIONS. NUMBER OF DAYS WITH
THUNDERSTORM              0     MIXED PRECIP               0
HEAVY RAIN                4     RAIN                       5
LIGHT RAIN               10     FREEZING RAIN              0
LT FREEZING RAIN          0     HAIL                       0
HEAVY SNOW                0     SNOW                       0
LIGHT SNOW                0     SLEET                      0
FOG                      11     FOG W/VIS <= 1/4 MILE      3
HAZE                      1

-  INDICATES NEGATIVE NUMBERS.
R  INDICATES RECORD WAS SET OR TIED.
MM INDICATES DATA IS MISSING.
T  INDICATES TRACE AMOUNT.

$$
