000
CXUS53 KGRB 010752
CLMAUW


CLIMATE REPORT
NATIONAL WEATHER SERVICE GREEN BAY
250 AM CDT FRI APR 1 2016

...................................

...THE WAUSAU WI CLIMATE SUMMARY FOR THE MONTH OF MARCH 2016...

CLIMATE NORMAL PERIOD 1981 TO 2010
CLIMATE RECORD PERIOD 1896 TO 2016

WEATHER         OBSERVED          NORMAL  DEPART  LAST YEAR`S
                 VALUE   DATE(S)  VALUE   FROM    VALUE  DATE(S)
                                          NORMAL
................................................................
TEMPERATURE (F)
RECORD
 HIGH              80   03/30/1910
                        03/29/1910
 LOW              -24   03/05/1917
HIGHEST            69   03/12        61       8       63  03/13
LOWEST             10   03/02        -2      12       -9  03/05
AVG. MAXIMUM     47.1              39.5     7.6     42.0
AVG. MINIMUM     30.2              20.5     9.7     20.9
MEAN             38.6              30.0     8.6     31.4
DAYS MAX >= 90      0               0.0     0.0        0
DAYS MAX <= 32      2               7.1    -5.1        7
DAYS MIN <= 32     17              26.8    -9.8       27
DAYS MIN <= 0       0               1.9    -1.9        3

PRECIPITATION (INCHES)
RECORD
 MAXIMUM         4.66   1977
 MINIMUM         0.05   1960
TOTALS           4.95R             1.76    3.19     0.82
DAILY AVG.       0.16              0.06    0.10     0.03
DAYS >= .01        12               9.2     2.8        6
DAYS >= .10         9               4.7     4.3        4
DAYS >= .50         3               0.9     2.1
DAYS >= 1.00        2               0.2     1.8        0
GREATEST
 STORM TOTAL       MM
 (MM/DD(HH))            MM

SNOWFALL (INCHES)
RECORDS
 TOTAL           36.2   1956
 24 HR TOTAL      5.3   03/05/2004 TO 03/05/2004
TOTALS           13.2              10.0     3.2      4.5
SINCE 7/1        37.6              55.3   -17.7     48.5
DAYS >= TRACE       8               6.2     1.8
DAYS >= 1.0         3               2.9     0.1        2
GREATEST
 SNOW DEPTH        10   03/24                         11  03/06
                                                          03/05
                                                          03/04
 24 HR TOTAL      7.0R  03/23 TO 03/23

DEGREE_DAYS
HEATING TOTAL     808              1085    -277     1033
 SINCE 7/1       5931              7221   -1290     7613
COOLING TOTAL       0                 0       0        0
 SINCE 1/1          0                 0       0        0
.................................................................

WIND (MPH)
AVERAGE WIND SPEED              7.3
HIGHEST WIND SPEED/DIRECTION    33/270    DATE  03/16
HIGHEST GUST SPEED/DIRECTION    45/260    DATE  03/16

SKY COVER
POSSIBLE SUNSHINE (PERCENT)   MM
AVERAGE SKY COVER           0.70
NUMBER OF DAYS FAIR            6
NUMBER OF DAYS PC              8
NUMBER OF DAYS CLOUDY         17

AVERAGE RH (PERCENT)     68

WEATHER CONDITIONS. NUMBER OF DAYS WITH
THUNDERSTORM              0     MIXED PRECIP               0
HEAVY RAIN                2     RAIN                       5
LIGHT RAIN                9     FREEZING RAIN              0
LT FREEZING RAIN          1     HAIL                       0
HEAVY SNOW                1     SNOW                       4
LIGHT SNOW                9     SLEET                      0
FOG                      17     FOG W/VIS <= 1/4 MILE      2
HAZE                      6

-  INDICATES NEGATIVE NUMBERS.
R  INDICATES RECORD WAS SET OR TIED.
MM INDICATES DATA IS MISSING.
T  INDICATES TRACE AMOUNT.

$$
