000
CXUS53 KGRR 011859
CLMAZO


CLIMATE REPORT
NATIONAL WEATHER SERVICE GRAND RAPIDS, MI
243 PM EDT SAT AUG 1 2015

...................................

...THE KALAMAZOO MI CLIMATE SUMMARY FOR THE MONTH OF JULY 2015...

CLIMATE NORMAL PERIOD 1981 TO 2010
CLIMATE RECORD PERIOD 1998 TO 2015

WEATHER         OBSERVED          NORMAL  DEPART  LAST YEAR`S
                 VALUE   DATE(S)  VALUE   FROM    VALUE  DATE(S)
                                          NORMAL
................................................................
TEMPERATURE (F)
HIGHEST            90   07/28        MM      MM       88  07/22
LOWEST             52   07/02        MM      MM       46  07/17
AVG. MAXIMUM     81.3              83.1    -1.8     78.1
AVG. MINIMUM     60.0              62.1    -2.1     57.1
MEAN             70.6              72.6    -2.0     67.6
DAYS MAX >= 90      1               3.4    -2.4        0
DAYS MAX <= 32      0               0.0     0.0        0
DAYS MIN <= 32      0               0.0     0.0        0
DAYS MIN <= 0       0               0.0     0.0        0

PRECIPITATION (INCHES)
TOTALS           4.11              3.70    0.41     2.95
DAILY AVG.       0.13              0.12    0.01     0.10
DAYS >= .01         8                MM      MM       10
DAYS >= .10         6                MM      MM        7
DAYS >= .50         3                MM      MM        1
DAYS >= 1.00        2                MM      MM        1
GREATEST
 24 HR. TOTAL    1.20   07/07 TO 07/07

DEGREE_DAYS
HEATING TOTAL       9                 5       4       23
 SINCE 7/1          9                 5       4       23
COOLING TOTAL     192               240     -48      111
 SINCE 1/1        339               426     -87      345
..................................................

WIND (MPH)
AVERAGE WIND SPEED              5.7
RESULTANT WIND SPEED/DIRECTION   2/266
HIGHEST WIND SPEED/DIRECTION    26/270    DATE  07/18
HIGHEST GUST SPEED/DIRECTION    35/320    DATE  07/18

SKY COVER
POSSIBLE SUNSHINE (PERCENT)   MM
AVERAGE SKY COVER           0.20
NUMBER OF DAYS FAIR           22
NUMBER OF DAYS PC              8
NUMBER OF DAYS CLOUDY          1

AVERAGE RH (PERCENT)     69

WEATHER CONDITIONS. NUMBER OF DAYS WITH
THUNDERSTORM              4     MIXED PRECIP               0
HEAVY RAIN                5     RAIN                       7
LIGHT RAIN               10     FREEZING RAIN              0
LT FREEZING RAIN          0     HAIL                       0
HEAVY SNOW                0     SNOW                       0
LIGHT SNOW                0     SLEET                      0
FOG                      17     FOG W/VIS <= 1/4 MILE      1
HAZE                      5

-  INDICATES NEGATIVE NUMBERS.
R  INDICATES RECORD WAS SET OR TIED.
MM INDICATES DATA IS MISSING.
T  INDICATES TRACE AMOUNT.

$$

CAS
