000
CXUS54 KBMX 021612
CLMBHM


CLIMATE REPORT
NATIONAL WEATHER SERVICE BIRMINGHAM, AL
1058 AM CDT THU NOV 2 2017

...................................

...THE BIRMINGHAM CLIMATE SUMMARY FOR THE MONTH OF OCTOBER 2017...

CLIMATE NORMAL PERIOD 1981 TO 2010
CLIMATE RECORD PERIOD 1895 TO 2017

WEATHER         OBSERVED          NORMAL  DEPART  LAST YEAR`S
                 VALUE   DATE(S)  VALUE   FROM    VALUE  DATE(S)
                                          NORMAL
................................................................
TEMPERATURE (F)
RECORD
 HIGH              94   10/06/1954
                        10/06/1941
                        10/05/1927
 LOW               27   10/28/1957
                        10/29/1952
                        10/29/1910
HIGHEST            88   10/13        MM      MM       91  10/19
                        10/10                             10/07
LOWEST             35   10/30        MM      MM       42  10/23
                                                          10/22
AVG. MAXIMUM     76.7              75.3     1.4     84.5
AVG. MINIMUM     56.2              52.9     3.3     57.6
MEAN             66.4                               71.0
DAYS MAX >= 90      0               0.3    -0.3        3
DAYS MAX <= 32      0               0.0     0.0        0
DAYS MIN <= 32      0               0.3    -0.3        0
DAYS MIN <= 0       0               0.0     0.0        0

PRECIPITATION (INCHES)
RECORD
 MAXIMUM        11.90   1995
 MINIMUM         0.00   1924
TOTALS           5.55              3.44    2.11        T
DAILY AVG.       0.18              0.11    0.07        T
DAYS >= .01         7               7.6    -0.6        0
DAYS >= .10         6               4.9     1.1        0
DAYS >= .50         3               2.4     0.6        0
DAYS >= 1.00        2               1.0     1.0        0

DEGREE_DAYS
HEATING TOTAL     102               118     -16       18
 SINCE 7/1        111               127     -16       19
COOLING TOTAL     154                90      64      212
 SINCE 1/1       2250              2040     210     2648
.................................................................

WIND (MPH)
AVERAGE WIND SPEED              6.0
HIGHEST WIND SPEED/DIRECTION    29/180    DATE  10/08
HIGHEST GUST SPEED/DIRECTION    40/140    DATE  10/08

AVERAGE RH (PERCENT)     68

WEATHER CONDITIONS. NUMBER OF DAYS WITH
THUNDERSTORM              0     MIXED PRECIP               0
HEAVY RAIN                5     RAIN                       8
LIGHT RAIN                8     FREEZING RAIN              0
LT FREEZING RAIN          0     HAIL                       0
HEAVY SNOW                0     SNOW                       0
LIGHT SNOW                0     SLEET                      0
FOG                      12     FOG W/VIS <= 1/4 MILE      0
HAZE                      2

-  INDICATES NEGATIVE NUMBERS.
R  INDICATES RECORD WAS SET OR TIED.
MM INDICATES DATA IS MISSING.
T  INDICATES TRACE AMOUNT.

$$
