000
CXUS56 KBOI 011823
CLMBNO


CLIMATE REPORT
NATIONAL WEATHER SERVICE BOISE ID
1123 AM MST MON JAN 1 2018

...................................

...THE BURNS OR CLIMATE SUMMARY FOR THE MONTH OF DECEMBER 2017...

CLIMATE NORMAL PERIOD 1981 TO 2010
CLIMATE RECORD PERIOD 1938 TO 2017

WEATHER         OBSERVED          NORMAL  DEPART
                 VALUE   DATE(S)  VALUE   FROM
                                          NORMAL
................................................
TEMPERATURE (F)
HIGHEST            45   12/29        MM      MM
                        12/19
LOWEST              0   12/17        MM      MM
AVG. MAXIMUM     33.8              34.3    -0.5
AVG. MINIMUM      9.7              14.0    -4.3
MEAN             21.8              24.2    -2.4
DAYS MAX >= 90      0
DAYS MAX <= 32     11
DAYS MIN <= 32     31
DAYS MIN <= 0       1

PRECIPITATION (INCHES)
RECORD
 MAXIMUM       993.88   1981
TOTALS           0.52              1.55   -1.03
DAYS >= .01         8
DAYS >= .10         3
DAYS >= .50         0
DAYS >= 1.00        0
GREATEST
 24 HR. TOTAL    0.19   12/24 TO 12/24

DEGREE_DAYS
HEATING TOTAL    1332              1266      66
 SINCE 7/1       3248              3267     -19
COOLING TOTAL       0                 0       0
 SINCE 1/1        343               215     128
.................................................

WIND (MPH)
AVERAGE WIND SPEED              3.8
RESULTANT WIND SPEED/DIRECTION   1/277
HIGHEST WIND SPEED/DIRECTION    35/210    DATE  12/19
HIGHEST GUST SPEED/DIRECTION    46/210    DATE  12/19

AVERAGE RH (PERCENT)     81


-  INDICATES NEGATIVE NUMBERS.
R  INDICATES RECORD WAS SET OR TIED.
MM INDICATES DATA IS MISSING.
T  INDICATES TRACE AMOUNT.

$$
