697
CXUS44 KBRO 011231
CLMBRO


CLIMATE REPORT
NATIONAL WEATHER SERVICE BROWNSVILLE TX
624 AM CST MON FEB 1 2016

...................................

...THE BROWNSVILLE CLIMATE SUMMARY FOR THE MONTH OF JANUARY 2016...

CLIMATE NORMAL PERIOD 1981 TO 2010
CLIMATE RECORD PERIOD 1878 TO 2016

WEATHER         OBSERVED          NORMAL  DEPART  LAST YEAR`S
                 VALUE   DATE(S)  VALUE   FROM    VALUE  DATE(S)
                                          NORMAL
................................................................
TEMPERATURE (F)
HIGHEST            83   01/31        83       0       81  01/20
                        01/15
LOWEST             39   01/23        34       5       37  01/10
                        01/10
AVG. MAXIMUM     69.2              70.6    -1.4     64.2
AVG. MINIMUM     48.5              51.6    -3.1     47.1
MEAN             58.9              61.1    -2.2     55.7
DAYS MAX >= 90      0               0.0     0.0        0
DAYS MAX <= 32      0               0.0     0.0        0
DAYS MIN <= 32      0               0.3    -0.3        0
DAYS MIN <= 0       0               0.0     0.0        0

PRECIPITATION (INCHES)
TOTALS           1.88              1.27    0.61     3.56
DAILY AVG.       0.06              0.04    0.02     0.11
DAYS >= .01        10               7.3     2.7        9
DAYS >= .10         4               2.7     1.3        6
DAYS >= .50         1               0.6     0.4        1
DAYS >= 1.00        1               0.3     0.7        1
GREATEST
 24 HR. TOTAL    1.18   01/02 TO 01/03

DEGREE_DAYS
HEATING TOTAL     205               180      25      291
 SINCE 7/1        287               399    -112      476
COOLING TOTAL      21                59     -38       13
 SINCE 1/1         21                62     -41       13
.................................................................

WIND (MPH)
AVERAGE WIND SPEED              9.1
HIGHEST WIND SPEED/DIRECTION    37/300    DATE  01/16
HIGHEST GUST SPEED/DIRECTION    50/300    DATE  01/16

SKY COVER
AVERAGE SKY COVER           0.50
NUMBER OF DAYS FAIR           15
NUMBER OF DAYS PC              6
NUMBER OF DAYS CLOUDY         10

AVERAGE RH (PERCENT)     76

WEATHER CONDITIONS. NUMBER OF DAYS WITH
THUNDERSTORM              0     MIXED PRECIP               0
HEAVY RAIN                2     RAIN                       4
LIGHT RAIN                9     FREEZING RAIN              0
LT FREEZING RAIN          0     HAIL                       0
HEAVY SNOW                0     SNOW                       0
LIGHT SNOW                0     SLEET                      0
FOG                      20     FOG W/VIS <= 1/4 MILE      8
HAZE                      0

-  INDICATES NEGATIVE NUMBERS.
R  INDICATES RECORD WAS SET OR TIED.
MM INDICATES DATA IS MISSING.
T  INDICATES TRACE AMOUNT.

$$
