000
CXUS53 KGRR 011819
CLMBTL


CLIMATE REPORT
NATIONAL WEATHER SERVICE GRAND RAPIDS, MI
206 PM EDT SAT JUL 1 2017

...................................

...THE BATTLE CREEK MI CLIMATE SUMMARY FOR THE MONTH OF JUNE 2017...

CLIMATE NORMAL PERIOD 1981 TO 2010
CLIMATE RECORD PERIOD 1998 TO 2017

WEATHER         OBSERVED          NORMAL  DEPART  LAST YEAR`S
                 VALUE   DATE(S)  VALUE   FROM    VALUE  DATE(S)
                                          NORMAL
................................................................
TEMPERATURE (F)
HIGHEST            92   06/12        MM      MM       89  06/11
LOWEST             46   06/27        MM      MM       41  06/09
AVG. MAXIMUM     81.1              79.4     1.7     79.5
AVG. MINIMUM     58.1              55.2     2.9     56.9
MEAN             69.6              67.3     2.3     68.2
DAYS MAX >= 90      4               1.7     2.3        0
DAYS MAX <= 32      0               0.0     0.0        0
DAYS MIN <= 32      0               0.1    -0.1        0
DAYS MIN <= 0       0               0.0     0.0        0

PRECIPITATION (INCHES)
TOTALS           1.38              3.23   -1.85     1.40
DAILY AVG.       0.05              0.11   -0.06     0.05
DAYS >= .01        15              10.2     4.8        9
DAYS >= .10         3               6.4    -3.4        6
DAYS >= .50         1               2.3    -1.3        0
DAYS >= 1.00        0               0.6    -0.6        0
GREATEST
 24 HR. TOTAL    0.60   06/14 TO 06/14

DEGREE_DAYS
HEATING TOTAL      23                57     -34       34
 SINCE 7/1       5436              6691   -1255     5449
COOLING TOTAL     165               126      39      136
 SINCE 1/1        202               164      38      191
.................................................................

WIND (MPH)
AVERAGE WIND SPEED              9.3
RESULTANT WIND SPEED/DIRECTION   5/245
HIGHEST WIND SPEED/DIRECTION    32/290    DATE  06/19
HIGHEST GUST SPEED/DIRECTION    42/290    DATE  06/19

SKY COVER
POSSIBLE SUNSHINE (PERCENT)   MM
AVERAGE SKY COVER           0.30
NUMBER OF DAYS FAIR           19
NUMBER OF DAYS PC             11
NUMBER OF DAYS CLOUDY          0

AVERAGE RH (PERCENT)     65

WEATHER CONDITIONS. NUMBER OF DAYS WITH
THUNDERSTORM              4     MIXED PRECIP               0
HEAVY RAIN                2     RAIN                       5
LIGHT RAIN               17     FREEZING RAIN              0
LT FREEZING RAIN          0     HAIL                       0
HEAVY SNOW                0     SNOW                       0
LIGHT SNOW                0     SLEET                      0
FOG                       7     FOG W/VIS <= 1/4 MILE      0
HAZE                      1

-  INDICATES NEGATIVE NUMBERS.
R  INDICATES RECORD WAS SET OR TIED.
MM INDICATES DATA IS MISSING.
T  INDICATES TRACE AMOUNT.

$$

63
