000
CXUS51 KBTV 011321
CLMBTV


CLIMATE REPORT
NATIONAL WEATHER SERVICE BURLINGTON VT
920 AM EDT WED NOV 1 2017

...................................

...THE BURLINGTON VT CLIMATE SUMMARY FOR THE MONTH OF OCTOBER 2017...

CLIMATE NORMAL PERIOD 1981 TO 2010
CLIMATE RECORD PERIOD 1884 TO 2017

WEATHER         OBSERVED          NORMAL  DEPART  LAST YEAR`S
                 VALUE   DATE(S)  VALUE   FROM    VALUE  DATE(S)
                                          NORMAL
................................................................
TEMPERATURE (F)
RECORD
 HIGH              85   10/11/1949
                        10/17/1947
 LOW               15   10/20/1972
HIGHEST            80   10/08        57      23       81  10/18
LOWEST             32   10/17        39      -7       32  10/27
                                                          10/15
AVG. MAXIMUM     67.9              57.2    10.7     59.4
AVG. MINIMUM     49.3              39.1    10.2     44.3
MEAN             58.6              48.1    10.5     51.8
DAYS MAX >= 90      0               0.0     0.0        0
DAYS MAX <= 32      0               0.0     0.0        0
DAYS MIN <= 32      1               7.2    -6.2        2
DAYS MIN <= 0       0               0.0     0.0        0

PRECIPITATION (INCHES)
RECORD
 MAXIMUM         6.75   1918
 MINIMUM         0.15   1924
TOTALS           3.55              3.60   -0.05     2.66
DAILY AVG.       0.11              0.12   -0.01     0.09
DAYS >= .01        11              12.9    -1.9       16
DAYS >= .10         6               7.7    -1.7        7
DAYS >= .50         3               2.1     0.9        1
DAYS >= 1.00        2               0.9     1.1        1
GREATEST
 24 HR. TOTAL    1.13   10/09 TO 10/09           10/22 TO 10/23
                                                          10/27 TO 10/27
                                                          10/27 TO 10/27
 STORM TOTAL       MM                                 MM
 (MM/DD(HH))            MM                    10/23(00) TO 10/23(00)
                                                 10/27(00) TO 10/27(00)7
                                                 10/27(00) TO 10/27(00)7

SNOWFALL (INCHES)
RECORDS
 TOTAL            5.1   5
                        0
                        -26215
TOTALS            0.0               0.3    -0.3        T
SINCE 7/1         0.0               0.3    -0.3        T
SNOWDEPTH AVG.      0                MM      MM        0
DAYS >= 1.0         0               0.1    -0.1        0
GREATEST
 SNOW DEPTH         0   MM                             0  MM
 24 HR TOTAL      0.0   10/31 TO 10/31           10/27 TO 10/27
                                                          10/27 TO 10/27
                                                          10/27 TO 10/27

DEGREE_DAYS
HEATING TOTAL     211               524    -313      405
 SINCE 7/1        320               741    -421      489
COOLING TOTAL      21                 2      19        3
 SINCE 1/1        652               491     161      855
........................................................

WIND (MPH)
AVERAGE WIND SPEED              8.6
HIGHEST WIND SPEED/DIRECTION    41/120    DATE  10/30
HIGHEST GUST SPEED/DIRECTION    63/130    DATE  10/30

SKY COVER
POSSIBLE SUNSHINE (PERCENT)   MM
AVERAGE SKY COVER           0.50
NUMBER OF DAYS FAIR            9
NUMBER OF DAYS PC             12
NUMBER OF DAYS CLOUDY         10

AVERAGE RH (PERCENT)     67

WEATHER CONDITIONS. NUMBER OF DAYS WITH
THUNDERSTORM              0     MIXED PRECIP               0
HEAVY RAIN                3     RAIN                       4
LIGHT RAIN               13     FREEZING RAIN              0
LT FREEZING RAIN          0     HAIL                       0
HEAVY SNOW                0     SNOW                       0
LIGHT SNOW                0     SLEET                      0
FOG                       8     FOG W/VIS <= 1/4 MILE      0
HAZE                      1

-  INDICATES NEGATIVE NUMBERS.
R  INDICATES RECORD WAS SET OR TIED.
MM INDICATES DATA IS MISSING.
T  INDICATES TRACE AMOUNT.

$$
