000
CXAK58 PACD 032225 CCB
CLMCDB

CLIMATE REPORT...CORRECTED
NATIONAL WEATHER SERVICE COLD BAY, AK
125 PM AKST WED DEC 3 2014

...................................

...THE COLD BAY AP CLIMATE SUMMARY FOR THE MONTH OF NOVEMBER 2014...

CLIMATE NORMAL PERIOD 1981 TO 2010
CLIMATE RECORD PERIOD 1942 TO 2014

WEATHER         OBSERVED          NORMAL  DEPART  LAST YEAR`S
                 VALUE   DATE(S)  VALUE   FROM    VALUE  DATE(S)
                                          NORMAL
................................................................
TEMPERATURE (F)
RECORD
 HIGH              59   11/13/1986
 LOW                1   11/29/1963
HIGHEST            48   11/13        48       0      56  11/14
LOWEST             23                17       6      16  11/23
AVG. MAXIMUM       42.6              39.1     3.5    42.8
AVG. MINIMUM       34.5              29.9     4.6    33.0
MEAN               38.5              34.5     4.0    37.9
DAYS MAX >= 90      0                 0.0     0.0     0
DAYS MAX <= 32      0                 4.1    -4.1     0
DAYS MAX >= 80      0                 0.0     0.0     0
DAYS MAX >= 70      0                 0.0     0.0     0
DAYS MIN <= 32      9                18.9    -9.9    14
DAYS MIN <= 0       0                 0.0     0.0     0

PRECIPITATION (INCHES)
RECORD
 MAXIMUM           12.22   2000
 MINIMUM            1.15   1975
TOTALS              4.93              4.98   -0.05    4.50
DAILY AVG.          0.16              0.16    0.00    0.15
DAYS >= .01        28                24.0     4.0    22
DAYS >= .10        18                12.6     5.4    11
DAYS >= .50         1                 2.5    -1.5     2
DAYS >= 1.0         0                 0.6    -0.6     1
GREATEST
 24 HR TOTAL        0.58   11/08                      1.32  11/06

SNOWFALL (INCHES)
RECORDS
 TOTAL             27.4   1983
 24 HR TOTAL       21.4   11-14-1983
 SNOW DEPTH        12     11-14-1975
TOTALS              1.5              10.2    -8.7     3.6
SINCE 7/1           3.9              12.6    -8.7     3.6
SNOWDEPTH AVG.      0                 0       0       0
DAYS >= TRACE       9                18.9    -9.9    13
DAYS >= 1.0         0                 3.4    -3.4     1
DAYS >= 6.0         0                 0.1    -0.1     0
GREATEST
 SNOW DEPTH         0   11/06                         3  11/23
 24 HR TOTAL      0.6   11/03                       2.6  11/22

DEGREE_DAYS
HEATING TOTAL     786               913    -127     806
 SINCE 7/1       2512              3026    -514    2516
COOLING TOTAL       0                 0       0       0
 SINCE 1/1          0                 0       0       0
................................................................

WIND (MPH)
AVERAGE WIND SPEED               16.0
HIGHEST WIND SPEED/DIRECTION     48/120    DATE   11/17
HIGHEST GUST SPEED/DIRECTION     58/120    DATE   11/17

SKY COVER
POSSIBLE SUNSHINE (PERCENT)   MM
AVERAGE SKY COVER             MM
NUMBER OF DAYS FAIR           MM
NUMBER OF DAYS PC             MM
NUMBER OF DAYS CLOUDY         MM

AVERAGE RH (PERCENT)     MM

WEATHER CONDITIONS. NUMBER OF DAYS WITH
THUNDERSTORM              0     ICE PELLETS                 0
RAIN                     30     GLAZE                       0
DRIZZLE                   1     HAIL                        0
SNOW                      9     HAZE                        0
FOG                      26     FOG W/VIS <= 1/4 MILE       0
BLOWING SNOW              0


-  INDICATES NEGATIVE NUMBERS.
R  INDICATES RECORD WAS SET OR TIED.
MM INDICATES DATA IS MISSING.
T  INDICATES TRACE AMOUNT.

&&

...WARM TEMPERATURES AND VERY LITTLE SNOWFALL...

ANOTHER WARM MONTH FOR THE ALASKAN PENINSULA AS HIGH MAXIMUM TEMPERATURES AVERAGED
42.6F...EXCEEDING THE NORMAL NOVEMBER TEMPERATURE MAXIMUM OF 39.1F.  LOW MINIMUM
TEMPERATURES AVERAGED 34.5F...EXCEEDING THE NORMAL NOVEMBER TEMPERATURE MINIMUM OF
29.9F.  TWO TEMPERATURE RECORDS WERE SET THIS MONTH.  COLD BAY AIRPORT RECORDED A
NEW HIGH MINIMUM TEMPERATURE OF 40 DEGREES FAHRENHEIT ON 16 NOV...BEATING THE
PREVIOUS RECORD OF 39F LAST SET IN 1959.  NOV 17TH COLD BAY RECORDED
ANOTHER NEW HIGH MINIMUM TEMPERATURE OF 42F...BEATING THE PREVIOUS RECORD OF 41F
LAST SET IN 1993.

PRECIPITATION WAS NEAR NORMAL FOR NOVEMBER...WITH COLD BAY AIRPORT RECEIVING 4.93
INCHES...NEAR THE NORMAL NOVEMBER AVERAGE PRECIPITATION OF 4.98 INCHES.  HOWEVER...
MOST OF THE PRECIPITATION FELL AS RAIN INSTEAD OF SNOW.  ONLY 1.5 INCHES OF SNOW
WAS RECORDED...A VAST DEPARTURE FROM THE NORMAL NOVEMBER SNOWFALL AVERAGE OF 10.2
INCHES.  INTERESTINGLY...NOT A SINGLE DAY IN NOVEMBER HAD MORE THAN A TRACE OF SNOW
DEPTH MEASURED ON THE GROUND.

FINALLY...COLD BAY EXPERIENCED 5 DAYS WITH WINDS EXCEEDING 50 MILES PER HOUR...WITH
A MAXIMUM WIND SPEED OF 58 MPH ON 16 NOVEMBER ASSOCIATED WITH A DEEPENING NORTH
PACIFIC LOW THAT MOVED JUST SOUTHEAST OF COLD BAY.

$$
JEG DEC 14
