000
CXUS55 KCYS 012034 CCA
CLMCDR


CLIMATE REPORT...CORRECTED
NATIONAL WEATHER SERVICE CHEYENNE WY
134 PM MST THU FEB 1 2018

...................................

...THE CHADRON NE AIRPORT CLIMATE SUMMARY FOR THE MONTH OF JANUARY 2018...

CLIMATE NORMAL PERIOD 1981 TO 2010
CLIMATE RECORD PERIOD 1895 TO 2018

WEATHER         OBSERVED          NORMAL  DEPART  LAST YEAR`S
                 VALUE   DATE(S)  VALUE   FROM    VALUE
                                          NORMAL
.............................................................
TEMPERATURE (F)
RECORD
 HIGH              70   01/30/1989
                        01/08/1927
 LOW              -29   01/21/1949
HIGHEST            60   01/09        MM      MM       49
LOWEST            -16   01/16        MM      MM      -16
AVG. MAXIMUM     36.5              38.7    -2.2     29.7
AVG. MINIMUM     11.3              10.2     1.1      9.5
MEAN             23.9              24.4    -0.5     19.6
DAYS MAX >= 90      0               0.0                0
DAYS MAX <= 32     10               8.6               17
DAYS MIN <= 32     31              30.4               31
DAYS MIN <= 0       4               6.7                7

PRECIPITATION (INCHES)
RECORD
 MAXIMUM         2.40   1949
 MINIMUM         0.00   1989
                        1852
TOTALS           0.07              0.36   -0.29     0.99
DAYS >= .01         3               3.8    -0.8        5
DAYS >= .10         0               1.4    -1.4        2
DAYS >= .50         0               0.1    -0.1        1
DAYS >= 1.00        0               0.0     0.0        0
GREATEST
 24 HR. TOTAL    0.04   01/21 TO 01/21

DEGREE_DAYS
HEATING TOTAL    1266              1257       9     1399
 SINCE 7/1       3988              4199    -211     3983
COOLING TOTAL       0                 0       0        0
 SINCE 1/1          0                 0       0        0
..............................................................

WIND (MPH)
AVERAGE WIND SPEED              7.1
HIGHEST WIND SPEED/DIRECTION    30/290    DATE  01/02
HIGHEST GUST SPEED/DIRECTION    38/290    DATE  01/02

SKY COVER
POSSIBLE SUNSHINE (PERCENT)    0
AVERAGE SKY COVER           0.30
NUMBER OF DAYS FAIR           20
NUMBER OF DAYS PC              5
NUMBER OF DAYS CLOUDY          6

AVERAGE RH (PERCENT)     72

WEATHER CONDITIONS. NUMBER OF DAYS WITH
THUNDERSTORMS   0MIXED PRECIP0
HEAVY RAIN  0RAIN           0
LIGHT RAIN  1FREEZING RAIN0
LT FREEZING RAIN  0HAIL        0
HEAVY SNOW  0SNOW         1
LIGHT SNOW 10SLEET        0
FOG        8FOG W/VIS <= 1/4 MILE1
HAZE                  2

-  INDICATES NEGATIVE NUMBERS.
R  INDICATES RECORD WAS SET OR TIED.
MM INDICATES DATA IS MISSING.
T  INDICATES TRACE AMOUNT.

$$
