000
CXUS52 KGSP 040246 CCA
CLMCLT

CLIMATE REPORT
NATIONAL WEATHER SERVICE GREENVILLE-SPARTANBURG SC
759 AM EST MON FEB 1 2016

...................................

...THE CHARLOTTE CLIMATE SUMMARY FOR THE MONTH OF JANUARY 2016...

CLIMATE NORMAL PERIOD 1981 TO 2010
CLIMATE RECORD PERIOD 1878 TO 2016

WEATHER         OBSERVED          NORMAL  DEPART  LAST YEAR`S
                 VALUE   DATE(S)  VALUE   FROM    VALUE  DATE(S)
                                          NORMAL
................................................................
TEMPERATURE (F)
RECORD
 HIGH              79   01/29/2002
                        01/28/1944
 LOW               -5   01/21/1985
HIGHEST            66   01/31        MM      MM       67  01/20
LOWEST             14   01/19        MM      MM        8  01/08
AVG. MAXIMUM     49.9              50.7    -0.8     51.3
AVG. MINIMUM     28.9              29.6    -0.7     29.4
MEAN             39.4              40.1    -0.7     40.3
DAYS MAX >= 90      0               0.0     0.0        0
DAYS MAX <= 32      0               0.9    -0.9        1
DAYS MIN <= 32     22              18.4     3.6       18
DAYS MIN <= 0       0               0.1    -0.1        0

PRECIPITATION (INCHES)
RECORD
 MAXIMUM        10.39   1936
 MINIMUM         0.45   1981
TOTALS           2.28              3.41   -1.13     2.80
DAILY AVG.       0.07              0.11   -0.04     0.09
DAYS >= .01         9               9.7    -0.7       10
DAYS >= .10         4               6.7    -2.7        6
DAYS >= .50         2               2.3    -0.3        2
DAYS >= 1.00        0               0.9    -0.9        0
GREATEST
 24 HR. TOTAL    0.93   01/15 TO 01/15           01/11 TO 01/12
                                                          01/31 TO 01/31
                                                          01/31 TO 01/31
 STORM TOTAL       MM                                 MM
 (MM/DD(HH))            MM                    01/12(00) TO 01/12(00)
                                                 01/31(00) TO 01/31(00)1
                                                 01/31(00) TO 01/31(00)1

SNOWFALL (INCHES)
RECORDS
 TOTAL           13.5   1893
 24 HR TOTAL     12.1   01/07/1988 TO 01/07/1988
 SNOW DEPTH        12   01/07/1988
TOTALS            3.3               2.1     1.2      0.0
 LIQUID EQUIV    0.33              0.20    0.13     0.00
SINCE 7/1         3.3               2.5     0.8        T
 LIQUID 7/1      0.33              0.20    0.13       MM
SNOWDEPTH AVG.      0                MM      MM        0
DAYS >= TRACE       4               1.0     3.0        0
DAYS >= 1.0         1               0.6     0.4        0
GREATEST
 SNOW DEPTH         2   01/24                          0  MM
                        01/23
                        01/22
 24 HR TOTAL      3.0   01/22 TO 01/22           01/31 TO 01/31
                                                          01/31 TO 01/31
                                                          01/31 TO 01/31
 STORM TOTAL       MM                                 MM
 (MM/DD(HH))            MM                    01/31(00) TO 01/31(00)
                                                 01/31(00) TO 01/31(00)1
                                                 01/31(00) TO 01/31(00)1

DEGREE_DAYS
HEATING TOTAL     787               770      17      759
 SINCE 7/1       1554              2107    -553     2007
COOLING TOTAL       0                 0       0        0
 SINCE 1/1          0                 0       0        0

FREEZE DATES
RECORD
 EARLIEST     MM
 LATEST       MM
EARLIEST                        MM
LATEST                          MM
..................................................

WIND (MPH)
AVERAGE WIND SPEED              6.0
HIGHEST WIND SPEED/DIRECTION    24/240    DATE  01/12
HIGHEST GUST SPEED/DIRECTION    33/250    DATE  01/12

SKY COVER
POSSIBLE SUNSHINE (PERCENT)   MM
AVERAGE SKY COVER           0.50
NUMBER OF DAYS FAIR           13
NUMBER OF DAYS PC             11
NUMBER OF DAYS CLOUDY          7

AVERAGE RH (PERCENT)     58

WEATHER CONDITIONS. NUMBER OF DAYS WITH
THUNDERSTORM              0     MIXED PRECIP               0
HEAVY RAIN                2     RAIN                       3
LIGHT RAIN                9     FREEZING RAIN              0
LT FREEZING RAIN          2     HAIL                       0
HEAVY SNOW                0     SNOW                       1
LIGHT SNOW                4     SLEET                      2
FOG                       8     FOG W/VIS <= 1/4 MILE      0
HAZE                      2

-  INDICATES NEGATIVE NUMBERS.
R  INDICATES RECORD WAS SET OR TIED.
MM INDICATES DATA IS MISSING.
T  INDICATES TRACE AMOUNT.

$$
JPT
