000
CXUS55 KCYS 161633
CLMCNE


CLIMATE REPORT
NATIONAL WEATHER SERVICE CHEYENNE WY
1033 AM MDT TUE JUN 16 2015

...................................

...THE ALLIANCE NE AIRPORT CLIMATE SUMMARY FOR THE MONTH OF MAY 2015...

CLIMATE NORMAL PERIOD 1981 TO 2010
CLIMATE RECORD PERIOD 1896 TO 2015

WEATHER         OBSERVED          NORMAL  DEPART  LAST YEAR`S
                 VALUE   DATE(S)  VALUE   FROM    VALUE
                                          NORMAL
.............................................................
TEMPERATURE (F)
RECORD
 HIGH              98   05/22/2012
 LOW               12   05/02/2005
HIGHEST            82   05/02        MM      MM       87
LOWEST             28   05/21        MM      MM       22
AVG. MAXIMUM     62.6              70.3    -7.7     68.5
AVG. MINIMUM     40.5              39.3     1.2     40.3
MEAN             51.6              54.8    -3.2     54.4
DAYS MAX >= 90      0               0.6    -0.6        0
DAYS MAX <= 32      0               0.0     0.0        0
DAYS MIN <= 32      7               5.2     1.8        9
DAYS MIN <= 0       0               0.0     0.0        0

PRECIPITATION (INCHES)
RECORD
 MAXIMUM        10.98   1942
 MINIMUM         0.00   2011
TOTALS           9.08              2.65    6.43     4.70
DAYS >= .01        19                MM      MM       14
DAYS >= .10        11                MM      MM        7
DAYS >= .50         6                MM      MM        3
DAYS >= 1.00        5                MM      MM        2
GREATEST
 24 HR. TOTAL    1.81   05/09 TO 05/09

DEGREE_DAYS
HEATING TOTAL     404               326      78      336
 SINCE 7/1       6899              7215    -316     7419
COOLING TOTAL       0                10     -10       14
 SINCE 1/1          0                10     -10       14
..............................................................

WIND (MPH)
AVERAGE WIND SPEED              11.2
HIGHEST WIND SPEED/DIRECTION    36/340    DATE  05/10
HIGHEST GUST SPEED/DIRECTION    50/190    DATE  05/15

SKY COVER
POSSIBLE SUNSHINE (PERCENT)   MM
AVERAGE SKY COVER           0.60
NUMBER OF DAYS FAIR            8
NUMBER OF DAYS PC              9
NUMBER OF DAYS CLOUDY         14

AVERAGE RH (PERCENT)     74

WEATHER CONDITIONS. NUMBER OF DAYS WITH
THUNDERSTORM              0     MIXED PRECIP               0
HEAVY RAIN                8     RAIN                      10
LIGHT RAIN               18     FREEZING RAIN              0
LT FREEZING RAIN          0     HAIL                       0
HEAVY SNOW                2     SNOW                       3
LIGHT SNOW                4     SLEET                      0
FOG                      19     FOG W/VIS <= 1/4 MILE      7
HAZE                      1

-  INDICATES NEGATIVE NUMBERS.
R  INDICATES RECORD WAS SET OR TIED.
MM INDICATES DATA IS MISSING.
T  INDICATES TRACE AMOUNT.
...................................

...THE CHADRON NE AIRPORT CLIMATE SUMMARY FOR THE MONTH OF MAY 2015...

CLIMATE NORMAL PERIOD 1981 TO 2010
CLIMATE RECORD PERIOD 1895 TO 2015

WEATHER         OBSERVED          NORMAL  DEPART  LAST YEAR`S
                 VALUE   DATE(S)  VALUE   FROM    VALUE
                                          NORMAL
.............................................................
TEMPERATURE (F)
RECORD
 HIGH              99   05/22/2012
 LOW               15   05/08/2010
                        05/02/2005
HIGHEST            83   05/02        MM      MM       90
LOWEST             28   05/21        MM      MM       27
AVG. MAXIMUM     62.9              70.7    -7.8     68.5
AVG. MINIMUM     41.3              41.0     0.3     44.1
MEAN             52.1              55.8    -3.7     56.3
DAYS MAX >= 90      0               1.0    -1.0        1
DAYS MAX <= 32      0               0.0     0.0        0
DAYS MIN <= 32      6               4.5     1.5        6
DAYS MIN <= 0       0               0.0     0.0        0

PRECIPITATION (INCHES)
RECORD
 MAXIMUM         6.83   1988
 MINIMUM         0.00   2011
TOTALS           6.65              2.76    3.89     4.08
DAYS >= .01        18              10.8     7.2       12
DAYS >= .10        12               6.2     5.8        6
DAYS >= .50         6               1.8     4.2        4
DAYS >= 1.00        1               0.5     0.5        1
GREATEST
 24 HR. TOTAL    2.15   05/09 TO 05/09

DEGREE_DAYS
HEATING TOTAL     391               302      89      292
 SINCE 7/1       6551              7065    -514     7210
COOLING TOTAL       0                18     -18       30
 SINCE 1/1          0                20     -20       31
..............................................................

WIND (MPH)
AVERAGE WIND SPEED              8.7
HIGHEST WIND SPEED/DIRECTION    33/310    DATE  05/17
HIGHEST GUST SPEED/DIRECTION    45/310    DATE  05/17

SKY COVER
POSSIBLE SUNSHINE (PERCENT)   MM
AVERAGE SKY COVER           0.60
NUMBER OF DAYS FAIR            9
NUMBER OF DAYS PC             10
NUMBER OF DAYS CLOUDY         12

AVERAGE RH (PERCENT)     74

WEATHER CONDITIONS. NUMBER OF DAYS WITH
THUNDERSTORM              0     MIXED PRECIP               0
HEAVY RAIN                3     RAIN                       7
LIGHT RAIN               18     FREEZING RAIN              0
LT FREEZING RAIN          0     HAIL                       0
HEAVY SNOW                2     SNOW                       2
LIGHT SNOW                4     SLEET                      0
FOG                      16     FOG W/VIS <= 1/4 MILE      3
HAZE                      2

-  INDICATES NEGATIVE NUMBERS.
R  INDICATES RECORD WAS SET OR TIED.
MM INDICATES DATA IS MISSING.
T  INDICATES TRACE AMOUNT.
...................................

...THE SCOTTSBLUFF NE AIRPORT CLIMATE SUMMARY FOR THE MONTH OF MAY 2015...

CLIMATE NORMAL PERIOD 1981 TO 2010
CLIMATE RECORD PERIOD 1871 TO 2015

WEATHER         OBSERVED          NORMAL  DEPART  LAST YEAR`S
                 VALUE   DATE(S)  VALUE   FROM    VALUE
                                          NORMAL
.............................................................
TEMPERATURE (F)
RECORD
 HIGH             103   05/29/2003
 LOW               15   05/12/1983
                        05/03/1907
                        05/02/1898
HIGHEST            83   05/02        71      12       92
LOWEST             29   05/11        44     -15       27
AVG. MAXIMUM     63.9              71.6    -7.7     71.7
AVG. MINIMUM     42.8              42.9    -0.1     43.0
MEAN             53.4              57.3    -3.9     57.4
DAYS MAX >= 90      0               1.0    -1.0        2
DAYS MAX <= 32      0               0.0     0.0        0
DAYS MIN <= 32      3               1.9     1.1        7
DAYS MIN <= 0       0               0.0     0.0        0

PRECIPITATION (INCHES)
RECORD
 MAXIMUM         7.72   1899
 MINIMUM            T   2011
TOTALS           7.95R             2.48    5.47     4.08
DAYS >= .01        17              11.4     5.6       17
DAYS >= .10        12               6.0     6.0        8
DAYS >= .50         5               1.4     3.6        2
DAYS >= 1.00        1               0.4     0.6        2
GREATEST
 24 HR. TOTAL    3.04   05/09 TO 05/10

DEGREE_DAYS
HEATING TOTAL     352               262      90      259
 SINCE 7/1       6156              6555    -399     6619
COOLING TOTAL       0                21     -21       27
 SINCE 1/1          0                23     -23       27
..............................................................

WIND (MPH)
AVERAGE WIND SPEED              10.4
HIGHEST WIND SPEED/DIRECTION    33/130    DATE  05/15
HIGHEST GUST SPEED/DIRECTION    41/120    DATE  05/15

SKY COVER
POSSIBLE SUNSHINE (PERCENT)   MM
AVERAGE SKY COVER           0.60
NUMBER OF DAYS FAIR            8
NUMBER OF DAYS PC             12
NUMBER OF DAYS CLOUDY         11

AVERAGE RH (PERCENT)     72

WEATHER CONDITIONS. NUMBER OF DAYS WITH
THUNDERSTORM              0     MIXED PRECIP               0
HEAVY RAIN                4     RAIN                       7
LIGHT RAIN               18     FREEZING RAIN              0
LT FREEZING RAIN          0     HAIL                       0
HEAVY SNOW                0     SNOW                       2
LIGHT SNOW                4     SLEET                      0
FOG                      18     FOG W/VIS <= 1/4 MILE      4
HAZE                      4

-  INDICATES NEGATIVE NUMBERS.
R  INDICATES RECORD WAS SET OR TIED.
MM INDICATES DATA IS MISSING.
T  INDICATES TRACE AMOUNT.
...................................

...THE SIDNEY NE AIRPORT CLIMATE SUMMARY FOR THE MONTH OF MAY 2015...

CLIMATE NORMAL PERIOD 1981 TO 2010
CLIMATE RECORD PERIOD 1948 TO 2015

WEATHER         OBSERVED          NORMAL  DEPART  LAST YEAR`S
                 VALUE   DATE(S)  VALUE   FROM    VALUE
                                          NORMAL
.............................................................
TEMPERATURE (F)
RECORD
 HIGH              98   05/22/2012
 LOW               16   05/09/2002
HIGHEST            80   05/31        MM      MM       88
LOWEST             29   05/11        MM      MM       27
                        05/10
                        05/09
AVG. MAXIMUM     62.5              71.6    -9.1     71.1
AVG. MINIMUM     41.7              43.6    -1.9     42.4
MEAN             52.1              57.6    -5.5     56.7
DAYS MAX >= 90      0               1.0    -1.0        0
DAYS MAX <= 32      0               0.0     0.0        0
DAYS MIN <= 32      6               1.6     4.4        7
DAYS MIN <= 0       0               0.0     0.0        0

PRECIPITATION (INCHES)
RECORD
 MAXIMUM         7.88   1961
 MINIMUM         0.00   2011
TOTALS           7.99R             3.09    4.90     3.00
DAYS >= .01        20              11.8     8.2       13
DAYS >= .10        14               5.8     8.2        7
DAYS >= .50         3               1.8     1.2        3
DAYS >= 1.00        2               0.5     1.5        0
GREATEST
 24 HR. TOTAL    3.11   05/09 TO 05/09

DEGREE_DAYS
HEATING TOTAL     391               250     141      267
 SINCE 7/1       6299              6162     137     6575
COOLING TOTAL       0                21     -21       16
 SINCE 1/1          0                22     -22       16
..............................................................

WIND (MPH)
AVERAGE WIND SPEED              11.3
HIGHEST WIND SPEED/DIRECTION    36/160    DATE  05/15
HIGHEST GUST SPEED/DIRECTION    46/160    DATE  05/15

SKY COVER
POSSIBLE SUNSHINE (PERCENT)   MM
AVERAGE SKY COVER           0.60
NUMBER OF DAYS FAIR            9
NUMBER OF DAYS PC             11
NUMBER OF DAYS CLOUDY         11

AVERAGE RH (PERCENT)     76

WEATHER CONDITIONS. NUMBER OF DAYS WITH
THUNDERSTORM              0     MIXED PRECIP               0
HEAVY RAIN                2     RAIN                      11
LIGHT RAIN               21     FREEZING RAIN              0
LT FREEZING RAIN          0     HAIL                       0
HEAVY SNOW                2     SNOW                       2
LIGHT SNOW                4     SLEET                      0
FOG                      18     FOG W/VIS <= 1/4 MILE      9
HAZE                      0

-  INDICATES NEGATIVE NUMBERS.
R  INDICATES RECORD WAS SET OR TIED.
MM INDICATES DATA IS MISSING.
T  INDICATES TRACE AMOUNT.

$$
