968
CXUS55 KPUB 012104
CLMCOS


CLIMATE REPORT
NATIONAL WEATHER SERVICE PUEBLO
259 PM MDT MON AUG 1 2016

...................................

...THE COLORADO SPRINGS CO CLIMATE SUMMARY FOR THE MONTH OF JULY 2016...

CLIMATE NORMAL PERIOD 1981 TO 2010
CLIMATE RECORD PERIOD 1872 TO 2016

WEATHER         OBSERVED          NORMAL  DEPART  LAST YEAR`S
                 VALUE   DATE(S)  VALUE   FROM    VALUE  DATE(S)
                                          NORMAL
................................................................
TEMPERATURE (F)
RECORD
 HIGH             100   07/24/2003
                        07/13/1954
 LOW               37   07/04/1903
HIGHEST            96   07/16        85      11       90  07/23
                        07/19                             07/27
                        07/20
LOWEST             55   07/06        53       2       54  07/07
                        07/09                             07/10
                        07/15                             07/16
AVG. MAXIMUM     89.3              84.8     4.5     82.8
AVG. MINIMUM     59.7              56.9     2.8     57.7
MEAN             74.5              70.9     3.6     70.3
DAYS MAX >= 90     20               8.3    11.7
DAYS MAX <= 32      0               0.0     0.0
DAYS MIN <= 32      0               0.0     0.0
DAYS MIN <= 0       0               0.0     0.0

PRECIPITATION (INCHES)
RECORD
 MAXIMUM         6.59   1930
 MINIMUM         0.29   2008
TOTALS           3.04              2.84    0.20     3.14
DAILY AVG.       0.10              0.09    0.01
DAYS >= .01        11              11.5    -0.5
DAYS >= .10         8               6.1     1.9
DAYS >= .50         2               1.4     0.6
DAYS >= 1.00        1               0.7     0.3
GREATEST
 24 HR. TOTAL    1.17   07/28                       1.53

SNOWFALL (INCHES)
RECORDS
 TOTAL              T   2015
                        2014
                        2013
TOTALS              TR              0.0     0.0        T
SINCE 7/1           T               0.0     0.0        T
SNOWDEPTH AVG.      0
DAYS >= 1.0         0               0.0     0.0
GREATEST
 SNOW DEPTH         0                                  0
 24 HR TOTAL        T   07/07                          T
                        07/14
                        07/28

DEGREE_DAYS
HEATING TOTAL       0                10     -10       10
 SINCE 7/1          0                10     -10       10
COOLING TOTAL     299               191     108      182
 SINCE 1/1        482               284     198      304
.................................................................

WIND (MPH)
AVERAGE WIND SPEED              9.0
HIGHEST WIND SPEED/DIRECTION    41/180    DATE  07/28
HIGHEST GUST SPEED/DIRECTION    56/180    DATE  07/28

SKY COVER
POSSIBLE SUNSHINE (PERCENT)   MM
AVERAGE SKY COVER           0.50
NUMBER OF DAYS FAIR            7
NUMBER OF DAYS PC             22
NUMBER OF DAYS CLOUDY          2

AVERAGE RH (PERCENT)     47

WEATHER CONDITIONS. NUMBER OF DAYS WITH
THUNDERSTORM             20     MIXED PRECIP               0
HEAVY RAIN                6     RAIN                      10
LIGHT RAIN               20     FREEZING RAIN              0
LT FREEZING RAIN          0     HAIL                       3
HEAVY SNOW                0     SNOW                       0
LIGHT SNOW                0     SLEET                      0
FOG                       6     FOG W/VIS <= 1/4 MILE      2
HAZE                      3

-  INDICATES NEGATIVE NUMBERS.
R  INDICATES RECORD WAS SET OR TIED.
MM INDICATES DATA IS MISSING.
T  INDICATES TRACE AMOUNT.

$$
