000
CXUS42 KFFC 020225
CLMCSG


CLIMATE REPORT
NATIONAL WEATHER SERVICE PEACHTREE CITY GA
1024 PM EDT TUE SEP 1 2015

...................................

...THE COLUMBUS CLIMATE SUMMARY FOR THE MONTH OF AUGUST 2015...

CLIMATE NORMAL PERIOD 1981 TO 2010
CLIMATE RECORD PERIOD 1948 TO 2015

WEATHER         OBSERVED          NORMAL  DEPART  LAST YEAR`S
                 VALUE   DATE(S)  VALUE   FROM    VALUE  DATE(S)
                                          NORMAL
................................................................
TEMPERATURE (F)
RECORD
 HIGH             104   08/10/2007
                        08/18/2000
                        07/13/1980
 LOW               57   08/28/1952
                        08/05/1950
HIGHEST            99   08/04        MM      MM       98  08/23
                                                          08/22
LOWEST             63   08/26        MM      MM       65  08/28
                                                          08/15
                                                          08/14
AVG. MAXIMUM     90.9              91.4    -0.5     92.2
AVG. MINIMUM     72.3              72.4    -0.1     70.7
MEAN             81.6              81.9    -0.3     81.5
DAYS MAX >= 90     20              20.4    -0.4       22
DAYS MAX <= 32      0               0.0     0.0        0
DAYS MIN <= 32      0               0.0     0.0        0
DAYS MIN <= 0       0               0.0     0.0        0

PRECIPITATION (INCHES)
RECORD
 MAXIMUM        10.11   1991
 MINIMUM         1.47   2002
TOTALS           7.50              3.77    3.73     1.69
DAILY AVG.       0.24              0.12    0.12     0.05
DAYS >= .01        12              10.7     1.3       12
DAYS >= .10        11               6.1     4.9        5
DAYS >= .50         4               2.3     1.7        1
DAYS >= 1.00        1               1.0     0.0        0
GREATEST
 24 HR. TOTAL    3.80   08/06 TO 08/06           08/09 TO 08/10
                                                          08/31 TO 08/31
                                                          08/31 TO 08/31

DEGREE_DAYS
HEATING TOTAL       0                 0       0        0
 SINCE 7/1          0                 0       0        0
COOLING TOTAL     520               524      -4      518
 SINCE 1/1       2027              1872     155     1795
..................................................

WIND (MPH)
AVERAGE WIND SPEED              4.9
HIGHEST WIND SPEED/DIRECTION    28/080    DATE  08/03
HIGHEST GUST SPEED/DIRECTION    33/030    DATE  08/06

SKY COVER
POSSIBLE SUNSHINE (PERCENT)   MM
AVERAGE SKY COVER           0.30
NUMBER OF DAYS FAIR           19
NUMBER OF DAYS PC             12
NUMBER OF DAYS CLOUDY          0

AVERAGE RH (PERCENT)     68

WEATHER CONDITIONS. NUMBER OF DAYS WITH
THUNDERSTORM              0     MIXED PRECIP               0
HEAVY RAIN               10     RAIN                       6
LIGHT RAIN               11     FREEZING RAIN              0
LT FREEZING RAIN          0     HAIL                       0
HEAVY SNOW                0     SNOW                       0
LIGHT SNOW                0     SLEET                      0
FOG                      14     FOG W/VIS <= 1/4 MILE      1
HAZE                      3

-  INDICATES NEGATIVE NUMBERS.
R  INDICATES RECORD WAS SET OR TIED.
MM INDICATES DATA IS MISSING.
T  INDICATES TRACE AMOUNT.

$$
