169
CXUS56 KSGX 011723
CLMCZZ


CLIMATE REPORT
NATIONAL WEATHER SERVICE SAN DIEGO, CA
1023 AM PDT THU JUN 1 2017

...................................

...THE CAMPO ASOS CA CLIMATE SUMMARY FOR THE MONTH OF MAY 2017...

CLIMATE NORMAL PERIOD 1981 TO 2010
CLIMATE RECORD PERIOD 1948 TO 2017

WEATHER         OBSERVED          NORMAL  DEPART  LAST YEAR`S
                 VALUE   DATE(S)  VALUE   FROM    VALUE  DATE(S)
                                          NORMAL
................................................................
TEMPERATURE (F)
RECORD
 HIGH             102   05/28/2003
                        05/29/1984
 LOW               25   05/06/1975
HIGHEST            96   05/23        78      18       90  05/12
LOWEST             36   05/01        41      -5       30  05/22
AVG. MAXIMUM     75.6              79.7    -4.1     72.3
AVG. MINIMUM     44.0              41.8     2.2     43.8
MEAN             59.8              60.7    -0.9     58.1
DAYS MAX >= 90      5               4.7     0.3        1
DAYS MAX <= 32      0               0.0     0.0        0
DAYS MAX >= 100     0                                  0
DAYS MIN <= 32      0               1.3    -1.3        1
DAYS MIN <= 0       0               0.0     0.0        0

PRECIPITATION (INCHES)
RECORD
 MAXIMUM         2.60   1957
 MINIMUM         0.00   2012
                        2010
                        2009
TOTALS           0.89              0.18    0.71     0.14
DAILY AVG.       0.03              0.01    0.02     0.00
DAYS >= .01         5               1.5     3.5        2
DAYS >= .10         1               0.5     0.5        1
DAYS >= .50         1               0.1     0.9        0
DAYS >= 1.00        0               0.0     0.0        0
DAYS >= 1.50        0                                  0
DAYS >= 2.00        0                                  0
GREATEST
 24 HR. TOTAL    0.68   05/07 TO 05/07           05/05 TO 05/06
                                                          05/31 TO 05/31
                                                          05/31 TO 05/31
 STORM TOTAL       MM                                 MM
 (MM/DD(HH))            MM                    05/06(00) TO 05/06(00)
                                                 05/31(00) TO 05/31(00)1
                                                 05/31(00) TO 05/31(00)1

DEGREE_DAYS
HEATING TOTAL     179               159      20      211
 SINCE 7/1       2667              2927    -260     2768
COOLING TOTAL      25                27      -2        3
 SINCE 1/1         27                30      -3        3

FREEZE DATES
RECORD
 EARLIEST     08/25/1978
 LATEST       06/23/1991
EARLIEST                        10/16
LATEST                          05/19
..................................................

WIND (MPH)
AVERAGE WIND SPEED              8.4
RESULTANT WIND SPEED/DIRECTION   4/230
HIGHEST WIND SPEED/DIRECTION    29/240    DATE  05/06
HIGHEST GUST SPEED/DIRECTION    37/070    DATE  05/19

AVERAGE RH (PERCENT)     63


-  INDICATES NEGATIVE NUMBERS.
R  INDICATES RECORD WAS SET OR TIED.
MM INDICATES DATA IS MISSING.
T  INDICATES TRACE AMOUNT.

$$
