000
CXUS51 KRNK 010947
CLMDAN


CLIMATE REPORT
NATIONAL WEATHER SERVICE BLACKSBURG VA
543 AM EDT FRI JUL 1 2016

...................................

...THE DANVILLE VA CLIMATE SUMMARY FOR THE MONTH OF JUNE 2016...

CLIMATE NORMAL PERIOD 1981 TO 2010
CLIMATE RECORD PERIOD 1948 TO 2016

WEATHER         OBSERVED          NORMAL  DEPART  LAST YEAR`S
                 VALUE   DATE(S)  VALUE   FROM    VALUE
                                          NORMAL
.............................................................
TEMPERATURE (F)
RECORD
 HIGH             104   06/29/2012
 LOW               40   06/11/1977
HIGHEST            94   06/12                         95
LOWEST             48   06/09                         57
AVG. MAXIMUM     85.5              84.6     0.9     87.6
AVG. MINIMUM     62.4              65.0    -2.6     66.8
MEAN             73.9              74.8    -0.9     77.2
DAYS MAX >= 90      4               5.9    -1.9       16
DAYS MAX <= 32      0               0.0     0.0        0
DAYS MIN <= 32      0               0.0     0.0        0
DAYS MIN <= 0       0               0.0     0.0        0

PRECIPITATION (INCHES)
RECORD
 MAXIMUM        14.60   1995
 MINIMUM         1.06   2008
TOTALS           7.70              3.85    3.85     8.12
DAILY AVG.       0.26              0.13    0.13     0.27
DAYS >= .01        13               9.5     3.5       15
DAYS >= .10        11               6.3     4.7        9
DAYS >= .50         6               2.6     3.4        8
DAYS >= 1.00        3               0.8     2.2        3
GREATEST
 24 HR. TOTAL    1.82                               1.94

SNOWFALL (INCHES)
TOTALS            0.0                                0.0
DAYS >= TRACE       0                                  0
DAYS >= 1.0         0                                  0
GREATEST
 24 HR TOTAL      0.0                                0.0

DEGREE_DAYS
HEATING TOTAL       0                 3      -3        5
COOLING TOTAL     276               297     -21      378
..............................................................

WIND (MPH)
AVERAGE WIND SPEED              4.7
HIGHEST WIND SPEED/DIRECTION    33/060    DATE  06/23
HIGHEST GUST SPEED/DIRECTION    45/060    DATE  06/23

SKY COVER
AVERAGE SKY COVER           0.20

AVERAGE RH (PERCENT)     73

WEATHER CONDITIONS. NUMBER OF DAYS WITH
THUNDERSTORM             10     MIXED PRECIP               0
HEAVY RAIN                8     RAIN                       8
LIGHT RAIN               15     FREEZING RAIN              0
LT FREEZING RAIN          0     HAIL                       0
HEAVY SNOW                0     SNOW                       0
LIGHT SNOW                0     SLEET                      0
FOG                      14     FOG W/VIS <= 1/4 MILE      5
HAZE                      0

-  INDICATES NEGATIVE NUMBERS.
R  INDICATES RECORD WAS SET OR TIED.
MM INDICATES DATA IS MISSING.
T  INDICATES TRACE AMOUNT.

$$

PW
