000
CXUS51 KRNK 010956 CCA
CLMDAN

CLIMATE REPORT
NATIONAL WEATHER SERVICE BLACKSBURG VA
540 AM EDT MON SEP 1 2014

...................................

...THE DANVILLE VA CLIMATE SUMMARY FOR THE MONTH OF AUGUST 2014...

CLIMATE NORMAL PERIOD 1981 TO 2010
CLIMATE RECORD PERIOD 1948 TO 2014

WEATHER         OBSERVED          NORMAL  DEPART  LAST YEAR`S
                 VALUE   DATE(S)  VALUE   FROM    VALUE
                                          NORMAL
.............................................................
TEMPERATURE (F)
RECORD
 HIGH             105   08/23/1983
 LOW               46   08/09/1989
HIGHEST            91   08/31                -2
                        08/28
LOWEST             57   08/27                -5
                        08/26
                        08/14
AVG. MAXIMUM     82.9              86.2    -3.3     84.1
AVG. MINIMUM     66.0              67.9    -1.9     66.0
MEAN             74.5              77.0    -2.5     75.0
DAYS MAX >= 90      2               8.2    -6.2
DAYS MAX <= 32      0               0.0     0.0
DAYS MIN <= 32      0               0.0     0.0
DAYS MIN <= 0       0               0.0     0.0

PRECIPITATION (INCHES)
RECORD
 MAXIMUM         9.63   1996
 MINIMUM         0.60   2007
TOTALS           6.23              3.97    2.26     3.66
DAILY AVG.       0.20              0.13    0.07     0.12
DAYS >= .01        14               9.0     5.0
DAYS >= .10         9               6.0     3.0
DAYS >= .50         4               2.4     1.6
DAYS >= 1.00        2               1.1     0.9
GREATEST
 24 HR. TOTAL    2.39   08/08 TO 08/09

SNOWFALL (INCHES)
TOTALS            0.0                                0.0
SINCE 7/1         0.0
SNOWDEPTH AVG.      0
DAYS >= 1.0         0
GREATEST
 SNOW DEPTH         0

DEGREE_DAYS
HEATING TOTAL       0                 0       0
 SINCE 7/1          0                 0       0
COOLING TOTAL     300               374     -74
 SINCE 1/1       1189              1227     -38
..............................................................

WIND (MPH)
AVERAGE WIND SPEED              3.5
HIGHEST WIND SPEED/DIRECTION    18/320    DATE  08/21
HIGHEST GUST SPEED/DIRECTION    24/310    DATE  08/21

SKY COVER
POSSIBLE SUNSHINE (PERCENT)   MM
AVERAGE SKY COVER           0.50
NUMBER OF DAYS FAIR           14
NUMBER OF DAYS PC             11
NUMBER OF DAYS CLOUDY          6

AVERAGE RH (PERCENT)     76

WEATHER CONDITIONS. NUMBER OF DAYS WITH
THUNDERSTORM              5     MIXED PRECIP               0
HEAVY RAIN                5     RAIN                       7
LIGHT RAIN               16     FREEZING RAIN              0
LT FREEZING RAIN          0     HAIL                       0
HEAVY SNOW                0     SNOW                       0
LIGHT SNOW                0     SLEET                      0
FOG                      24     FOG W/VIS <= 1/4 MILE      4
HAZE                      3

-  INDICATES NEGATIVE NUMBERS.
R  INDICATES RECORD WAS SET OR TIED.
MM INDICATES DATA IS MISSING.
T  INDICATES TRACE AMOUNT.

$$
