000
CXUS54 KFWD 010847
CLMDFW


CLIMATE REPORT
NATIONAL WEATHER SERVICE FORT WORTH TX
343 AM CDT MON MAY 1 2017

...................................

...THE DALLAS FORT WORTH CLIMATE SUMMARY FOR THE MONTH OF APRIL 2017...

CLIMATE NORMAL PERIOD 1981 TO 2010
CLIMATE RECORD PERIOD 1898 TO 2017

WEATHER         OBSERVED          NORMAL  DEPART  LAST YEAR`S
                 VALUE   DATE(S)  VALUE   FROM    VALUE  DATE(S)
                                          NORMAL
................................................................
TEMPERATURE (F)
RECORD
 HIGH             101   04/17/2006
 LOW               29   04/11/1989
HIGHEST            91   04/29        89       2       89  04/11
LOWEST             46   04/27        38       8       43  04/03
AVG. MAXIMUM     79.8              76.3     3.5     78.2
AVG. MINIMUM     58.7              54.8     3.9     58.1
MEAN             69.3              65.5     3.8     68.1
DAYS MAX >= 90      1               0.7     0.3        0
DAYS MAX <= 32      0               0.0     0.0        0
DAYS MAX >= 100     0                                  0
DAYS MIN <= 32      0               0.1    -0.1        0
DAYS MIN <= 0       0               0.0     0.0        0
DAYS MIN >= 80      0                                  0

PRECIPITATION (INCHES)
RECORD
 MAXIMUM        17.64   1922
 MINIMUM         0.11   1987
TOTALS           3.38              3.07    0.31     4.60
DAILY AVG.       0.11              0.10    0.01     0.15
DAYS >= .01         6               6.6    -0.6       10
DAYS >= .10         4               4.3    -0.3        5
DAYS >= .50         2               2.2    -0.2        4
DAYS >= 1.00        1               1.0     0.0        2
GREATEST
 24 HR. TOTAL    2.14   04/02 TO 04/02              2.39

SNOWFALL (INCHES)
RECORDS
 TOTAL              T   2007
                        1938
                        1928
 24 HR TOTAL        T   04/07/2007 TO 04/07/2007
                        04/07/1938 TO 04/08/1938
                        04/14/1928 TO 04/14/1928
TOTALS            0.0               0.0     0.0      0.0
SINCE 7/1         0.1               1.6    -1.5        T
SNOWDEPTH AVG.      0                MM      MM        0
DAYS >= TRACE       0                                  0
DAYS >= 1.0         0               0.0     0.0        0
GREATEST
 SNOW DEPTH         0   MM                             0  MM
 24 HR TOTAL      0.0   04/30 TO 04/30               0.0

DEGREE_DAYS
HEATING TOTAL      24                83     -59       27
 SINCE 7/1       1305              2276    -971     1580
COOLING TOTAL     160                99      61      131
 SINCE 1/1        351               138     213      172
.................................................................

WIND (MPH)
AVERAGE WIND SPEED              13.2
HIGHEST WIND SPEED/DIRECTION    37/270    DATE  04/30
HIGHEST GUST SPEED/DIRECTION    47/270    DATE  04/30

SKY COVER
POSSIBLE SUNSHINE (PERCENT)   MM
AVERAGE SKY COVER           0.60
NUMBER OF DAYS FAIR            4
NUMBER OF DAYS PC             14
NUMBER OF DAYS CLOUDY         11

AVERAGE RH (PERCENT)     67

WEATHER CONDITIONS. NUMBER OF DAYS WITH
THUNDERSTORM              9     MIXED PRECIP               0
HEAVY RAIN                3     RAIN                       5
LIGHT RAIN               11     FREEZING RAIN              0
LT FREEZING RAIN          0     HAIL                       0
HEAVY SNOW                0     SNOW                       0
LIGHT SNOW                0     SLEET                      0
FOG                       7     FOG W/VIS <= 1/4 MILE      0
HAZE                      1

-  INDICATES NEGATIVE NUMBERS.
R  INDICATES RECORD WAS SET OR TIED.
MM INDICATES DATA IS MISSING.
T  INDICATES TRACE AMOUNT.

$$
