000
CXUS54 KAMA 011322
CLMDHT


CLIMATE REPORT
NATIONAL WEATHER SERVICE AMARILLO TX
822 AM CDT WED JUL 1 2015

...................................

...THE DALHART CLIMATE SUMMARY FOR THE MONTH OF JUNE 2015...

CLIMATE NORMAL PERIOD 1981 TO 2010
CLIMATE RECORD PERIOD 1894 TO 2015

WEATHER         OBSERVED          NORMAL  DEPART  LAST YEAR`S
                 VALUE   DATE(S)  VALUE   FROM    VALUE  DATE(S)
                                          NORMAL
................................................................
TEMPERATURE (F)
RECORD
 HIGH             110   06/26/2011
 LOW               40   06/10/1955
HIGHEST           100   06/22                        100  06/30
LOWEST             55   06/02                         48  06/10
AVG. MAXIMUM     90.6              87.4     3.2     88.4
AVG. MINIMUM     61.1              57.8     3.3     60.8
MEAN             75.8              72.6     3.2     74.6
DAYS MAX >= 90     18              12.3     5.7       16
DAYS MAX <= 32      0               0.0     0.0        0
DAYS MIN <= 32      0               0.0     0.0        0
DAYS MIN <= 0       0               0.0     0.0        0

PRECIPITATION (INCHES)
TOTALS           0.85              2.30   -1.45     3.77
DAILY AVG.       0.03              0.08   -0.05     0.13
DAYS >= .01         6               8.0    -2.0        8
DAYS >= .10         2               4.7    -2.7        5
DAYS >= .50         0               1.4    -1.4        3
DAYS >= 1.00        0               0.4    -0.4        2
GREATEST
 24 HR. TOTAL    0.33   06/18 TO 06/18

SNOWFALL (INCHES)
TOTALS            0.0               0.0     0.0      0.0
SINCE 7/1        34.1              18.9    15.2     17.4
DAYS >= TRACE       0               0.0     0.0
DAYS >= 1.0         0               0.0     0.0        0
GREATEST
 SNOW DEPTH         0   MM
 24 HR TOTAL      0.0   06/30 TO 06/30

DEGREE_DAYS
HEATING TOTAL       0                12     -12        4
 SINCE 7/1       4158              4729    -571     4597
COOLING TOTAL     333               240      93      296
 SINCE 1/1        355               312      43      416
.................................................................

WIND (MPH)
AVERAGE WIND SPEED              11.5
HIGHEST WIND SPEED/DIRECTION    44/240    DATE  06/05
HIGHEST GUST SPEED/DIRECTION    59/230    DATE  06/05

SKY COVER
POSSIBLE SUNSHINE (PERCENT)   MM
NUMBER OF DAYS FAIR           28
NUMBER OF DAYS PC              2
NUMBER OF DAYS CLOUDY          0

AVERAGE RH (PERCENT)     58

WEATHER CONDITIONS. NUMBER OF DAYS WITH
THUNDERSTORM              0     MIXED PRECIP               0
HEAVY RAIN                1     RAIN                       4
LIGHT RAIN               10     FREEZING RAIN              0
LT FREEZING RAIN          0     HEAVY SNOW                 0
SNOW                      0     LIGHT SNOW                 0
SLEET                     0     FOG                        9
FOG W/VIS <= 1/4 MILE     1     HAZE                       5

-  INDICATES NEGATIVE NUMBERS.
R  INDICATES RECORD WAS SET OR TIED.
MM INDICATES DATA IS MISSING.
T  INDICATES TRACE AMOUNT.

$$
