000
CXUS55 KGJT 012018 CCB
CLMDRO

CLIMATE REPORT...COR TO THUNDERSTORM AND SNOWFALL DAYS
NATIONAL WEATHER SERVICE GRAND JUNCTION CO
117 PM MST THU DEC 1 2016

...................................

...THE DURANGO AIRPORT CO CLIMATE SUMMARY FOR THE MONTH OF NOVEMBER
2016...

CLIMATE NORMAL PERIOD 1981 TO 2010
CLIMATE RECORD PERIOD 9999 TO 9999

WEATHER         OBSERVED          NORMAL  DEPART  LAST YEAR`S
                 VALUE   DATE(S)  VALUE   FROM    VALUE  DATE(S)
                                          NORMAL
................................................................
TEMPERATURE (F)
HIGHEST            65   11/15        MM      MM       65  11/02
                        11/02
LOWEST             10   11/30        MM      MM       10  11/30
AVG. MAXIMUM     52.5              49.1     3.4     49.4
AVG. MINIMUM     25.8              21.9     3.9     20.4
MEAN             39.2              35.5     3.7     34.9
DAYS MAX >= 90      0               0.0     0.0        0
DAYS MAX <= 32      2               1.4     0.6        1
DAYS MIN <= 32     25              28.3    -3.3       30
DAYS MIN <= 0       0               0.0     0.0        0

PRECIPITATION (INCHES)
TOTALS           2.11              1.68    0.43     1.41
DAILY AVG.       0.07              0.06    0.01     0.05
DAYS >= .01         7                MM      MM        7
DAYS >= .10         4                MM      MM        3
DAYS >= .50         1                MM      MM        1
DAYS >= 1.00        1                MM      MM        0
GREATEST
 24 HR. TOTAL    1.12   11/21 TO 11/21              0.65

SNOWFALL (INCHES)
TOTALS             MM                MM      MM       MM
SINCE 7/1          MM                MM      MM       MM
SNOWDEPTH AVG.     MM                MM      MM       MM
DAYS >= 1.0        MM                MM      MM       MM
GREATEST
 SNOW DEPTH        MM                                 MM  MM
 24 HR TOTAL       MM                                 MM

DEGREE_DAYS
HEATING TOTAL     767               885    -118      896
 SINCE 7/1       1471              1673    -202     1450
COOLING TOTAL       0                 0       0        0
 SINCE 1/1        319               243      76      262
.................................................................

WIND (MPH)
AVERAGE WIND SPEED              5.3
HIGHEST WIND SPEED/DIRECTION    36/270    DATE  11/17
HIGHEST GUST SPEED/DIRECTION    45/230    DATE  11/27

SKY COVER
POSSIBLE SUNSHINE (PERCENT)   MM
AVERAGE SKY COVER           0.30
NUMBER OF DAYS FAIR           19
NUMBER OF DAYS PC              8
NUMBER OF DAYS CLOUDY          3

AVERAGE RH (PERCENT)     62

WEATHER CONDITIONS. NUMBER OF DAYS WITH
THUNDERSTORM              2     MIXED PRECIP               0
HEAVY RAIN                1     RAIN                       4
LIGHT RAIN                8     FREEZING RAIN              0
LT FREEZING RAIN          0     HAIL                       0
HEAVY SNOW                0     SNOW                       1
LIGHT SNOW                6     SLEET                      0
FOG                      11     FOG W/VIS <= 1/4 MILE      1
HAZE                      0

-  INDICATES NEGATIVE NUMBERS.
R  INDICATES RECORD WAS SET OR TIED.
MM INDICATES DATA IS MISSING.
T  INDICATES TRACE AMOUNT.

$$
