000
CXUS54 KEWX 022044
CLMDRT

SATCLMDRT 000
TTAA00 KEWX 022017


CLIMATE REPORT
NATIONAL WEATHER SERVICE AUSTIN/SAN ANTONIO, TX
344 PM CDT SAT JUL 2 2016

...................................

...THE DEL RIO CLIMATE SUMMARY FOR THE MONTH OF JUNE 2016...

CLIMATE NORMAL PERIOD 1981 TO 2010
CLIMATE RECORD PERIOD 1906 TO 2016

WEATHER         OBSERVED          NORMAL  DEPART  LAST YEAR`S
                 VALUE   DATE(S)  VALUE   FROM    VALUE  DATE(S)
                                          NORMAL
................................................................
TEMPERATURE (F)
HIGHEST           101   06/18                         94  06/26
                        06/15                             06/17
                        06/13                             06/11
LOWEST             61   06/06                         67  06/01
AVG. MAXIMUM     95.6              94.7     0.9     90.7
AVG. MINIMUM     72.6              73.4    -0.8     72.3
MEAN             84.1              84.0     0.1     81.5
DAYS MAX >= 90     27                                 24
DAYS MAX <= 32      0                                  0
DAYS MIN <= 32      0                                  0
DAYS MIN <= 0       0                                  0

PRECIPITATION (INCHES)
TOTALS           2.92              2.35    0.57     3.48
DAILY AVG.       0.10              0.08    0.02     0.12
DAYS >= .01         6                                 11
DAYS >= .10         4                                  7
DAYS >= .50         1                                  2
DAYS >= 1.00        1                                  2
GREATEST
 24 HR. TOTAL    2.36   06/01 TO 06/02

SNOWFALL (INCHES)
TOTALS            0.0               0.0     0.0      0.0
SINCE 7/1           T               1.2    -1.2      0.0

DEGREE_DAYS
HEATING TOTAL       0                 0       0        0
 SINCE 7/1       1050              1376    -326     1475
COOLING TOTAL     579               571       8      501
 SINCE 1/1       1305              1330     -25     1181
.................................................................

WIND (MPH)
AVERAGE WIND SPEED              9.7
HIGHEST WIND SPEED/DIRECTION    38/320    DATE  06/01
HIGHEST GUST SPEED/DIRECTION    55/320    DATE  06/01

SKY COVER
POSSIBLE SUNSHINE (PERCENT)   MM
AVERAGE SKY COVER           0.20
NUMBER OF DAYS FAIR           25
NUMBER OF DAYS PC              5
NUMBER OF DAYS CLOUDY          0

AVERAGE RH (PERCENT)     63

WEATHER CONDITIONS. NUMBER OF DAYS WITH
THUNDERSTORM              0     MIXED PRECIP               0
HEAVY RAIN                2     RAIN                       4
LIGHT RAIN                8     FREEZING RAIN              0
LT FREEZING RAIN          0     HAIL                       0
HEAVY SNOW                0     SNOW                       0
LIGHT SNOW                0     SLEET                      0
FOG                       7     FOG W/VIS <= 1/4 MILE      1
HAZE                      5

-  INDICATES NEGATIVE NUMBERS.
R  INDICATES RECORD WAS SET OR TIED.
MM INDICATES DATA IS MISSING.
T  INDICATES TRACE AMOUNT.

&&

MONTHLY CLIMATE SUMMARY:
JUNE 2016 WAS THE 35TH WARMEST AND 40TH WETTEST JUNE
SINCE RECORD KEEPING BEGAN.

SEA LEVEL PRESSURE DATA:
HIGHEST SLP 30.15 INCHES ON THE 20TH
LOWEST  SLP 29.69 INCHES ON THE 14TH

PRELIMINARY LOCAL CLIMATOLOGICAL DATA (WS FORM: F-6)

                                          STATION:   DEL RIO
                                          MONTH:     JUNE
                                          YEAR:      2016
                                          LATITUDE:   29 22 N
                                          LONGITUDE: 100 55 W

  TEMPERATURE IN F:       :PCPN:    SNOW:  WIND      :SUNSHINE: SKY     :PK WND
================================================================================
1   2   3   4   5  6A  6B    7    8   9   10  11  12  13   14  15   16   17  18
                                     12Z  AVG MX 2MIN
DY MAX MIN AVG DEP HDD CDD  WTR  SNW DPTH SPD SPD DIR MIN PSBL S-S WX    SPD DR
================================================================================

 1  88  65  77  -5   0  12 2.26  0.0    0  6.9 38 320   M    M   5 12     55 320
 2  86  64  75  -7   0  10 0.10  0.0    0  8.4 28 330   M    M   1 1      40 330
 3  89  63  76  -6   0  11    T  0.0    0  5.2 17 310   M    M   4        21 320
 4  91  67  79  -4   0  14 0.00  0.0    0  8.1 16 330   M    M   2        23 300
 5  94  65  80  -3   0  15 0.00  0.0    0  6.3 16 340   M    M   1        22 340
 6  94  61  78  -5   0  13 0.00  0.0    0  3.7 13 340   M    M   0        16 340
 7  93  64  79  -4   0  14 0.00  0.0    0  4.5 12 140   M    M   0        16 130
 8  93  70  82  -1   0  17 0.00  0.0    0 10.2 18 120   M    M   1        25 120
 9  93  72  83  -1   0  18 0.00  0.0    0 11.2 20 100   M    M   2 8      27 100
10  94  74  84   0   0  19 0.01  0.0    0 12.2 18 100   M    M   5 1      25 100
11  93  77  85   1   0  20 0.00  0.0    0 11.4 18 120   M    M   5 18     27 130
12  96  77  87   3   0  22 0.00  0.0    0 10.4 21 140   M    M   3 8      29 150
13 101  78  90   6   0  25 0.00  0.0    0 10.9 20  90   M    M   2        27 100
14  98  79  89   5   0  24 0.00  0.0    0 11.2 20 110   M    M   2        27  90
15 101  78  90   6   0  25 0.00  0.0    0 12.0 22 140   M    M   1        29 140
16 100  78  89   5   0  24 0.00  0.0    0 13.1 22 150   M    M   1 8      28 140
17 100  76  88   4   0  23 0.00  0.0    0 11.5 16 140   M    M   3        25 140
18 101  79  90   6   0  25 0.00  0.0    0 10.7 17 100   M    M   1 1      24 100
19  96  78  87   2   0  22 0.00  0.0    0 10.1 18 320   M    M   2        27 110
20  95  75  85   0   0  20 0.00  0.0    0 10.0 22 120   M    M   4        28 120
21  96  74  85   0   0  20 0.00  0.0    0 10.2 21 160   M    M   1        26 150
22 100  75  88   3   0  23 0.00  0.0    0 12.0 24 160   M    M   0        31 150
23  98  76  87   2   0  22 0.00  0.0    0 14.0 24 150   M    M   0        35 150
24  96  76  86   1   0  21 0.00  0.0    0 11.8 22 120   M    M   2        29 130
25  98  70  84  -1   0  19 0.18  0.0    0 14.3 26  80   M    M   3 18     34  80
26  94  71  83  -2   0  18 0.31  0.0    0 11.3 21 100   M    M   7 1      29 100
27  92  76  84  -1   0  19    T  0.0    0  9.7 16 140   M    M   3        22 140
28  99  73  86   1   0  21 0.07  0.0    0  7.2 25  90   M    M   1        33  30
29  99  72  86   1   0  21 0.00  0.0    0  5.3 12 120   M    M   1        16 120
30  99  75  87   2   0  22 0.00  0.0    0  8.0 15 100   M    M   1        21 100
================================================================================
SM 2867 2178         0 579  2.93     0.0 291.8          M       64
================================================================================
AV 95.6 72.6                               9.7 FASTST   M    M   2    MAX(MPH)
                                 MISC ---->  # 38 320               # 55  320
================================================================================

NOTES:
# LAST OF SEVERAL OCCURRENCES

COLUMN 17 PEAK WIND IN M.P.H.

SYMBOLS USED IN COLUMN 16
1 = FOG OR MIST
2 = FOG REDUCING VISIBILITY
3 = THUNDER
4 = ICE PELLETS
5 = HAIL
6 = FREEZING RAIN OR DRIZZLE
7 = DUSTSTORM OR SANDSTORM:
8 = SMOKE OR HAZE
9 = BLOWING SNOW
X = TORNADO


$$
