000
CXUS52 KAKQ 012143
CLMECG


CLIMATE REPORT
NATIONAL WEATHER SERVICE WAKEFIELD, VA
540 PM EDT THU SEP 1 2016

...................................

...THE ELIZABETH CITY NC CLIMATE SUMMARY FOR THE MONTH OF AUGUST 2016...

CLIMATE NORMAL PERIOD 1981 TO 2010
CLIMATE RECORD PERIOD 1934 TO 2016

WEATHER         OBSERVED          NORMAL  DEPART  LAST YEAR`S
                 VALUE   DATE(S)  VALUE   FROM    VALUE  DATE(S)
                                          NORMAL
................................................................
TEMPERATURE (F)
RECORD
 HIGH             101   08/29/1948
 LOW               49   08/30/1965
HIGHEST            95   08/14        88       7       94  08/06
                                                          08/05
LOWEST             60   08/24        68      -8       59  08/15
AVG. MAXIMUM     89.1              86.6     2.5     86.2
AVG. MINIMUM     72.7              68.7     4.0     68.3
MEAN             80.9              77.6     3.3     77.3
DAYS MAX >= 90     12               8.2     3.8        6
DAYS MAX <= 32      0               0.0     0.0        0
DAYS MIN <= 32      0               0.0     0.0        0
DAYS MIN <= 0       0               0.0     0.0        0

PRECIPITATION (INCHES)
RECORD
 MAXIMUM           MM   MM
 MINIMUM           MM   MM
TOTALS           3.14              6.64   -3.50     2.45
DAILY AVG.       0.10              0.21   -0.11     0.08
DAYS >= .01         9              13.6    -4.6        8
DAYS >= .10         6               7.2    -1.2        5
DAYS >= .50         2               3.4    -1.4        1
DAYS >= 1.00        1               2.1    -1.1        0
GREATEST
 24 HR. TOTAL    1.34   08/01 TO 08/02

DEGREE_DAYS
HEATING TOTAL       0                 0       0        0
 SINCE 7/1          0                 0       0        0
COOLING TOTAL     501               392     109      385
 SINCE 1/1       1507              1296     211     1440
.................................................................

WIND (MPH)
AVERAGE WIND SPEED              7.6
HIGHEST WIND SPEED/DIRECTION    28/230    DATE  08/02
HIGHEST GUST SPEED/DIRECTION    32/250    DATE  08/02

SKY COVER
POSSIBLE SUNSHINE (PERCENT)   MM
AVERAGE SKY COVER           0.20

AVERAGE RH (PERCENT)     77

WEATHER CONDITIONS. NUMBER OF DAYS WITH
THUNDERSTORM             10     MIXED PRECIP               0
HEAVY RAIN                6     RAIN                       6
LIGHT RAIN               11     FREEZING RAIN              0
LT FREEZING RAIN          0     HAIL                       0
HEAVY SNOW                0     SNOW                       0
LIGHT SNOW                0     SLEET                      0
FOG                      11     FOG W/VIS <= 1/4 MILE      2
HAZE                      2

-  INDICATES NEGATIVE NUMBERS.
R  INDICATES RECORD WAS SET OR TIED.
MM INDICATES DATA IS MISSING.
T  INDICATES TRACE AMOUNT.

$$
